{"id":1894,"date":"2025-01-13T09:56:00","date_gmt":"2025-01-13T07:56:00","guid":{"rendered":"https:\/\/opus-folyoirat.sk\/?page_id=1894"},"modified":"2025-11-18T11:41:32","modified_gmt":"2025-11-18T09:41:32","slug":"kovacs-marianna-kesernyes-oszuto","status":"publish","type":"page","link":"https:\/\/opus-folyoirat.sk\/?page_id=1894","title":{"rendered":"Kov\u00e1cs Marianna"},"content":{"rendered":"\n<p class=\"has-medium-font-size\"><strong>Keserny\u00e9s \u0151szut\u00f3<\/strong><\/p>\n\n\n<div class=\"has-text-align-right wp-block-post-date\"><time datetime=\"2025-01-13T09:56:00+02:00\">2025-01-13<\/time><\/div>\n\n\n<p><\/p>\n\n\n\n<pre class=\"wp-block-verse\">m\u00e1r t\u00f6bb mint n\u00e9gy hete<br>bennem van ez a t\u00e9l<br>cs\u00faszk\u00e1l\u00e1s z\u00fazmara<br>j\u00e9ghideg<br><br>burj\u00e1nz\u00f3 herpeszek <br>tolakodnak sz\u00e1mon <br>piros helyett feh\u00e9r<br>zovirax \u2013<br><br>agg\u00f3dva k\u00e9rdezik<br>j\u00f3l vagy? f\u00e1radtnak t\u0171nsz<br>csak f\u00e1zom mondom s egy<br>f\u00e9lmosoly<br><br>r\u00e1z a hideg h\u00e1tam <br>vizes leped\u0151vel<br>takart egyre t\u00f6bbsz\u00f6r <br>\u00e9rzem \u00edgy<br><br>betegs\u00e9g k\u00far\u00e1lom<br>magam vitaminok <br>n\u00e9pi gy\u00f3gym\u00f3dok sor-<br>ra v\u00e1ltj\u00e1k<br><br>egym\u00e1st fogkr\u00e9m sz\u00e1r\u00edt<br>h\u00f3lyagost mi m\u00e1snap<br>m\u00e1shol \u00fajra ki\u00fct<br>feladom \u2013<br><br>hi\u00e1baval\u00f3 k\u00fcz-<br>delem a t\u00fcnettel<br>am\u00edg a b\u00e1nat el-<br>csendes\u00fcl.<br><br>Budapest, 2023. 11. 09.<br><\/pre>\n","protected":false},"excerpt":{"rendered":"<p>Keserny\u00e9s \u0151szut\u00f3 m\u00e1r t\u00f6bb mint n\u00e9gy hetebennem van ez a t\u00e9lcs\u00faszk\u00e1l\u00e1s z\u00fazmaraj\u00e9ghidegburj\u00e1nz\u00f3 herpeszek tolakodnak sz\u00e1mon piros helyett feh\u00e9rzovirax \u2013agg\u00f3dva k\u00e9rdezikj\u00f3l vagy? f\u00e1radtnak t\u0171nszcsak f\u00e1zom mondom s egyf\u00e9lmosolyr\u00e1z a hideg h\u00e1tam vizes leped\u0151veltakart egyre t\u00f6bbsz\u00f6r \u00e9rzem \u00edgybetegs\u00e9g k\u00far\u00e1lommagam vitaminok n\u00e9pi gy\u00f3gym\u00f3dok &hellip; <a href=\"https:\/\/opus-folyoirat.sk\/?page_id=1894\">Egy kattint\u00e1s ide a folytat\u00e1shoz&#8230;. <span class=\"meta-nav\">&rarr;<\/span><\/a><\/p>\n","protected":false},"author":4,"featured_media":0,"parent":20,"menu_order":0,"comment_status":"open","ping_status":"closed","template":"","meta":{"footnotes":""},"class_list":["post-1894","page","type-page","status-publish","hentry"],"_links":{"self":[{"href":"https:\/\/opus-folyoirat.sk\/index.php?rest_route=\/wp\/v2\/pages\/1894","targetHints":{"allow":["GET"]}}],"collection":[{"href":"https:\/\/opus-folyoirat.sk\/index.php?rest_route=\/wp\/v2\/pages"}],"about":[{"href":"https:\/\/opus-folyoirat.sk\/index.php?rest_route=\/wp\/v2\/types\/page"}],"author":[{"embeddable":true,"href":"https:\/\/opus-folyoirat.sk\/index.php?rest_route=\/wp\/v2\/users\/4"}],"replies":[{"embeddable":true,"href":"https:\/\/opus-folyoirat.sk\/index.php?rest_route=%2Fwp%2Fv2%2Fcomments&post=1894"}],"version-history":[{"count":5,"href":"https:\/\/opus-folyoirat.sk\/index.php?rest_route=\/wp\/v2\/pages\/1894\/revisions"}],"predecessor-version":[{"id":2941,"href":"https:\/\/opus-folyoirat.sk\/index.php?rest_route=\/wp\/v2\/pages\/1894\/revisions\/2941"}],"up":[{"embeddable":true,"href":"https:\/\/opus-folyoirat.sk\/index.php?rest_route=\/wp\/v2\/pages\/20"}],"wp:attachment":[{"href":"https:\/\/opus-folyoirat.sk\/index.php?rest_route=%2Fwp%2Fv2%2Fmedia&parent=1894"}],"curies":[{"name":"wp","href":"https:\/\/api.w.org\/{rel}","templated":true}]}}