{"id":1909,"date":"2025-01-04T15:58:00","date_gmt":"2025-01-04T13:58:00","guid":{"rendered":"https:\/\/opus-folyoirat.sk\/?page_id=1909"},"modified":"2025-11-18T11:37:47","modified_gmt":"2025-11-18T09:37:47","slug":"1909-2","status":"publish","type":"page","link":"https:\/\/opus-folyoirat.sk\/?page_id=1909","title":{"rendered":"Kiss B\u00e1lint B\u00e9la"},"content":{"rendered":"\n<p class=\"has-medium-font-size\"><strong>Visszaes\u00e9s<\/strong><\/p>\n\n\n\n<pre class=\"wp-block-preformatted\">Ujjak n\u0151ttek ujjaib\u00f3l.<br>Cukor\u00edz\u0171 volt a tenyere.<br>A pattan\u00e1sok, arc\u00e1n, h\u00e1t\u00e1n<br>Szinte \u00e9gtek. Lebegett.<br><br>Lebegett egy var\u00e1zsfelh\u0151n<br>(Dohos sz\u0151nyeg, Izrael).<br>Sz\u00ednei egym\u00e1sba folytak,<br>S j\u00f3 er\u0151sen nevetett.<br><br>Haja giliszt\u00e1k, l\u00e1ba agyag,<br>Form\u00e1zta, gyurm\u00e1zott vele.<br>L\u00e1bujjai, mint kis k\u00edgy\u00f3k<br>Siklottak szerte.<br><br>Eredt volna ut\u00e1nuk,<br>De l\u00e1b\u00e1b\u00f3l cser\u00e9p lett.<br>F\u00e9lt, ha r\u00e1\u00e1ll, sz\u00e9tt\u00f6rne.<br>Mozdulni se mert.<br><br>Nem is tudott volna,<br>B\u0151re r\u00e1ragadt a sz\u0151nyegre.<br>Csak fek\u00fcdt, mozdulatlan,<br>S sz\u00e9tfolyt a parketten.<\/pre>\n\n\n<div class=\"wp-block-post-date\"><time datetime=\"2025-01-04T15:58:00+02:00\">2025-01-04<\/time><\/div>\n\n\n<p><\/p>\n","protected":false},"excerpt":{"rendered":"<p>Visszaes\u00e9s Ujjak n\u0151ttek ujjaib\u00f3l.Cukor\u00edz\u0171 volt a tenyere.A pattan\u00e1sok, arc\u00e1n, h\u00e1t\u00e1nSzinte \u00e9gtek. Lebegett.Lebegett egy var\u00e1zsfelh\u0151n(Dohos sz\u0151nyeg, Izrael).Sz\u00ednei egym\u00e1sba folytak,S j\u00f3 er\u0151sen nevetett.Haja giliszt\u00e1k, l\u00e1ba agyag,Form\u00e1zta, gyurm\u00e1zott vele.L\u00e1bujjai, mint kis k\u00edgy\u00f3kSiklottak szerte.Eredt volna ut\u00e1nuk,De l\u00e1b\u00e1b\u00f3l cser\u00e9p lett.F\u00e9lt, ha r\u00e1\u00e1ll, sz\u00e9tt\u00f6rne.Mozdulni se mert.Nem &hellip; <a href=\"https:\/\/opus-folyoirat.sk\/?page_id=1909\">Egy kattint\u00e1s ide a folytat\u00e1shoz&#8230;. <span class=\"meta-nav\">&rarr;<\/span><\/a><\/p>\n","protected":false},"author":4,"featured_media":0,"parent":20,"menu_order":0,"comment_status":"closed","ping_status":"closed","template":"","meta":{"footnotes":""},"class_list":["post-1909","page","type-page","status-publish","hentry"],"_links":{"self":[{"href":"https:\/\/opus-folyoirat.sk\/index.php?rest_route=\/wp\/v2\/pages\/1909","targetHints":{"allow":["GET"]}}],"collection":[{"href":"https:\/\/opus-folyoirat.sk\/index.php?rest_route=\/wp\/v2\/pages"}],"about":[{"href":"https:\/\/opus-folyoirat.sk\/index.php?rest_route=\/wp\/v2\/types\/page"}],"author":[{"embeddable":true,"href":"https:\/\/opus-folyoirat.sk\/index.php?rest_route=\/wp\/v2\/users\/4"}],"replies":[{"embeddable":true,"href":"https:\/\/opus-folyoirat.sk\/index.php?rest_route=%2Fwp%2Fv2%2Fcomments&post=1909"}],"version-history":[{"count":5,"href":"https:\/\/opus-folyoirat.sk\/index.php?rest_route=\/wp\/v2\/pages\/1909\/revisions"}],"predecessor-version":[{"id":2935,"href":"https:\/\/opus-folyoirat.sk\/index.php?rest_route=\/wp\/v2\/pages\/1909\/revisions\/2935"}],"up":[{"embeddable":true,"href":"https:\/\/opus-folyoirat.sk\/index.php?rest_route=\/wp\/v2\/pages\/20"}],"wp:attachment":[{"href":"https:\/\/opus-folyoirat.sk\/index.php?rest_route=%2Fwp%2Fv2%2Fmedia&parent=1909"}],"curies":[{"name":"wp","href":"https:\/\/api.w.org\/{rel}","templated":true}]}}