{"id":1984,"date":"2025-02-11T17:12:16","date_gmt":"2025-02-11T15:12:16","guid":{"rendered":"https:\/\/opus-folyoirat.sk\/?page_id=1984"},"modified":"2025-02-11T17:12:51","modified_gmt":"2025-02-11T15:12:51","slug":"rostoka-laszlo-muvei-a-87-opusban","status":"publish","type":"page","link":"https:\/\/opus-folyoirat.sk\/?page_id=1984","title":{"rendered":"Rostoka L\u00e1szl\u00f3 m\u0171vei a 87. Opusban"},"content":{"rendered":"\n<p>Igaz\u00e1n kiv\u00e1l\u00f3 \u00e9vet z\u00e1rt az Opus foly\u00f3irat, s ezt az esztend\u0151t az idei utols\u00f3 kiad\u00e1ssal, abban is <em>Rostoka L\u00e1szl\u00f3<\/em> impoz\u00e1ns alkot\u00e1saival z\u00e1rjuk. Mivel n\u00e1lunk fontos a k\u00fclcs\u00edn \u00e9s a belbecs egyar\u00e1nt, \u00fcgyel\u00fcnk arra, hogy ne csak az olvas\u00f3k agy\u00e1t, de szem\u00e9t is elk\u00e1pr\u00e1ztassuk. Most pedig ismerj\u00fck meg a m\u0171v\u00e9szt.&nbsp;<\/p>\n\n\n\n<div class=\"wp-block-columns is-layout-flex wp-container-core-columns-is-layout-9d6595d7 wp-block-columns-is-layout-flex\">\n<div class=\"wp-block-column is-layout-flow wp-block-column-is-layout-flow\">\n<figure class=\"wp-block-image size-large\"><a href=\"https:\/\/opus-folyoirat.sk\/wp-content\/uploads\/2024\/01\/Rostoka_plakat_13.jpg\"><img loading=\"lazy\" decoding=\"async\" width=\"716\" height=\"1024\" src=\"http:\/\/opus-folyoirat.sk\/wp-content\/uploads\/2024\/01\/Rostoka_plakat_13-716x1024.jpg\" alt=\"\" class=\"wp-image-1125\" srcset=\"https:\/\/opus-folyoirat.sk\/wp-content\/uploads\/2024\/01\/Rostoka_plakat_13-716x1024.jpg 716w, https:\/\/opus-folyoirat.sk\/wp-content\/uploads\/2024\/01\/Rostoka_plakat_13-210x300.jpg 210w, https:\/\/opus-folyoirat.sk\/wp-content\/uploads\/2024\/01\/Rostoka_plakat_13-768x1098.jpg 768w, https:\/\/opus-folyoirat.sk\/wp-content\/uploads\/2024\/01\/Rostoka_plakat_13-1075x1536.jpg 1075w, https:\/\/opus-folyoirat.sk\/wp-content\/uploads\/2024\/01\/Rostoka_plakat_13.jpg 1102w\" sizes=\"auto, (max-width: 716px) 100vw, 716px\" \/><\/a><\/figure>\n<\/div>\n\n\n\n<div class=\"wp-block-column is-layout-flow wp-block-column-is-layout-flow\">\n<figure class=\"wp-block-image size-large\"><a href=\"https:\/\/opus-folyoirat.sk\/wp-content\/uploads\/2024\/01\/Rostoka_plakat_12.jpg\"><img loading=\"lazy\" decoding=\"async\" width=\"716\" height=\"1024\" src=\"http:\/\/opus-folyoirat.sk\/wp-content\/uploads\/2024\/01\/Rostoka_plakat_12-716x1024.jpg\" alt=\"\" class=\"wp-image-1126\" srcset=\"https:\/\/opus-folyoirat.sk\/wp-content\/uploads\/2024\/01\/Rostoka_plakat_12-716x1024.jpg 716w, https:\/\/opus-folyoirat.sk\/wp-content\/uploads\/2024\/01\/Rostoka_plakat_12-210x300.jpg 210w, https:\/\/opus-folyoirat.sk\/wp-content\/uploads\/2024\/01\/Rostoka_plakat_12-768x1098.jpg 768w, https:\/\/opus-folyoirat.sk\/wp-content\/uploads\/2024\/01\/Rostoka_plakat_12-1075x1536.jpg 1075w, https:\/\/opus-folyoirat.sk\/wp-content\/uploads\/2024\/01\/Rostoka_plakat_12.jpg 1102w\" sizes=\"auto, (max-width: 716px) 100vw, 716px\" \/><\/a><\/figure>\n<\/div>\n<\/div>\n\n\n\n<p>Rostoka L\u00e1szl\u00f3 1948. m\u00e1jus 18-\u00e1n a (cseh)szlov\u00e1kiai K\u00f6b\u00f6lk\u00faton sz\u00fcletett. Tanulm\u00e1nyait a Pozsonyi M\u0171v\u00e9szeti K\u00f6z\u00e9piskol\u00e1n, illetve a K\u00e9pz\u0151m\u0171v\u00e9szeti Akad\u00e9mi\u00e1n v\u00e9gezte. Volt szabad\u00fasz\u00f3 grafikus, grafikai st\u00fadi\u00f3 kreat\u00edv igazgat\u00f3ja, jelenleg pedig a saj\u00e1t v\u00e1llalkoz\u00e1s\u00e1t vezeti.&nbsp;<\/p>\n\n\n\n<div class=\"wp-block-columns is-layout-flex wp-container-core-columns-is-layout-9d6595d7 wp-block-columns-is-layout-flex\">\n<div class=\"wp-block-column is-layout-flow wp-block-column-is-layout-flow\">\n<figure class=\"wp-block-image size-large\"><a href=\"https:\/\/opus-folyoirat.sk\/wp-content\/uploads\/2024\/01\/Rostoka_plakat_11.jpg\"><img loading=\"lazy\" decoding=\"async\" width=\"716\" height=\"1024\" src=\"http:\/\/opus-folyoirat.sk\/wp-content\/uploads\/2024\/01\/Rostoka_plakat_11-716x1024.jpg\" alt=\"\" class=\"wp-image-1127\" srcset=\"https:\/\/opus-folyoirat.sk\/wp-content\/uploads\/2024\/01\/Rostoka_plakat_11-716x1024.jpg 716w, https:\/\/opus-folyoirat.sk\/wp-content\/uploads\/2024\/01\/Rostoka_plakat_11-210x300.jpg 210w, https:\/\/opus-folyoirat.sk\/wp-content\/uploads\/2024\/01\/Rostoka_plakat_11-768x1098.jpg 768w, https:\/\/opus-folyoirat.sk\/wp-content\/uploads\/2024\/01\/Rostoka_plakat_11-1075x1536.jpg 1075w, https:\/\/opus-folyoirat.sk\/wp-content\/uploads\/2024\/01\/Rostoka_plakat_11.jpg 1102w\" sizes=\"auto, (max-width: 716px) 100vw, 716px\" \/><\/a><\/figure>\n<\/div>\n\n\n\n<div class=\"wp-block-column is-layout-flow wp-block-column-is-layout-flow\">\n<figure class=\"wp-block-image size-large\"><a href=\"https:\/\/opus-folyoirat.sk\/wp-content\/uploads\/2024\/01\/Rostoka_plakat_9.jpg\"><img loading=\"lazy\" decoding=\"async\" width=\"716\" height=\"1024\" src=\"http:\/\/opus-folyoirat.sk\/wp-content\/uploads\/2024\/01\/Rostoka_plakat_9-716x1024.jpg\" alt=\"\" class=\"wp-image-1128\" srcset=\"https:\/\/opus-folyoirat.sk\/wp-content\/uploads\/2024\/01\/Rostoka_plakat_9-716x1024.jpg 716w, https:\/\/opus-folyoirat.sk\/wp-content\/uploads\/2024\/01\/Rostoka_plakat_9-210x300.jpg 210w, https:\/\/opus-folyoirat.sk\/wp-content\/uploads\/2024\/01\/Rostoka_plakat_9-768x1098.jpg 768w, https:\/\/opus-folyoirat.sk\/wp-content\/uploads\/2024\/01\/Rostoka_plakat_9-1075x1536.jpg 1075w, https:\/\/opus-folyoirat.sk\/wp-content\/uploads\/2024\/01\/Rostoka_plakat_9.jpg 1102w\" sizes=\"auto, (max-width: 716px) 100vw, 716px\" \/><\/a><\/figure>\n<\/div>\n<\/div>\n\n\n\n<p>Els\u0151sorban kultur\u00e1lis plak\u00e1tok, m\u0171v\u00e9szeti albumok, katal\u00f3gusok tervez\u00e9s\u00e9vel, illusztr\u00e1l\u00e1s\u00e1val foglalkozik. A szabadk\u00e9zi rajz szem\u00e9lyess\u00e9g\u00e9t j\u00f3l \u00f6tv\u00f6zi a&nbsp;komputer-grafika lehet\u0151s\u00e9geivel, szab\u00e1lyos,&nbsp;geometrikus&nbsp;objektivit\u00e1s\u00e1val. Sz\u0171kszav\u00fa, emblematikus erej\u0171 munk\u00e1ira a&nbsp;cseh,&nbsp;szlov\u00e1k&nbsp;\u00e9s&nbsp;magyar&nbsp;k\u00e9pz\u0151m\u0171v\u00e9szeti hagyom\u00e1nyokb\u00f3l els\u0151sorban a&nbsp;konstruktivista&nbsp;t\u00f6rekv\u00e9sek hatottak. Ak\u00e1r jelmondata is lehetne az egyik interj\u00faj\u00e1b\u00f3l vett id\u00e9zet: <em>\u201ekev\u00e9s eszk\u00f6zzel sokat mondani\u201d<\/em>. Sz\u00e1mos k\u00f6nyvk\u00f6tet grafikusa, tipogr\u00e1fusa vagy illusztr\u00e1tora, k\u00f6zt\u00fck p\u00e9ld\u00e1ul&nbsp;Orosz Istv\u00e1n&nbsp;posztereinek k\u00f6zread\u00f3ja,&nbsp;V\u00e1mos Mikl\u00f3s&nbsp;<em>Borgisz<\/em>&nbsp;c\u00edm\u0171 reg\u00e9ny\u00e9nek illusztr\u00e1tora.<\/p>\n\n\n\n<div class=\"wp-block-columns is-layout-flex wp-container-core-columns-is-layout-9d6595d7 wp-block-columns-is-layout-flex\">\n<div class=\"wp-block-column is-layout-flow wp-block-column-is-layout-flow\">\n<figure class=\"wp-block-image size-large\"><a href=\"https:\/\/opus-folyoirat.sk\/wp-content\/uploads\/2024\/01\/Rostoka_plakat_6.jpg\"><img loading=\"lazy\" decoding=\"async\" width=\"716\" height=\"1024\" src=\"http:\/\/opus-folyoirat.sk\/wp-content\/uploads\/2024\/01\/Rostoka_plakat_6-716x1024.jpg\" alt=\"\" class=\"wp-image-1129\" srcset=\"https:\/\/opus-folyoirat.sk\/wp-content\/uploads\/2024\/01\/Rostoka_plakat_6-716x1024.jpg 716w, https:\/\/opus-folyoirat.sk\/wp-content\/uploads\/2024\/01\/Rostoka_plakat_6-210x300.jpg 210w, https:\/\/opus-folyoirat.sk\/wp-content\/uploads\/2024\/01\/Rostoka_plakat_6-768x1098.jpg 768w, https:\/\/opus-folyoirat.sk\/wp-content\/uploads\/2024\/01\/Rostoka_plakat_6-1075x1536.jpg 1075w, https:\/\/opus-folyoirat.sk\/wp-content\/uploads\/2024\/01\/Rostoka_plakat_6.jpg 1102w\" sizes=\"auto, (max-width: 716px) 100vw, 716px\" \/><\/a><\/figure>\n<\/div>\n\n\n\n<div class=\"wp-block-column is-layout-flow wp-block-column-is-layout-flow\">\n<figure class=\"wp-block-image size-large\"><a href=\"https:\/\/opus-folyoirat.sk\/wp-content\/uploads\/2024\/01\/Rostoka_plakat_5.jpg\"><img loading=\"lazy\" decoding=\"async\" width=\"717\" height=\"1024\" src=\"http:\/\/opus-folyoirat.sk\/wp-content\/uploads\/2024\/01\/Rostoka_plakat_5-717x1024.jpg\" alt=\"\" class=\"wp-image-1130\" srcset=\"https:\/\/opus-folyoirat.sk\/wp-content\/uploads\/2024\/01\/Rostoka_plakat_5-717x1024.jpg 717w, https:\/\/opus-folyoirat.sk\/wp-content\/uploads\/2024\/01\/Rostoka_plakat_5-210x300.jpg 210w, https:\/\/opus-folyoirat.sk\/wp-content\/uploads\/2024\/01\/Rostoka_plakat_5-768x1097.jpg 768w, https:\/\/opus-folyoirat.sk\/wp-content\/uploads\/2024\/01\/Rostoka_plakat_5-1075x1536.jpg 1075w, https:\/\/opus-folyoirat.sk\/wp-content\/uploads\/2024\/01\/Rostoka_plakat_5.jpg 1102w\" sizes=\"auto, (max-width: 717px) 100vw, 717px\" \/><\/a><\/figure>\n<\/div>\n\n\n\n<div class=\"wp-block-column is-layout-flow wp-block-column-is-layout-flow\">\n<figure class=\"wp-block-image size-large\"><a href=\"https:\/\/opus-folyoirat.sk\/wp-content\/uploads\/2024\/01\/Rostoka_plakat_2.jpg\"><img loading=\"lazy\" decoding=\"async\" width=\"716\" height=\"1024\" src=\"http:\/\/opus-folyoirat.sk\/wp-content\/uploads\/2024\/01\/Rostoka_plakat_2-716x1024.jpg\" alt=\"\" class=\"wp-image-1131\" srcset=\"https:\/\/opus-folyoirat.sk\/wp-content\/uploads\/2024\/01\/Rostoka_plakat_2-716x1024.jpg 716w, https:\/\/opus-folyoirat.sk\/wp-content\/uploads\/2024\/01\/Rostoka_plakat_2-210x300.jpg 210w, https:\/\/opus-folyoirat.sk\/wp-content\/uploads\/2024\/01\/Rostoka_plakat_2-768x1098.jpg 768w, https:\/\/opus-folyoirat.sk\/wp-content\/uploads\/2024\/01\/Rostoka_plakat_2-1075x1536.jpg 1075w, https:\/\/opus-folyoirat.sk\/wp-content\/uploads\/2024\/01\/Rostoka_plakat_2.jpg 1102w\" sizes=\"auto, (max-width: 716px) 100vw, 716px\" \/><\/a><\/figure>\n<\/div>\n<\/div>\n\n\n\n<p>A Nagyszombati Nemzetk\u00f6zi <em>Plak\u00e1ttrienn\u00e1le<\/em> egyik l\u00e9trehoz\u00f3ja, a Mesterszem d\u00edj megalap\u00edt\u00f3ja. 1981-ben, Magyar m\u0171v\u00e9szek k\u00f6z\u00fcl els\u0151k\u00e9nt tagj\u00e1v\u00e1 v\u00e1lasztotta a legjelent\u0151sebb tervez\u0151ket t\u00f6m\u00f6r\u00edt\u0151&nbsp;<em>Alliance Graphique Internationale<\/em>, 2004-ben megh\u00edvta tagjai sor\u00e1ba a&nbsp;Magyar M\u0171v\u00e9szeti Akad\u00e9mia, 2005-ben&nbsp;Budapesten&nbsp;12 plak\u00e1ttervez\u0151 koll\u00e9g\u00e1j\u00e1val egy\u00fctt megalap\u00edtotta a&nbsp;Magyar Plak\u00e1t T\u00e1rsas\u00e1got.<\/p>\n","protected":false},"excerpt":{"rendered":"<p>Igaz\u00e1n kiv\u00e1l\u00f3 \u00e9vet z\u00e1rt az Opus foly\u00f3irat, s ezt az esztend\u0151t az idei utols\u00f3 kiad\u00e1ssal, abban is Rostoka L\u00e1szl\u00f3 impoz\u00e1ns alkot\u00e1saival z\u00e1rjuk. Mivel n\u00e1lunk fontos a k\u00fclcs\u00edn \u00e9s a belbecs egyar\u00e1nt, \u00fcgyel\u00fcnk arra, hogy ne csak az olvas\u00f3k agy\u00e1t, de &hellip; <a href=\"https:\/\/opus-folyoirat.sk\/?page_id=1984\">Egy kattint\u00e1s ide a folytat\u00e1shoz&#8230;. <span class=\"meta-nav\">&rarr;<\/span><\/a><\/p>\n","protected":false},"author":4,"featured_media":0,"parent":948,"menu_order":0,"comment_status":"closed","ping_status":"closed","template":"","meta":{"footnotes":""},"class_list":["post-1984","page","type-page","status-publish","hentry"],"_links":{"self":[{"href":"https:\/\/opus-folyoirat.sk\/index.php?rest_route=\/wp\/v2\/pages\/1984","targetHints":{"allow":["GET"]}}],"collection":[{"href":"https:\/\/opus-folyoirat.sk\/index.php?rest_route=\/wp\/v2\/pages"}],"about":[{"href":"https:\/\/opus-folyoirat.sk\/index.php?rest_route=\/wp\/v2\/types\/page"}],"author":[{"embeddable":true,"href":"https:\/\/opus-folyoirat.sk\/index.php?rest_route=\/wp\/v2\/users\/4"}],"replies":[{"embeddable":true,"href":"https:\/\/opus-folyoirat.sk\/index.php?rest_route=%2Fwp%2Fv2%2Fcomments&post=1984"}],"version-history":[{"count":2,"href":"https:\/\/opus-folyoirat.sk\/index.php?rest_route=\/wp\/v2\/pages\/1984\/revisions"}],"predecessor-version":[{"id":1986,"href":"https:\/\/opus-folyoirat.sk\/index.php?rest_route=\/wp\/v2\/pages\/1984\/revisions\/1986"}],"up":[{"embeddable":true,"href":"https:\/\/opus-folyoirat.sk\/index.php?rest_route=\/wp\/v2\/pages\/948"}],"wp:attachment":[{"href":"https:\/\/opus-folyoirat.sk\/index.php?rest_route=%2Fwp%2Fv2%2Fmedia&parent=1984"}],"curies":[{"name":"wp","href":"https:\/\/api.w.org\/{rel}","templated":true}]}}