{"id":2212,"date":"2025-01-20T11:25:00","date_gmt":"2025-01-20T09:25:00","guid":{"rendered":"https:\/\/opus-folyoirat.sk\/?page_id=2212"},"modified":"2025-11-18T11:42:15","modified_gmt":"2025-11-18T09:42:15","slug":"kovesdi-karoly","status":"publish","type":"page","link":"https:\/\/opus-folyoirat.sk\/?page_id=2212","title":{"rendered":"K\u00f6vesdi K\u00e1roly"},"content":{"rendered":"\n<p class=\"has-medium-font-size\"><strong>T\u00e9li esteled\u00e9s<\/strong><\/p>\n\n\n<div class=\"has-text-align-right wp-block-post-date\"><time datetime=\"2025-01-20T11:25:00+02:00\">2025-01-20<\/time><\/div>\n\n\n<p><\/p>\n\n\n\n<div class=\"wp-block-group is-vertical is-layout-flex wp-container-core-group-is-layout-8cf370e7 wp-block-group-is-layout-flex\">\n<p>Azt hittem elt\u00e9vedt vagy sz\u00e1rnyszegett mad\u00e1r&nbsp;<\/p>\n\n\n\n<p>csapong de csak egy sz\u00e1raz falev\u00e9l sodr\u00f3dott&nbsp;<\/p>\n\n\n\n<p>\u00e1t a t\u00e9li kerten bukd\u00e1csolva hal\u00f3d\u00f3 t\u00e1ncot j\u00e1rva<\/p>\n\n\n\n<p>a h\u00f3foltok k\u00f6zt f\u00e1jdalmas sikollyal juttatva&nbsp;<\/p>\n\n\n\n<p>eszembe ilyen falevelek vagyunk mi is akik csak&nbsp;<\/p>\n\n\n\n<p>k\u00f6lcs\u00f6nkaptuk az \u00f6r\u00f6kk\u00e9val\u00f3nak hitt megv\u00e1lt\u00e1s \u00edg\u00e9ret\u00e9t&nbsp;<\/p>\n\n\n\n<p>amit j\u00f3 szok\u00e1s szerint anyagias\u00edtottunk&nbsp;<\/p>\n\n\n\n<p>\u00e9s szapora katedr\u00e1lisokat \u00e9p\u00edtett\u00fcnk a b\u0171nb\u0151l&nbsp;<\/p>\n\n\n\n<p>mintha valamit is meg\u00e9rtett\u00fcnk volna az ig\u00e9b\u0151l<\/p>\n\n\n\n<p>hedonista vadakk\u00e9nt cs\u00f6rtetve az \u00e9g fel\u00e9 ahonnan&nbsp;<\/p>\n\n\n\n<p>elt\u00e9vedt vagy sebes\u00fclt \u00e9nekesmadarak helyett \u00e1rva&nbsp;<\/p>\n\n\n\n<p>hal\u00f3d\u00f3 sz\u00e1raz falevelek hemperegnek a sz\u00e9lben&nbsp;<\/p>\n\n\n\n<p>egy kinnfelejtett t\u00f6r\u00f6tt l\u00e1b\u00fa karossz\u00e9k isteni&nbsp;<\/p>\n\n\n\n<p>tr\u00f3nusa el\u00e9 melyen egy \u0151r\u00fclt pr\u00f3f\u00e9ta \u00e1rny\u00e9ka \u00fcl&nbsp;<\/p>\n\n\n\n<p>\u00e9s p\u00fcsp\u00f6klila gl\u00f3ri\u00e1t sug\u00e1roz a f\u00e9lhom\u00e1lyba<br><br><\/p>\n\n\n\n<p><\/p>\n<\/div>\n","protected":false},"excerpt":{"rendered":"<p>T\u00e9li esteled\u00e9s Azt hittem elt\u00e9vedt vagy sz\u00e1rnyszegett mad\u00e1r&nbsp; csapong de csak egy sz\u00e1raz falev\u00e9l sodr\u00f3dott&nbsp; \u00e1t a t\u00e9li kerten bukd\u00e1csolva hal\u00f3d\u00f3 t\u00e1ncot j\u00e1rva a h\u00f3foltok k\u00f6zt f\u00e1jdalmas sikollyal juttatva&nbsp; eszembe ilyen falevelek vagyunk mi is akik csak&nbsp; k\u00f6lcs\u00f6nkaptuk az \u00f6r\u00f6kk\u00e9val\u00f3nak &hellip; <a href=\"https:\/\/opus-folyoirat.sk\/?page_id=2212\">Egy kattint\u00e1s ide a folytat\u00e1shoz&#8230;. <span class=\"meta-nav\">&rarr;<\/span><\/a><\/p>\n","protected":false},"author":4,"featured_media":0,"parent":20,"menu_order":0,"comment_status":"closed","ping_status":"closed","template":"","meta":{"footnotes":""},"class_list":["post-2212","page","type-page","status-publish","hentry"],"_links":{"self":[{"href":"https:\/\/opus-folyoirat.sk\/index.php?rest_route=\/wp\/v2\/pages\/2212","targetHints":{"allow":["GET"]}}],"collection":[{"href":"https:\/\/opus-folyoirat.sk\/index.php?rest_route=\/wp\/v2\/pages"}],"about":[{"href":"https:\/\/opus-folyoirat.sk\/index.php?rest_route=\/wp\/v2\/types\/page"}],"author":[{"embeddable":true,"href":"https:\/\/opus-folyoirat.sk\/index.php?rest_route=\/wp\/v2\/users\/4"}],"replies":[{"embeddable":true,"href":"https:\/\/opus-folyoirat.sk\/index.php?rest_route=%2Fwp%2Fv2%2Fcomments&post=2212"}],"version-history":[{"count":4,"href":"https:\/\/opus-folyoirat.sk\/index.php?rest_route=\/wp\/v2\/pages\/2212\/revisions"}],"predecessor-version":[{"id":2942,"href":"https:\/\/opus-folyoirat.sk\/index.php?rest_route=\/wp\/v2\/pages\/2212\/revisions\/2942"}],"up":[{"embeddable":true,"href":"https:\/\/opus-folyoirat.sk\/index.php?rest_route=\/wp\/v2\/pages\/20"}],"wp:attachment":[{"href":"https:\/\/opus-folyoirat.sk\/index.php?rest_route=%2Fwp%2Fv2%2Fmedia&parent=2212"}],"curies":[{"name":"wp","href":"https:\/\/api.w.org\/{rel}","templated":true}]}}

Kövesdi Károly

<p class="has-medium-font-size"><strong>Téli esteledés</strong></p>


<div class="has-text-align-right wp-block-post-date"><time datetime="2025-01-20T11:25:00+02:00">2025-01-20</time></div>


<p></p>



<div class="wp-block-group is-vertical is-layout-flex wp-container-core-group-is-layout-8cf370e7 wp-block-group-is-layout-flex">
<p>Azt hittem eltévedt vagy szárnyszegett madár&nbsp;</p>



<p>csapong de csak egy száraz falevél sodródott&nbsp;</p>



<p>át a téli kerten bukdácsolva halódó táncot járva</p>



<p>a hófoltok közt fájdalmas sikollyal juttatva&nbsp;</p>



<p>eszembe ilyen falevelek vagyunk mi is akik csak&nbsp;</p>



<p>kölcsönkaptuk az örökkévalónak hitt megváltás ígéretét&nbsp;</p>



<p>amit jó szokás szerint anyagiasítottunk&nbsp;</p>



<p>és szapora katedrálisokat építettünk a bűnből&nbsp;</p>



<p>mintha valamit is megértettünk volna az igéből</p>



<p>hedonista vadakként csörtetve az ég felé ahonnan&nbsp;</p>



<p>eltévedt vagy sebesült énekesmadarak helyett árva&nbsp;</p>



<p>halódó száraz falevelek hemperegnek a szélben&nbsp;</p>



<p>egy kinnfelejtett törött lábú karosszék isteni&nbsp;</p>



<p>trónusa elé melyen egy őrült próféta árnyéka ül&nbsp;</p>



<p>és püspöklila glóriát sugároz a félhomályba<br><br></p>



<p></p>
</div>

<p>Téli esteledés Azt hittem eltévedt vagy szárnyszegett madár&nbsp; csapong de csak egy száraz falevél sodródott&nbsp; át a téli kerten bukdácsolva halódó táncot járva a hófoltok közt fájdalmas sikollyal juttatva&nbsp; eszembe ilyen falevelek vagyunk mi is akik csak&nbsp; kölcsönkaptuk az örökkévalónak &hellip; <a href="https://opus-folyoirat.sk/?page_id=2212">Egy kattintás ide a folytatáshoz&#8230;. <span class="meta-nav">&rarr;</span></a></p>
