{"id":2217,"date":"2025-01-23T11:31:00","date_gmt":"2025-01-23T09:31:00","guid":{"rendered":"https:\/\/opus-folyoirat.sk\/?page_id=2217"},"modified":"2025-11-18T11:43:01","modified_gmt":"2025-11-18T09:43:01","slug":"lantay-eva","status":"publish","type":"page","link":"https:\/\/opus-folyoirat.sk\/?page_id=2217","title":{"rendered":"Lantay \u00c9va"},"content":{"rendered":"<div class=\"has-text-align-right wp-block-post-date\"><time datetime=\"2025-01-23T11:31:00+02:00\">2025-01-23<\/time><\/div>\n\n\n<p><\/p>\n\n\n\n<p><strong>h\u00f3 dara<\/strong><br><em>e. e. cummingsnak<\/em><br><br><\/p>\n\n\n\n<div class=\"wp-block-group is-vertical is-layout-flex wp-container-core-group-is-layout-8cf370e7 wp-block-group-is-layout-flex\">\n<p>h\u00f3 dara fel f\u00fajt<\/p>\n\n\n\n<p>esik&nbsp;<\/p>\n\n\n\n<p>le a<\/p>\n\n\n\n<p>sz\u00e1m on&nbsp;<\/p>\n\n\n\n<p>a ki rakaton \u00e1t<\/p>\n\n\n\n<p>n\u00e9zem hogy<\/p>\n\n\n\n<p>cs\u00fa szik kadt<\/p>\n\n\n\n<p>torkomon<\/p>\n\n\n\n<p>m\u00e9g egy kis<\/p>\n\n\n\n<p>konyak m\u00edg<\/p>\n\n\n\n<p>f\u00e1zom&nbsp;<\/p>\n\n\n\n<p>a h\u00f3 pihe takar \u00f3<\/p>\n\n\n\n<p>alatt fagynak el<\/p>\n\n\n\n<p>a v\u00e1gyak<\/p>\n<\/div>\n\n\n\n<p class=\"has-text-align-right\"><em>Budapest, 2023. december 9<\/em>.<\/p>\n\n\n\n<div class=\"wp-block-group is-vertical is-layout-flex wp-container-core-group-is-layout-8cf370e7 wp-block-group-is-layout-flex\">\n<p><br><strong>ker\u00e9kp\u00e1r a parton<\/strong><\/p>\n\n\n\n<p><em>e. e. cummingsnak<\/em><br><br><\/p>\n<\/div>\n\n\n\n<div class=\"wp-block-group is-vertical is-layout-flex wp-container-core-group-is-layout-8cf370e7 wp-block-group-is-layout-flex\">\n<p>foly j\u00f3 parton el<\/p>\n\n\n\n<p>hagy ott ker\u00e9k<\/p>\n\n\n\n<p>p\u00e1r hol lehet<\/p>\n\n\n\n<p>ki ott<\/p>\n\n\n\n<p>hagy ta ki csap ta<\/p>\n\n\n\n<p>csak h\u00f6mp\u00f6ly\u00f6g<\/p>\n\n\n\n<p>a foly\u00f3 csobban<\/p>\n\n\n\n<p>taki b\u00e1 ki csi<\/p>\n\n\n\n<p>cs\u00f3k \u00e1t lop<\/p>\n\n\n\n<p>ott<\/p>\n\n\n\n<p>vagy csak nagy csi<\/p>\n\n\n\n<p>cska volt<\/p>\n\n\n\n<p>csacsog<\/p>\n\n\n\n<p>j\u00e1k a&nbsp;<\/p>\n\n\n\n<p>cs\u00f3k\u00e1k<\/p>\n<\/div>\n\n\n\n<p class=\"has-text-align-right\"><em>Budapest, 2023. december 1.<\/em><\/p>\n","protected":false},"excerpt":{"rendered":"<p>h\u00f3 darae. e. cummingsnak h\u00f3 dara fel f\u00fajt esik&nbsp; le a sz\u00e1m on&nbsp; a ki rakaton \u00e1t n\u00e9zem hogy cs\u00fa szik kadt torkomon m\u00e9g egy kis konyak m\u00edg f\u00e1zom&nbsp; a h\u00f3 pihe takar \u00f3 alatt fagynak el a v\u00e1gyak Budapest, &hellip; <a href=\"https:\/\/opus-folyoirat.sk\/?page_id=2217\">Egy kattint\u00e1s ide a folytat\u00e1shoz&#8230;. <span class=\"meta-nav\">&rarr;<\/span><\/a><\/p>\n","protected":false},"author":4,"featured_media":0,"parent":20,"menu_order":0,"comment_status":"closed","ping_status":"closed","template":"","meta":{"footnotes":""},"class_list":["post-2217","page","type-page","status-publish","hentry"],"_links":{"self":[{"href":"https:\/\/opus-folyoirat.sk\/index.php?rest_route=\/wp\/v2\/pages\/2217","targetHints":{"allow":["GET"]}}],"collection":[{"href":"https:\/\/opus-folyoirat.sk\/index.php?rest_route=\/wp\/v2\/pages"}],"about":[{"href":"https:\/\/opus-folyoirat.sk\/index.php?rest_route=\/wp\/v2\/types\/page"}],"author":[{"embeddable":true,"href":"https:\/\/opus-folyoirat.sk\/index.php?rest_route=\/wp\/v2\/users\/4"}],"replies":[{"embeddable":true,"href":"https:\/\/opus-folyoirat.sk\/index.php?rest_route=%2Fwp%2Fv2%2Fcomments&post=2217"}],"version-history":[{"count":2,"href":"https:\/\/opus-folyoirat.sk\/index.php?rest_route=\/wp\/v2\/pages\/2217\/revisions"}],"predecessor-version":[{"id":2943,"href":"https:\/\/opus-folyoirat.sk\/index.php?rest_route=\/wp\/v2\/pages\/2217\/revisions\/2943"}],"up":[{"embeddable":true,"href":"https:\/\/opus-folyoirat.sk\/index.php?rest_route=\/wp\/v2\/pages\/20"}],"wp:attachment":[{"href":"https:\/\/opus-folyoirat.sk\/index.php?rest_route=%2Fwp%2Fv2%2Fmedia&parent=2217"}],"curies":[{"name":"wp","href":"https:\/\/api.w.org\/{rel}","templated":true}]}}