{"id":2239,"date":"2025-01-10T20:49:00","date_gmt":"2025-01-10T18:49:00","guid":{"rendered":"https:\/\/opus-folyoirat.sk\/?page_id=2239"},"modified":"2025-11-18T11:40:38","modified_gmt":"2025-11-18T09:40:38","slug":"magyar-daniel","status":"publish","type":"page","link":"https:\/\/opus-folyoirat.sk\/?page_id=2239","title":{"rendered":"Magyar D\u00e1niel"},"content":{"rendered":"\n<p class=\"has-medium-font-size\"><strong>K\u00f6dben<\/strong><\/p>\n\n\n<div class=\"has-text-align-right wp-block-post-date\"><time datetime=\"2025-01-10T20:49:00+02:00\">2025-01-10<\/time><\/div>\n\n\n<p><\/p>\n\n\n\n<div class=\"wp-block-group is-vertical is-layout-flex wp-container-core-group-is-layout-8cf370e7 wp-block-group-is-layout-flex\">\n<p>A k\u00e1v\u00e9h\u00e1z ablak\u00e1n kereszt\u00fcl figyeltem, ahogy a k\u00e9s\u0151 szeptemberi k\u00f6d sz\u00fcrk\u00e9re gletteli a s\u00e9t\u00e1l\u00f3utc\u00e1t. A telefonomon megsz\u00f3lalt az In the ghetto, Elvist\u0151l. Egy ideje, mi\u00f3ta szoci\u00e1lisan \u00e9rz\u00e9kenyebb id\u0151szakomat \u00e9lem, ez a cseng\u0151hangom. Szeretek itt \u00fcld\u00f6g\u00e9lni, a Panta Rhei falit\u00e9rk\u00e9pe mellett, te\u00e1t vagy k\u00e1v\u00e9t sz\u00fcrcs\u00f6lgetve fant\u00e1zi\u00e1lni, n\u00e9zni a szemben l\u00e9v\u0151 polcon a k\u00f6nyveket, id\u0151nk\u00e9nt odapillantani a fogason l\u00f3g\u00f3 kab\u00e1tomra, amit b\u00e1rmikor magamra kaphatok, \u00e9s kil\u00e9phetek a k\u00e9pzeletemb\u0151l a realit\u00e1sba. Sz\u00f3val cs\u00f6rg\u00f6tt a telefonom, \u00e9ppen akkor, amikor arra gondoltam, hogy milyen j\u00f3 lenne valakivel besz\u00e9lgetni, csak \u00fagy, nem valami konkr\u00e9t t\u00e9m\u00e1r\u00f3l, hanem arr\u00f3l, ami esz\u00fcnkbe jut. A testv\u00e9rem h\u00edvott, hogy tudn\u00e9k-e az unoka\u00f6cs\u00e9mre vigy\u00e1zni egy \u00f3r\u00e1t.<\/p>\n\n\n\n<p>Persze hogy v\u00e1llaltam, hatvan perc az semmis\u00e9g, hamar elrep\u00fcl. \u00dagy d\u00f6nt\u00f6ttem, hogy s\u00e9t\u00e1lgatni fogunk. A kissr\u00e1c besz\u00e9l\u0151k\u00e9je m\u00e9g ebben a bar\u00e1ts\u00e1gtalan id\u0151ben is cs\u00facsra volt j\u00e1ratva. Folyamatosan k\u00e9rdezgetett, csapongva a t\u00e9m\u00e1k k\u00f6z\u00f6tt, eg\u00e9szen addig, am\u00edg meg nem l\u00e1tott egy hajl\u00e9ktalant.<\/p>\n\n\n\n<p>\u2013 Mi\u00e9rt fekszik ott az a b\u00e1csi? \u2013 k\u00e9rdezte. \u2013 Mert nincs hol aludnia \u2013 v\u00e1laszoltam. \u2013 Mi\u00e9rt nem otthon alszik az \u00e1gy\u00e1ban?<br>\u2013 Mert neki nincsen lak\u00e1sa.<\/p>\n\n\n\n<p>\u2013 Az meg hogy lehet? Mi\u00e9rt nincs?<br>\u2013 Mert nincs r\u00e1 el\u00e9g p\u00e9nze.<br>Azt m\u00e1r tudta, hogy mit jelent a p\u00e9nz. L\u00e1tszott rajta, hogy elgondolkodott. Egy-<\/p>\n\n\n\n<p>re hidegebb lett, a kis sz\u00e1j\u00e1n kilehelt p\u00e1ra m\u00fal\u00f3 pillanatk\u00e9nt olvadt bele az \u0151szi leveg\u0151be miel\u0151tt megsz\u00f3lalt:<\/p>\n\n\n\n<p>\u2013 Mi\u00e9rt nem adunk neki p\u00e9nzt?<\/p>\n\n\n\n<p>\u2013 Sajnos nincs annyi p\u00e9nz\u00fcnk, amib\u0151l lak\u00e1st vehetn\u00e9nk neki. Ahhoz ezer vagy t\u00edzezer ember megtakar\u00edtott p\u00e9nze kellene.<\/p>\n\n\n\n<p>\u2013 Akkor mi\u00e9rt nem ad neki annyi sok ember?<\/p>\n\n\n\n<p>\u2013 M\u00e9g ha adn\u00e1nak is ennyien, nincs, aki megtal\u00e1lja ezeket az embereket, \u00f6sszegy\u0171jtse \u00e9s kezelje azt a sok p\u00e9nzt. Nagyon neh\u00e9z lenne.<\/p>\n\n\n\n<p>Nem voltam igaz\u00e1n el\u00e9gedett a v\u00e1laszommal, pr\u00f3b\u00e1ltam ink\u00e1bb elfelejteni a t\u00e9m\u00e1t. Tett\u00fcnk egy kanyart a Vysok\u00e1n, azt\u00e1n az Eln\u00f6ki Palota k\u00f6r\u00fcli parkban s\u00e9t\u00e1ltunk. Ki\u00e9rt\u00fcnk a \u0160tefanovi\u010dov\u00e1ra, mik\u00f6zben folyamatosan k\u00e9rdezgetett az aut\u00f3kr\u00f3l, \u00e9p\u00fcletekr\u0151l, felvetettem, hogy n\u00e9zz\u00fck meg az \u00f3ri\u00e1skereket. Nagyon fellelkes\u00fclt. Megk\u00e9rdezte a P\u00e9nz\u00fcgyminiszt\u00e9rium el\u0151tt, hogy azok milyen z\u00e1szl\u00f3k, azt\u00e1n, hogy mi az az \u00e9p\u00fclet. Pr\u00f3b\u00e1ltam mindenre egyszer\u0171 v\u00e1laszt adni.<\/p>\n\n\n\n<p>\u2013 Itt sok p\u00e9nzzel dolgoznak az emberek \u2013 mondtam. \u2013 Eg\u00e9szen sokkal?<br>\u2013 Igen, egy eg\u00e9sz orsz\u00e1g p\u00e9nz\u00e9vel.<br>\u2013 Okos emberek dolgoznak itt?<\/p>\n\n\n\n<p>\u2013 Igen, tal\u00e1n igen.<br>\u2013 Akkor mi\u00e9rt nem vesznek h\u00e1zat a b\u00e1csinak, aki az utc\u00e1n alszik?<br>Bosszantott a k\u00e9rd\u00e9s, nem is tudtam mit v\u00e1laszolni, csak zavartan n\u00e9ztem el\u0151re.<\/p>\n\n\n\n<p>Itt akartam hagyni ezt az utc\u00e1t, a parkokat, eljutni m\u00e1shov\u00e1, ahol s\u00f6t\u00e9ted\u00e9s ut\u00e1n is vil\u00e1gosabb van, \u00e9s ahol a f\u00e9nyek \u00e9s hangok t\u00falharsog j\u00e1k a bels\u0151 k\u00e9rd\u00e9seket. Nagyon gyorsan haladtunk a Duna-part fel\u00e9.<\/p>\n\n\n\n<p>\u2013 N\u00e9zd csak, m\u00e1r l\u00e1tszik az \u00f3ri\u00e1sker\u00e9k! \u2013 mutattam el\u0151re, \u00e9s m\u00e1r szinte szaladtunk. Nem is n\u00e9zt\u00fcnk vissza, \u00edgy nem l\u00e1thattuk, ahogy a h\u00e1tunk m\u00f6g\u00f6tt a k\u00f6d p\u00e1ratet\u0151t \u00e1csol a sz\u00fcrke v\u00e1ros f\u00f6l\u00e9.<br><\/p>\n\n\n\n<p><\/p>\n\n\n\n<p><\/p>\n<\/div>\n","protected":false},"excerpt":{"rendered":"<p>K\u00f6dben A k\u00e1v\u00e9h\u00e1z ablak\u00e1n kereszt\u00fcl figyeltem, ahogy a k\u00e9s\u0151 szeptemberi k\u00f6d sz\u00fcrk\u00e9re gletteli a s\u00e9t\u00e1l\u00f3utc\u00e1t. A telefonomon megsz\u00f3lalt az In the ghetto, Elvist\u0151l. Egy ideje, mi\u00f3ta szoci\u00e1lisan \u00e9rz\u00e9kenyebb id\u0151szakomat \u00e9lem, ez a cseng\u0151hangom. Szeretek itt \u00fcld\u00f6g\u00e9lni, a Panta Rhei falit\u00e9rk\u00e9pe &hellip; <a href=\"https:\/\/opus-folyoirat.sk\/?page_id=2239\">Egy kattint\u00e1s ide a folytat\u00e1shoz&#8230;. <span class=\"meta-nav\">&rarr;<\/span><\/a><\/p>\n","protected":false},"author":4,"featured_media":0,"parent":17,"menu_order":0,"comment_status":"closed","ping_status":"closed","template":"","meta":{"footnotes":""},"class_list":["post-2239","page","type-page","status-publish","hentry"],"_links":{"self":[{"href":"https:\/\/opus-folyoirat.sk\/index.php?rest_route=\/wp\/v2\/pages\/2239","targetHints":{"allow":["GET"]}}],"collection":[{"href":"https:\/\/opus-folyoirat.sk\/index.php?rest_route=\/wp\/v2\/pages"}],"about":[{"href":"https:\/\/opus-folyoirat.sk\/index.php?rest_route=\/wp\/v2\/types\/page"}],"author":[{"embeddable":true,"href":"https:\/\/opus-folyoirat.sk\/index.php?rest_route=\/wp\/v2\/users\/4"}],"replies":[{"embeddable":true,"href":"https:\/\/opus-folyoirat.sk\/index.php?rest_route=%2Fwp%2Fv2%2Fcomments&post=2239"}],"version-history":[{"count":6,"href":"https:\/\/opus-folyoirat.sk\/index.php?rest_route=\/wp\/v2\/pages\/2239\/revisions"}],"predecessor-version":[{"id":2940,"href":"https:\/\/opus-folyoirat.sk\/index.php?rest_route=\/wp\/v2\/pages\/2239\/revisions\/2940"}],"up":[{"embeddable":true,"href":"https:\/\/opus-folyoirat.sk\/index.php?rest_route=\/wp\/v2\/pages\/17"}],"wp:attachment":[{"href":"https:\/\/opus-folyoirat.sk\/index.php?rest_route=%2Fwp%2Fv2%2Fmedia&parent=2239"}],"curies":[{"name":"wp","href":"https:\/\/api.w.org\/{rel}","templated":true}]}}

Magyar Dániel

<p class="has-medium-font-size"><strong>Ködben</strong></p>


<div class="has-text-align-right wp-block-post-date"><time datetime="2025-01-10T20:49:00+02:00">2025-01-10</time></div>


<p></p>



<div class="wp-block-group is-vertical is-layout-flex wp-container-core-group-is-layout-8cf370e7 wp-block-group-is-layout-flex">
<p>A kávéház ablakán keresztül figyeltem, ahogy a késő szeptemberi köd szürkére gletteli a sétálóutcát. A telefonomon megszólalt az In the ghetto, Elvistől. Egy ideje, mióta szociálisan érzékenyebb időszakomat élem, ez a csengőhangom. Szeretek itt üldögélni, a Panta Rhei falitérképe mellett, teát vagy kávét szürcsölgetve fantáziálni, nézni a szemben lévő polcon a könyveket, időnként odapillantani a fogason lógó kabátomra, amit bármikor magamra kaphatok, és kiléphetek a képzeletemből a realitásba. Szóval csörgött a telefonom, éppen akkor, amikor arra gondoltam, hogy milyen jó lenne valakivel beszélgetni, csak úgy, nem valami konkrét témáról, hanem arról, ami eszünkbe jut. A testvérem hívott, hogy tudnék-e az unokaöcsémre vigyázni egy órát.</p>



<p>Persze hogy vállaltam, hatvan perc az semmiség, hamar elrepül. Úgy döntöttem, hogy sétálgatni fogunk. A kissrác beszélőkéje még ebben a barátságtalan időben is csúcsra volt járatva. Folyamatosan kérdezgetett, csapongva a témák között, egészen addig, amíg meg nem látott egy hajléktalant.</p>



<p>– Miért fekszik ott az a bácsi? – kérdezte. – Mert nincs hol aludnia – válaszoltam. – Miért nem otthon alszik az ágyában?<br>– Mert neki nincsen lakása.</p>



<p>– Az meg hogy lehet? Miért nincs?<br>– Mert nincs rá elég pénze.<br>Azt már tudta, hogy mit jelent a pénz. Látszott rajta, hogy elgondolkodott. Egy-</p>



<p>re hidegebb lett, a kis száján kilehelt pára múló pillanatként olvadt bele az őszi levegőbe mielőtt megszólalt:</p>



<p>– Miért nem adunk neki pénzt?</p>



<p>– Sajnos nincs annyi pénzünk, amiből lakást vehetnénk neki. Ahhoz ezer vagy tízezer ember megtakarított pénze kellene.</p>



<p>– Akkor miért nem ad neki annyi sok ember?</p>



<p>– Még ha adnának is ennyien, nincs, aki megtalálja ezeket az embereket, összegyűjtse és kezelje azt a sok pénzt. Nagyon nehéz lenne.</p>



<p>Nem voltam igazán elégedett a válaszommal, próbáltam inkább elfelejteni a témát. Tettünk egy kanyart a Vysokán, aztán az Elnöki Palota körüli parkban sétáltunk. Kiértünk a Štefanovičovára, miközben folyamatosan kérdezgetett az autókról, épületekről, felvetettem, hogy nézzük meg az óriáskereket. Nagyon fellelkesült. Megkérdezte a Pénzügyminisztérium előtt, hogy azok milyen zászlók, aztán, hogy mi az az épület. Próbáltam mindenre egyszerű választ adni.</p>



<p>– Itt sok pénzzel dolgoznak az emberek – mondtam. – Egészen sokkal?<br>– Igen, egy egész ország pénzével.<br>– Okos emberek dolgoznak itt?</p>



<p>– Igen, talán igen.<br>– Akkor miért nem vesznek házat a bácsinak, aki az utcán alszik?<br>Bosszantott a kérdés, nem is tudtam mit válaszolni, csak zavartan néztem előre.</p>



<p>Itt akartam hagyni ezt az utcát, a parkokat, eljutni máshová, ahol sötétedés után is világosabb van, és ahol a fények és hangok túlharsog ják a belső kérdéseket. Nagyon gyorsan haladtunk a Duna-part felé.</p>



<p>– Nézd csak, már látszik az óriáskerék! – mutattam előre, és már szinte szaladtunk. Nem is néztünk vissza, így nem láthattuk, ahogy a hátunk mögött a köd páratetőt ácsol a szürke város fölé.<br></p>



<p></p>



<p></p>
</div>

<p>Ködben A kávéház ablakán keresztül figyeltem, ahogy a késő szeptemberi köd szürkére gletteli a sétálóutcát. A telefonomon megszólalt az In the ghetto, Elvistől. Egy ideje, mióta szociálisan érzékenyebb időszakomat élem, ez a csengőhangom. Szeretek itt üldögélni, a Panta Rhei falitérképe &hellip; <a href="https://opus-folyoirat.sk/?page_id=2239">Egy kattintás ide a folytatáshoz&#8230;. <span class="meta-nav">&rarr;</span></a></p>
