{"id":2503,"date":"2025-08-22T00:09:00","date_gmt":"2025-08-21T22:09:00","guid":{"rendered":"https:\/\/opus-folyoirat.sk\/?page_id=2503"},"modified":"2025-11-19T00:45:38","modified_gmt":"2025-11-18T22:45:38","slug":"hangok-es-tortenetek","status":"publish","type":"page","link":"https:\/\/opus-folyoirat.sk\/?page_id=2503","title":{"rendered":"Hangok \u00e9s t\u00f6rt\u00e9netek"},"content":{"rendered":"\n<p>Interj\u00fa a 60 \u00e9ves Jezs\u00f3 \u00c1kossal<\/p>\n\n\n<div class=\"has-text-align-right wp-block-post-date\"><time datetime=\"2025-08-22T00:09:00+02:00\">2025-08-22<\/time><\/div>\n\n\n<p><\/p>\n\n\n\n<p><strong>Jezs\u00f3 \u00c1kos csal\u00e1di h\u00e1ttere szorosan k\u00f6t\u0151dik a Felvid\u00e9khez, mivel nagysz\u00fclei m\u00e9g a csall\u00f3k\u00f6zi Bak\u00e1n \u00e9ltek, \u00e9s a csal\u00e1d t\u00f6rt\u00e9nete a felvid\u00e9ki magyars\u00e1g XX. sz\u00e1zadi sors\u00e1t t\u00fckr\u00f6zi. A tril\u00f3gi\u00e1ja, vagyis a Megyek t\u00falra (2017), a M\u00e9cses a k\u00f6dben (2021) \u00e9s az \u00c9jf\u00e9lre kialszanak a l\u00e1ngok (2025) c\u00edm\u0171 k\u00f6tetek h\u00e1rom gener\u00e1ci\u00f3 \u00e9let\u00e9t mutatj\u00e1k be egy\u00fcttesen a felvid\u00e9ki magyars\u00e1g t\u00f6rt\u00e9nelmi \u00e9s t\u00e1rsadalmi kontextus\u00e1ban.<\/strong><\/p>\n\n\n\n<figure class=\"wp-block-gallery has-nested-images columns-4 is-cropped wp-block-gallery-1 is-layout-flex wp-block-gallery-is-layout-flex\">\n<figure class=\"wp-block-image size-large\"><img loading=\"lazy\" decoding=\"async\" width=\"688\" height=\"1024\" data-id=\"2506\" src=\"https:\/\/opus-folyoirat.sk\/wp-content\/uploads\/2025\/09\/jezso-1-688x1024.jpeg\" alt=\"\" class=\"wp-image-2506\" srcset=\"https:\/\/opus-folyoirat.sk\/wp-content\/uploads\/2025\/09\/jezso-1-688x1024.jpeg 688w, https:\/\/opus-folyoirat.sk\/wp-content\/uploads\/2025\/09\/jezso-1-201x300.jpeg 201w, https:\/\/opus-folyoirat.sk\/wp-content\/uploads\/2025\/09\/jezso-1-768x1144.jpeg 768w, https:\/\/opus-folyoirat.sk\/wp-content\/uploads\/2025\/09\/jezso-1-1031x1536.jpeg 1031w, https:\/\/opus-folyoirat.sk\/wp-content\/uploads\/2025\/09\/jezso-1-1375x2048.jpeg 1375w, https:\/\/opus-folyoirat.sk\/wp-content\/uploads\/2025\/09\/jezso-1.jpeg 1586w\" sizes=\"auto, (max-width: 688px) 100vw, 688px\" \/><\/figure>\n\n\n\n<figure class=\"wp-block-image size-large\"><img loading=\"lazy\" decoding=\"async\" width=\"627\" height=\"1024\" data-id=\"2507\" src=\"https:\/\/opus-folyoirat.sk\/wp-content\/uploads\/2025\/09\/4638071-627x1024.jpeg\" alt=\"\" class=\"wp-image-2507\" srcset=\"https:\/\/opus-folyoirat.sk\/wp-content\/uploads\/2025\/09\/4638071-627x1024.jpeg 627w, https:\/\/opus-folyoirat.sk\/wp-content\/uploads\/2025\/09\/4638071-184x300.jpeg 184w, https:\/\/opus-folyoirat.sk\/wp-content\/uploads\/2025\/09\/4638071-768x1255.jpeg 768w, https:\/\/opus-folyoirat.sk\/wp-content\/uploads\/2025\/09\/4638071-940x1536.jpeg 940w, https:\/\/opus-folyoirat.sk\/wp-content\/uploads\/2025\/09\/4638071-1254x2048.jpeg 1254w, https:\/\/opus-folyoirat.sk\/wp-content\/uploads\/2025\/09\/4638071.jpeg 1446w\" sizes=\"auto, (max-width: 627px) 100vw, 627px\" \/><\/figure>\n\n\n\n<figure class=\"wp-block-image size-large\"><img loading=\"lazy\" decoding=\"async\" width=\"614\" height=\"1024\" data-id=\"2504\" src=\"https:\/\/opus-folyoirat.sk\/wp-content\/uploads\/2025\/09\/konyvajanlo_sablon-614x1024.jpeg\" alt=\"\" class=\"wp-image-2504\" srcset=\"https:\/\/opus-folyoirat.sk\/wp-content\/uploads\/2025\/09\/konyvajanlo_sablon-614x1024.jpeg 614w, https:\/\/opus-folyoirat.sk\/wp-content\/uploads\/2025\/09\/konyvajanlo_sablon-180x300.jpeg 180w, https:\/\/opus-folyoirat.sk\/wp-content\/uploads\/2025\/09\/konyvajanlo_sablon-768x1280.jpeg 768w, https:\/\/opus-folyoirat.sk\/wp-content\/uploads\/2025\/09\/konyvajanlo_sablon-921x1536.jpeg 921w, https:\/\/opus-folyoirat.sk\/wp-content\/uploads\/2025\/09\/konyvajanlo_sablon-1229x2048.jpeg 1229w, https:\/\/opus-folyoirat.sk\/wp-content\/uploads\/2025\/09\/konyvajanlo_sablon.jpeg 1417w\" sizes=\"auto, (max-width: 614px) 100vw, 614px\" \/><\/figure>\n\n\n\n<figure class=\"wp-block-image size-large\"><img loading=\"lazy\" decoding=\"async\" width=\"655\" height=\"1024\" data-id=\"2505\" src=\"https:\/\/opus-folyoirat.sk\/wp-content\/uploads\/2025\/09\/mecses_a_kodben_-_jezso_akos-655x1024.jpeg\" alt=\"\" class=\"wp-image-2505\" srcset=\"https:\/\/opus-folyoirat.sk\/wp-content\/uploads\/2025\/09\/mecses_a_kodben_-_jezso_akos-655x1024.jpeg 655w, https:\/\/opus-folyoirat.sk\/wp-content\/uploads\/2025\/09\/mecses_a_kodben_-_jezso_akos-192x300.jpeg 192w, https:\/\/opus-folyoirat.sk\/wp-content\/uploads\/2025\/09\/mecses_a_kodben_-_jezso_akos-768x1200.jpeg 768w, https:\/\/opus-folyoirat.sk\/wp-content\/uploads\/2025\/09\/mecses_a_kodben_-_jezso_akos-983x1536.jpeg 983w, https:\/\/opus-folyoirat.sk\/wp-content\/uploads\/2025\/09\/mecses_a_kodben_-_jezso_akos-1311x2048.jpeg 1311w, https:\/\/opus-folyoirat.sk\/wp-content\/uploads\/2025\/09\/mecses_a_kodben_-_jezso_akos.jpeg 1512w\" sizes=\"auto, (max-width: 655px) 100vw, 655px\" \/><\/figure>\n<\/figure>\n\n\n\n<div class=\"wp-block-group is-vertical is-layout-flex wp-container-core-group-is-layout-8cf370e7 wp-block-group-is-layout-flex\">\n<p><strong>Hogyan indult az \u00edr\u00f3i p\u00e1lyafut\u00e1sod, \u00e9s mik voltak az els\u0151 irodalmi ihlet\u0151 \u00e9lm\u00e9nyeid?<\/strong><\/p>\n\n\n\n<p>M\u00e9g \u00e1ltal\u00e1nos iskol\u00e1s voltam, olyan hatodikos-f\u00e9le, amikor valami\u00e9rt felt\u00e9vedtem nagyap\u00e1m padl\u00e1s\u00e1ra. El\u00e1multam, mert ott a tart\u00f3gerend\u00e1k k\u00f6zt egy titkos k\u00f6nyvt\u00e1rat tal\u00e1ltam. Nagysz\u00fcleim nem csak azokat a k\u00f6nyveket rakosgatt\u00e1k fel az ottani k\u00f6nyvszekr\u00e9ny polcaira, amelyek a gyermekeik k\u00f6telez\u0151 iskolai olvasm\u00e1nyai voltak, de azokat is, amelyeket el akartak rejteni az idegen szemek el\u0151l. Ne feledj\u00fck, ez m\u00e9g a kommunizmus id\u0151szaka. Eml\u00e9kszem: az eg\u00e9sz nyarat a padl\u00e1son t\u00f6lt\u00f6ttem, nagymam\u00e1mnak \u00fagy kellett lezavarni onnan a friss leveg\u0151re, j\u00e1tszani. Olvastam Hunyadir\u00f3l, Kinizsir\u0151l, R\u00e1k\u00f3czir\u00f3l \u00e9s 1848 h\u0151seir\u0151l. \u00c1lmaimban pedig \u00e9n is Hunyadi, Kinizsi, R\u00e1k\u00f3czi \u00e9s \u201948-as husz\u00e1r voltam. Az\u00f3ta is szeretem a t\u00f6rt\u00e9nelmet.&nbsp;<br><\/p>\n<\/div>\n\n\n\n<p><\/p>\n\n\n\n<div class=\"wp-block-group is-vertical is-layout-flex wp-container-core-group-is-layout-8cf370e7 wp-block-group-is-layout-flex\">\n<div class=\"wp-block-group is-vertical is-layout-flex wp-container-core-group-is-layout-8cf370e7 wp-block-group-is-layout-flex\">\n<div class=\"wp-block-group is-vertical is-layout-flex wp-container-core-group-is-layout-8cf370e7 wp-block-group-is-layout-flex\">\n<p><strong>Milyen szerepet j\u00e1tszik az \u00e9letedben a felvid\u00e9ki magyars\u00e1g t\u00f6rt\u00e9nelme \u00e9s sorsa?<\/strong><\/p>\n\n\n\n<p>Meghat\u00e1roz\u00f3, hiszen apai \u00e1gon onnan sz\u00e1rmazom. Az im\u00e9nt eml\u00edtett nagyap\u00e1m \u00c9rsek\u00fajv\u00e1ron, nagymam\u00e1m pedig Pozsonyban sz\u00fcletett. Mindez m\u00e9g az els\u0151 vil\u00e1gh\u00e1bor\u00fa el\u0151tt t\u00f6rt\u00e9nt, amikor azt a t\u00e1jat \u00fagy h\u00edvt\u00e1k, hogy \u00c9szak-Magyarorsz\u00e1g, vagy Fels\u0151-Magyarorsz\u00e1g. Nagysz\u00fcleim pedag\u00f3gusok lettek, m\u00e1r az imp\u00e9riumv\u00e1lt\u00e1s ut\u00e1n. Ugyanabban az iskol\u00e1ban tan\u00edtottak, munkahelyi szerelemmel indult kettej\u00fck \u00e9letre sz\u00f3l\u00f3 sz\u00f6vets\u00e9ge. \u00c9desap\u00e1m \u00e9s a testv\u00e9rei mind, a B\u0151s melletti Bak\u00e1n sz\u00fclettek.&nbsp;<\/p>\n<\/div>\n\n\n\n<p>Noha \u00e9n m\u00e1r Budapesten l\u00e1ttam meg a napvil\u00e1got, hiszen csal\u00e1domat 1946-ban kitelep\u00edtett\u00e9k Magyarorsz\u00e1gra, magamat m\u00e9gis a Csall\u00f3k\u00f6z gyermek\u00e9nek tartom.<br><\/p>\n\n\n\n<p><\/p>\n<\/div>\n<\/div>\n\n\n\n<p><\/p>\n\n\n\n<div class=\"wp-block-group is-vertical is-layout-flex wp-container-core-group-is-layout-8cf370e7 wp-block-group-is-layout-flex\">\n<p><\/p>\n\n\n\n<p><strong>Mi motiv\u00e1lt legink\u00e1bb \u00edr\u00e1sra? Vannak-e szem\u00e9lyes \u00e9lm\u00e9nyek, csal\u00e1di t\u00f6rt\u00e9netek, amik visszat\u00e9r\u0151en megjelennek a munk\u00e1idban?<\/strong><\/p>\n\n\n\n<p>\u00d3, a csal\u00e1di legend\u00e1rium nagyon is sok \u00e9lm\u00e9ny\u00e9t sz\u0151ttem bele a reg\u00e9nyeimbe, de \u00e9n ezt nem sz\u00e9gyellem, mert \u00fagy gondolom, ez csak er\u0151s\u00edti a m\u0171 hiteless\u00e9g\u00e9t. Szerintem a t\u00f6rt\u00e9nelmi reg\u00e9nyek eset\u00e9ben alapk\u00f6vetelm\u00e9ny a hiteless\u00e9g. &nbsp;<br><\/p>\n\n\n\n<p><\/p>\n<\/div>\n\n\n\n<p><\/p>\n\n\n\n<div class=\"wp-block-group is-vertical is-layout-flex wp-container-core-group-is-layout-8cf370e7 wp-block-group-is-layout-flex\">\n<p><strong>Hogyan v\u00e1lasztod ki a t\u00e9m\u00e1kat? Mi alapj\u00e1n d\u00f6nt\u00f6d el, hogy milyen korszakot vagy esem\u00e9nyt dolgozol fel?<\/strong><\/p>\n\n\n\n<p>Ez \u00f6ntudatlan d\u00f6nt\u00e9s k\u00e9rd\u00e9se. Valahogy egyszer csak bekopogtat az \u00f6tlet, azt\u00e1n sok\u00e1ig csak bar\u00e1tkozom vele, ha pedig egym\u00e1s tenyer\u00e9be csapunk, akkor neki l\u00e1tok a munk\u00e1nak. El\u0151sz\u00f6r mindig a t\u00f6rt\u00e9nelmi h\u00e1tteret j\u00e1rom k\u00f6rbe, s csak azut\u00e1n kezdek neki az \u00edr\u00e1snak.&nbsp;<\/p>\n\n\n\n<p><br><\/p>\n<\/div>\n\n\n\n<div class=\"wp-block-group is-vertical is-layout-flex wp-container-core-group-is-layout-8cf370e7 wp-block-group-is-layout-flex\">\n<p><strong>Mi inspir\u00e1lt arra, hogy meg\u00edrd az \u201e\u00c9jf\u00e9lre kialszanak a l\u00e1ngok\u201d c\u00edm\u0171 reg\u00e9nyt, amely a felvid\u00e9ki magyars\u00e1g 20. sz\u00e1zadi t\u00f6rt\u00e9nelm\u00e9t bemutat\u00f3 tril\u00f3gia harmadik, teh\u00e1t z\u00e1r\u00f3 k\u00f6tete?<\/strong><\/p>\n\n\n\n<p>Eredetileg is h\u00e1rom k\u00f6tetben gondolkoztam. Az els\u0151, \u201eMegyek t\u00falra\u201d c\u00edm\u0171 k\u00f6tetben megteremtettem egy dunaszerdahelyi ikerp\u00e1r alakj\u00e1t. Mint k\u00e9t toj\u00e1s, \u00fagy hasonl\u00edtanak egym\u00e1sra. N\u0151k, vagyis az \u00e9let tov\u00e1bbad\u00f3i. \u00c9letvid\u00e1m dunaszerdahelyi le\u00e1nyk\u00e1k. Szememben ez az ikerp\u00e1r az egys\u00e9ges \u00e9s oszthatatlan magyar nemzet jelk\u00e9pe. \u0150ket, rajtuk kereszt\u00fcl pedig csal\u00e1djaikat v\u00e1gja sz\u00e9t az \u00e1llamhat\u00e1r. Egyik ide, m\u00e1sik oda ker\u00fcl, k\u00f6zt\u00fck pedig a sz\u00e9lesen h\u00f6mp\u00f6lyg\u0151 Duna. Az els\u0151 k\u00f6nyv Trianon els\u0151 nemzed\u00e9k\u00e9nek t\u00f6rt\u00e9nete, a m\u00e1sodik a m\u00e1sodik\u00e9, a harmadik k\u00f6tet pedig a harmadik nemzed\u00e9k \u00e9let\u00e9t mutatja be, vagyis a mi korunkat, a jelent. S mik\u00f6zben az id\u0151 vast\u00f6rv\u00e9nye alapj\u00e1n \u00e9li az \u00e1llamhat\u00e1r k\u00e9t, ellent\u00e9tes oldal\u00e1ra k\u00e9nyszer\u00edtett csal\u00e1d a maga \u00e9let\u00e9t, az olvas\u00f3 el\u0151tt megelevenedik a t\u00f6rt\u00e9nelem. Mindaz, ami az elm\u00falt sz\u00e1z \u00e9v sor\u00e1n megt\u00f6rt\u00e9nt Csehszlov\u00e1ki\u00e1ban, majd Szlov\u00e1ki\u00e1ban, valamint Magyarorsz\u00e1gon. Nem csak a hat\u00e1rtologat\u00e1s, de a kitelep\u00edt\u00e9s, az asszimil\u00e1ci\u00f3, a deport\u00e1l\u00e1s is, no meg a mindennapi \u00e9let. A kommunista rendszer gerincmegt\u00f6r\u0151 elvt\u00e1rsi id\u0151szaka \u00e9pp \u00fagy megjelenik a tril\u00f3gi\u00e1ban, mint mondjuk a vegyesh\u00e1zass\u00e1g gondjai, vagy a nemzeti gy\u0171l\u00f6lk\u00f6d\u00e9s \u00e9rz\u00fclete, a b\u0171n \u00e9s b\u0171nh\u0151d\u00e9s k\u00e9rd\u00e9sk\u00f6re. De a szeretet is, hiszen en\u00e9lk\u00fcl mindezt nem lehet t\u00fal\u00e9lni. Ez az, ami m\u00e9g a legnehezebb id\u0151kben is er\u0151t ad. A hit, rem\u00e9ny \u00e9s a szeretet, amely nem csak a sz\u00fcl\u0151f\u00f6ldre ir\u00e1nyul, hanem a m\u00e1sik ember fel\u00e9 is. M\u00e1rpedig ennek kell \u00f6sszek\u00f6tni benn\u00fcnket, erre a h\u00eddra kell \u00e9p\u00edteni, nem a gy\u0171l\u00f6lk\u00f6d\u00e9sre. Csakhogy ennek egyik el\u0151felt\u00e9tele az \u0151szintes\u00e9g. Az, hogy mindenki elmondhassa, hogy neki mi f\u00e1j, mi az, ami b\u00e1ntja. Magyar is \u00e9s szlov\u00e1k is rakja ki a s\u00e9rtetts\u00e9g batyuj\u00e1t az asztalra, hogy \u0151szint\u00e9n besz\u00e9lhess\u00fcnk r\u00f3la. Mert ha szemben\u00e9zt\u00fcnk a d\u00e9monjainkkal, ha nev\u00e9n nevezt\u00fck a mumust, akkor az m\u00e1r nem fog b\u00e1ntani.<\/p>\n\n\n\n<p><br><\/p>\n<\/div>\n\n\n\n<div class=\"wp-block-group is-vertical is-layout-flex wp-container-core-group-is-layout-8cf370e7 wp-block-group-is-layout-flex\">\n<p><strong>A k\u00f6tet hogyan folytatja \u00e9s z\u00e1rja le a tril\u00f3gi\u00e1t a kor\u00e1bbi \u201eMegyek t\u00falra\u201d \u00e9s \u201eM\u00e9cses a k\u00f6dben\u201d reg\u00e9nyek ut\u00e1n?<\/strong><\/p>\n\n\n\n<p>Ez a h\u00e1rom reg\u00e9ny \u00fagy k\u00e9pez szerves egys\u00e9get, hogy k\u00f6zben h\u00e1rom nemzed\u00e9k \u00e9let\u00e9t mutatja be. A harmadik, vagyis most megjelent k\u00f6tet napjaink t\u00e1rsadalmi probl\u00e9m\u00e1j\u00e1val foglalkozik.&nbsp;<br><\/p>\n\n\n\n<p><\/p>\n<\/div>\n\n\n\n<p><\/p>\n\n\n\n<div class=\"wp-block-group is-vertical is-layout-flex wp-container-core-group-is-layout-8cf370e7 wp-block-group-is-layout-flex\">\n<p><strong>Az \u00faj reg\u00e9nyben milyen \u00fajszer\u0171 reg\u00e9nyszerkezeti eszk\u00f6z\u00f6ket alkalmazt\u00e1l, amelyek k\u00fcl\u00f6nb\u00f6znek a kor\u00e1bbiakt\u00f3l?<\/strong><\/p>\n\n\n\n<p>Technikai \u00e9s tematikus v\u00e1ltoz\u00e1sok is vannak. Ami az el\u0151bbit illeti, az els\u0151 k\u00e9t reg\u00e9ny id\u0151s\u00edkja a kronol\u00f3gia szab\u00e1lyai szerint halad el\u0151re. A harmadikn\u00e1l \u00fagy haladunk az id\u0151ben el\u0151re, hogy k\u00f6zben folyamatosan visszat\u00e9r\u00fcnk a m\u00faltba. Ezt egyr\u00e9sz az\u00e9rt tettem, mert \u00fagy gondolom, hogy a m\u00faltunk alapvet\u0151en befoly\u00e1solja a jelen\u00fcnket, ez\u00e1ltal pedig kihat a j\u00f6v\u0151nkre. M\u00e1sr\u00e9szt pedig ezzel a technik\u00e1val is \u00f6sszek\u00f6t\u00f6ttem a h\u00e1rom k\u00f6tetet, hiszen azok szerves egys\u00e9get k\u00e9peznek.<br><\/p>\n\n\n\n<p><\/p>\n<\/div>\n\n\n\n<p><\/p>\n\n\n\n<div class=\"wp-block-group is-vertical is-layout-flex wp-container-core-group-is-layout-8cf370e7 wp-block-group-is-layout-flex\">\n<p><strong>A k\u00f6nyv hangs\u00falyosan foglalkozik a nemzeti sorsk\u00e9rd\u00e9sekkel \u00e9s identit\u00e1ssal. Hogyan jelenik meg a sz\u00f6vegben ez a k\u00e9t n\u00e9z\u0151pont, vagyis a felvid\u00e9ki \u00e9s a budapesti?<\/strong><\/p>\n\n\n\n<p>Az els\u0151 k\u00e9t k\u00f6tetben egy\u00e9rtelm\u0171en a felvid\u00e9ki n\u00e9z\u0151pont domin\u00e1l, hiszen minden a Csall\u00f3k\u00f6zb\u0151l, Dunaszerdahelyr\u0151l indul. Az ott \u00e9l\u0151 emberek \u00e9let\u00e9t mutatom be. A csall\u00f3k\u00f6zi emberek szem\u00e9vel n\u00e9zek Budapestre. Onnant\u00f3l kezdve, hogy az ikerp\u00e1r egyik tagj\u00e1nak a csal\u00e1dj\u00e1t kitelep\u00edtik Magyarorsz\u00e1gra, a k\u00e9t orsz\u00e1gban p\u00e1rhuzamosan halad tov\u00e1bb a t\u00f6rt\u00e9net. Hangs\u00falyozom, a val\u00f3s\u00e1gnak megfelel\u0151 t\u00f6rt\u00e9nelmi keretek k\u00f6z\u00f6tt j\u00e1tsz\u00f3dik a fikci\u00f3s reg\u00e9ny cselekm\u00e9nye. Mivel a hiteless\u00e9g nagyon fontos szempont volt, nem ker\u00fclhettem ki azt a probl\u00e9m\u00e1t, amely miatt sz\u00e1z \u00e9v alatt a fel\u00e9re apadt a szlov\u00e1kiai magyars\u00e1g l\u00e9tsz\u00e1ma. Ezt a t\u00e9m\u00e1t a harmadik, most megjelent k\u00f6tetben j\u00e1rom k\u00f6r\u00fcl. &nbsp;<br><\/p>\n\n\n\n<p><\/p>\n<\/div>\n\n\n\n<p><\/p>\n\n\n\n<div class=\"wp-block-group is-vertical is-layout-flex wp-container-core-group-is-layout-8cf370e7 wp-block-group-is-layout-flex\">\n<div class=\"wp-block-group is-vertical is-layout-flex wp-container-core-group-is-layout-8cf370e7 wp-block-group-is-layout-flex\">\n<p><strong>Mik a legfontosabb \u00fczenetek, amiket szerett\u00e9l volna \u00e1tadni az olvas\u00f3knak a&nbsp;felvid\u00e9ki magyars\u00e1g t\u00f6rt\u00e9nelm\u00e9r\u0151l \u00e9s jelen\u00e9r\u0151l?<\/strong><\/p>\n\n\n\n<p>Azt, hogy van rem\u00e9ny. Hogy tisztelj\u00fck a sz\u00fcleinket, \u0151seinket, a sz\u00fcl\u0151f\u00f6ld\u00fcnket \u00e9s a m\u00faltunkat. Egyiket se hagyjuk el! Ha ezt betartjuk, akkor megmaradunk.&nbsp;<br><\/p>\n\n\n\n<p><\/p>\n<\/div>\n<\/div>\n\n\n\n<p><\/p>\n\n\n\n<div class=\"wp-block-group is-vertical is-layout-flex wp-container-core-group-is-layout-8cf370e7 wp-block-group-is-layout-flex\">\n<p><strong>Hogyan l\u00e1tod a magyar kisebbs\u00e9gi irodalom helyzet\u00e9t ma, \u00e9s milyen szerepet k\u00edv\u00e1nsz bet\u00f6lteni ebben a saj\u00e1t munk\u00e1ss\u00e1goddal?<\/strong><\/p>\n\n\n\n<p>A Bibli\u00e1ban M\u00f3zes parancsba adja: \u201e<em>Vigy\u00e1zz nagyon magadra, hogy meg ne feledkezz azokr\u00f3l, amiket saj\u00e1t szemeddel l\u00e1tt\u00e1l; ne vesszenek el eml\u00e9kezetedb\u0151l eg\u00e9sz \u00e9letedben! Ismertesd meg azokat fiaiddal \u00e9s unok\u00e1iddal is<\/em>\u201d (5 M\u00f3z. 4,9). Ezt, a biblikus \u00fczenetet szolg\u00e1lom. Sz\u00edvesen seg\u00edtek, ha tudok, de \u00e9n a hat\u00e1r m\u00e1sik oldal\u00e1n, Magyarorsz\u00e1gon \u00e9lek, az itteni magyars\u00e1g mindennapi \u00e9let\u00e9ben nem veszek r\u00e9szt. Ha azonban megh\u00edvnak \u00edr\u00f3-olvas\u00f3 tal\u00e1lkoz\u00f3ra, akkor oda sz\u00edvesen megyek. Ha megh\u00edvnak, hogy fiataloknak besz\u00e9ljek, \u00f6r\u00f6mmel megteszem.<br><\/p>\n\n\n\n<p><\/p>\n<\/div>\n\n\n\n<p><\/p>\n\n\n\n<div class=\"wp-block-group is-vertical is-layout-flex wp-container-core-group-is-layout-8cf370e7 wp-block-group-is-layout-flex\">\n<p><strong>Tervben van-e az, hogy tov\u00e1bbi m\u0171veket \u00edrj a t\u00e9m\u00e1ban vagy m\u00e1s t\u00f6rt\u00e9nelmi korszakokr\u00f3l?<\/strong><\/p>\n\n\n\n<p>A t\u00f6rt\u00e9nelem nagyap\u00e1m titkos k\u00f6nyvt\u00e1r\u00e1ban egy \u00e9letre belopta mag\u00e1t a sz\u00edvembe, tov\u00e1bbra is ezen a ter\u00fcleten szeretn\u00e9k mozogni. Sok \u00f6tletem, tervem van m\u00e9g.<\/p>\n\n\n\n<p><\/p>\n\n\n\n<p class=\"has-text-align-right\"><em>Nagy Erika<\/em><\/p>\n\n\n\n<p><\/p>\n\n\n\n<p class=\"has-text-align-right\"><\/p>\n<\/div>\n","protected":false},"excerpt":{"rendered":"<p>Interj\u00fa a 60 \u00e9ves Jezs\u00f3 \u00c1kossal Jezs\u00f3 \u00c1kos csal\u00e1di h\u00e1ttere szorosan k\u00f6t\u0151dik a Felvid\u00e9khez, mivel nagysz\u00fclei m\u00e9g a csall\u00f3k\u00f6zi Bak\u00e1n \u00e9ltek, \u00e9s a csal\u00e1d t\u00f6rt\u00e9nete a felvid\u00e9ki magyars\u00e1g XX. sz\u00e1zadi sors\u00e1t t\u00fckr\u00f6zi. A tril\u00f3gi\u00e1ja, vagyis a Megyek t\u00falra (2017), a &hellip; <a href=\"https:\/\/opus-folyoirat.sk\/?page_id=2503\">Egy kattint\u00e1s ide a folytat\u00e1shoz&#8230;. <span class=\"meta-nav\">&rarr;<\/span><\/a><\/p>\n","protected":false},"author":4,"featured_media":0,"parent":0,"menu_order":0,"comment_status":"closed","ping_status":"closed","template":"","meta":{"footnotes":""},"class_list":["post-2503","page","type-page","status-publish","hentry"],"_links":{"self":[{"href":"https:\/\/opus-folyoirat.sk\/index.php?rest_route=\/wp\/v2\/pages\/2503","targetHints":{"allow":["GET"]}}],"collection":[{"href":"https:\/\/opus-folyoirat.sk\/index.php?rest_route=\/wp\/v2\/pages"}],"about":[{"href":"https:\/\/opus-folyoirat.sk\/index.php?rest_route=\/wp\/v2\/types\/page"}],"author":[{"embeddable":true,"href":"https:\/\/opus-folyoirat.sk\/index.php?rest_route=\/wp\/v2\/users\/4"}],"replies":[{"embeddable":true,"href":"https:\/\/opus-folyoirat.sk\/index.php?rest_route=%2Fwp%2Fv2%2Fcomments&post=2503"}],"version-history":[{"count":10,"href":"https:\/\/opus-folyoirat.sk\/index.php?rest_route=\/wp\/v2\/pages\/2503\/revisions"}],"predecessor-version":[{"id":3077,"href":"https:\/\/opus-folyoirat.sk\/index.php?rest_route=\/wp\/v2\/pages\/2503\/revisions\/3077"}],"wp:attachment":[{"href":"https:\/\/opus-folyoirat.sk\/index.php?rest_route=%2Fwp%2Fv2%2Fmedia&parent=2503"}],"curies":[{"name":"wp","href":"https:\/\/api.w.org\/{rel}","templated":true}]}}