{"id":2524,"date":"2025-02-04T12:20:00","date_gmt":"2025-02-04T10:20:00","guid":{"rendered":"https:\/\/opus-folyoirat.sk\/?page_id=2524"},"modified":"2025-11-19T00:34:31","modified_gmt":"2025-11-18T22:34:31","slug":"tuske-laszlo-versei","status":"publish","type":"page","link":"https:\/\/opus-folyoirat.sk\/?page_id=2524","title":{"rendered":"T\u00fcske L\u00e1szl\u00f3 versei"},"content":{"rendered":"<div class=\"has-text-align-right wp-block-post-date\"><time datetime=\"2025-02-04T12:20:00+02:00\">2025-02-04<\/time><\/div>\n\n\n<div class=\"wp-block-group is-vertical is-layout-flex wp-container-core-group-is-layout-8cf370e7 wp-block-group-is-layout-flex\">\n<p><strong>Tea<\/strong><\/p>\n\n\n\n<p>Igen, eml\u00e9kszem Istenre.<\/p>\n\n\n\n<p>Leseg\u00edtem a kab\u00e1tj\u00e1t, j\u00f6jj\u00f6n.<\/p>\n\n\n\n<p>Te\u00e1zzon velem, k\u00e9rem,<\/p>\n\n\n\n<p>egy\u00e9bk\u00e9nt is ilyenkor szoktam.<\/p>\n\n\n\n<p>De a m\u00e1sik fotelbe tal\u00e1n,&nbsp;<\/p>\n\n\n\n<p>k\u00f6zelebb h\u00fazom a t\u0171zh\u00f6z,<\/p>\n\n\n\n<p>d\u0151lj\u00f6n nyugodtan h\u00e1tra,<\/p>\n\n\n\n<p>a meleg ma annyira j\u00f3lesik.<\/p>\n\n\n\n<p>Citrommal k\u00e9ri vagy ink\u00e1bb tejjel?&nbsp;<\/p>\n\n\n\n<p>Igen? Tejjel csak D\u00e9len szokta?<\/p>\n\n\n\n<p>Merthogy \u00fagy gazdagabb?<\/p>\n\n\n\n<p>\u00c9s itt meg, t\u00e9lid\u0151n. Meglehet.<\/p>\n\n\n\n<p>Esteledik, de ugye<\/p>\n\n\n\n<p>nem zavarja ez a f\u00e9lhom\u00e1ly?&nbsp;<\/p>\n\n\n\n<p>Nem gy\u00fajtan\u00e9k l\u00e1mp\u00e1t, s tal\u00e1n<\/p>\n\n\n\n<p>el\u00e9g is te\u00e1nk aranyl\u00f3 dereng\u00e9se,<\/p>\n\n\n\n<p>tudja m\u00e1r r\u00e9g\u00f3ta v\u00e1rtam.<\/p>\n\n\n\n<p>Hadd n\u00e9zzem a kez\u00e9t.&nbsp;<\/p>\n<\/div>\n\n\n\n<p><\/p>\n\n\n\n<p><\/p>\n\n\n\n<div class=\"wp-block-group is-vertical is-layout-flex wp-container-core-group-is-layout-8cf370e7 wp-block-group-is-layout-flex\">\n<p><strong>Vigasz<\/strong><\/p>\n\n\n\n<p>Herm\u00e9sz, no persze, zaklatott.<\/p>\n\n\n\n<p>Bok\u00e1n a sz\u00e1rnyak dadogva verdes\u0151k,<\/p>\n\n\n\n<p>hogy f\u00f6lfel\u00e9, csak f\u00f6lfel\u00e9<\/p>\n\n\n\n<p>\u00e9s mindig f\u00f6lfel\u00e9.<\/p>\n\n\n\n<p><\/p>\n\n\n\n<p><\/p>\n\n\n\n<p>T\u00f6rv\u00e9ny szerint<\/p>\n\n\n\n<p>k\u00eds\u00e9rni kell az \u00e1rnyat itt, a n\u0151t,<\/p>\n\n\n\n<p>eg\u00e9sz vil\u00e1ggal v\u00e1lthat\u00f3 k\u00f6penybe-rejtez\u0151t,<\/p>\n\n\n\n<p>s mellette ott, a b\u00fcszke-f\u00fcrt\u0171<\/p>\n\n\n\n<p>izzadt-b\u00fcd\u00f6s nagy f\u00e9rfi-\u00e1llatot,<\/p>\n\n\n\n<p>lant-penget\u0151t!<\/p>\n\n\n\n<p><\/p>\n\n\n\n<p><\/p>\n\n\n\n<p>Fordulna meg! \u2013 zih\u00e1lja, mag\u00e1ba fojtva,<\/p>\n\n\n\n<p>bel\u00fcl tal\u00e1n ord\u00edtja m\u00e1r.<\/p>\n\n\n\n<p>A kaptat\u00f3n haladnak mind\u00f6r\u00f6kre, tudhatod,<\/p>\n\n\n\n<p>Mi kellene m\u00e9g a lant ut\u00e1n neki?<\/p>\n\n\n\n<p>Ny\u00falna cselhez, \u00e1llna hull\u00e1mz\u00f3n, s hangtalan<\/p>\n\n\n\n<p>vagy lass\u00edtan\u00e1 a l\u00e9pteit,&nbsp;<\/p>\n\n\n\n<p>hogy torpanna meg,&nbsp;<\/p>\n\n\n\n<p>fordulna vissza \u0151!<\/p>\n\n\n\n<p>Zuhanna, d\u00f6ngve d\u0151lne, riadna h\u00e1tra \u0151!<\/p>\n\n\n\n<p>\u00c9s haladnak, mennek egyre,<\/p>\n\n\n\n<p>s egyre f\u00f6lfel\u00e9.<\/p>\n\n\n\n<p><\/p>\n\n\n\n<p><\/p>\n\n\n\n<p>De h\u00e1t nem tudja,<\/p>\n\n\n\n<p>bottal most is h\u00edrhoz\u00f3,&nbsp;<\/p>\n\n\n\n<p>nem sejti m\u00e9g, hogy m\u00e1ris v\u00e9ge van.<\/p>\n\n\n\n<p>Hogy v\u00e9ge van, nem \u00e9rti, isten, f\u00f6l se fogja,&nbsp;<\/p>\n\n\n\n<p>hogy Orfeusz mosollyal<\/p>\n\n\n\n<p>s tal\u00e1n kev\u00e9s vigasszal int neki:<\/p>\n\n\n\n<p>               Semmi baj bar\u00e1tom,&nbsp;<\/p>\n\n\n\n<p>csak semmi izgalom, Herm\u00e9sz!<\/p>\n\n\n\n<p>\u00c9n visszafordulok.<\/p>\n<\/div>\n\n\n\n<p><\/p>\n\n\n\n<p><\/p>\n\n\n\n<div class=\"wp-block-group is-vertical is-layout-flex wp-container-core-group-is-layout-8cf370e7 wp-block-group-is-layout-flex\">\n<p><strong>S\u00e9takert<\/strong><\/p>\n\n\n\n<p>Most megdermed a s\u00farl\u00f3 f\u00e9ny<\/p>\n\n\n\n<p>a karcs\u00fa ciprusok k\u00f6z\u00f6tt<\/p>\n\n\n\n<p>egy pillanatra \u00e9s a S\u00e9takertre<\/p>\n\n\n\n<p>narancsos m\u00e9zillat ereszkedik.<\/p>\n\n\n\n<p>A hossz\u00fa m\u00e9ly avarban \u00f6sv\u00e9nyt<\/p>\n\n\n\n<p>hoznak ismer\u0151s l\u00e9pteid,<\/p>\n\n\n\n<p>s mint a cs\u00f6nd, ami megsz\u00f3l\u00edt,<\/p>\n\n\n\n<p>bel\u00fclr\u0151l ind\u00edt meg a hazat\u00e9r\u00e9s.<\/p>\n\n\n\n<p><\/p>\n\n\n\n<p><\/p>\n\n\n\n<p>S ahogy a f\u00fcled m\u00f6g\u00f6tt j\u00e1tszik,&nbsp;<\/p>\n\n\n\n<p>ahogy meglep az illat\u00e1val,&nbsp;<\/p>\n\n\n\n<p>ahogy a hajadba borzolja mag\u00e1t \u2013,<\/p>\n\n\n\n<p>m\u00falhatatlan ez a megt\u00e9r\u0151<\/p>\n\n\n\n<p>lass\u00fa sz\u00e9l itt, ak\u00e1r a l\u00e9lek.&nbsp;<\/p>\n\n\n\n<p>S mint az \u00fat, a k\u0151, a ciprusok, olyan.<\/p>\n\n\n\n<p>Nem k\u00e9rdeznek, elfogadnak&nbsp;<\/p>\n\n\n\n<p>\u00fatnak \u00e9s k\u0151nek \u00e9s ciprusoknak.&nbsp;<\/p>\n<\/div>\n\n\n\n<p><\/p>\n\n\n\n<p><\/p>\n\n\n\n<div class=\"wp-block-group is-vertical is-layout-flex wp-container-core-group-is-layout-8cf370e7 wp-block-group-is-layout-flex\">\n<p><strong>P\u00e1lm\u00e1k<\/strong><\/p>\n\n\n\n<p>Kis k\u00f6veim vannak,<\/p>\n\n\n\n<p>bab\u00e9rlev\u00e9l Mexik\u00f3b\u00f3l,<\/p>\n\n\n\n<p>utcak\u0151 \u00f6kl\u00f6mnyi Oxfordb\u00f3l<\/p>\n\n\n\n<p>\u00e9s piros lovacska m\u00e9g \u2013,<\/p>\n\n\n\n<p>ennyire lenn\u00e9k.<\/p>\n\n\n\n<p><\/p>\n\n\n\n<p><\/p>\n\n\n\n<p>A v\u00e1rosban, arr\u00e9bb, szikomorf\u00e1k<\/p>\n\n\n\n<p>vannak, meg p\u00e1lm\u00e1k.<\/p>\n\n\n\n<p>\u00c9s t\u0171hegyes k\u00f6zt\u00fck az \u00e1rny\u00e9k.<\/p>\n\n\n\n<p>De m\u00e1r nem nyitok ajt\u00f3t.<\/p>\n\n\n\n<p>Meddig is l\u00e1tn\u00e9k?<\/p>\n\n\n\n<p><\/p>\n\n\n\n<p><\/p>\n\n\n\n<p>\u00d3, hogy n\u00e9zek k\u00f6zelg\u0151 t\u00fals\u00f3 partra,&nbsp;<\/p>\n\n\n\n<p>a nyugati partra \u00e1t,<\/p>\n\n\n\n<p>innen,&nbsp;<\/p>\n\n\n\n<p>hol ennyi a kincsem \u2013 ,&nbsp;<\/p>\n\n\n\n<p>\u00e9s mikor mintha nem is k\u00f6sz\u00f6nn\u00e9k m\u00e1r.<\/p>\n<\/div>\n\n\n\n<p><\/p>\n\n\n\n<p><\/p>\n\n\n\n<div class=\"wp-block-group is-vertical is-layout-flex wp-container-core-group-is-layout-8cf370e7 wp-block-group-is-layout-flex\">\n<p><strong>R\u00e9szes\u00fcl<\/strong><\/p>\n\n\n\n<p>          <em>Pet\u00e9nyi eml\u00e9k Kisbali L\u00e1szl\u00f3nak<\/em><\/p>\n\n\n\n<p>Huszon\u00f6t vagy harminc \u00e9ve&nbsp;<\/p>\n\n\n\n<p>egy\u00fctt s\u00e9t\u00e1ltunk d\u00e9lid\u0151ben&nbsp;<\/p>\n\n\n\n<p>j\u00fanius huszonegyedik\u00e9n,&nbsp;<\/p>\n\n\n\n<p>a gy\u00fcm\u00f6lcs\u00f6s\u00f6k, r\u00e9tek mellett,&nbsp;<\/p>\n\n\n\n<p>besz\u00e9lgetve mindenr\u0151l m\u00e9g.<\/p>\n\n\n\n<p><\/p>\n\n\n\n<p><\/p>\n\n\n\n<p>Egyed\u00fcl mentem ki hozz\u00e1d,&nbsp;<\/p>\n\n\n\n<p>a Napra eml\u00e9kszem, meg a sz\u00f3ra,&nbsp;<\/p>\n\n\n\n<p>ahogy felsz\u00e1llt a hang a cs\u00f6ndben,&nbsp;<\/p>\n\n\n\n<p>libbent \u00e9s az\u00f3ta is hull\u00e1mzik tal\u00e1n&nbsp;<\/p>\n\n\n\n<p>az Andromeda k\u00f6djei fel\u00e9.<\/p>\n\n\n\n<p><\/p>\n\n\n\n<p><\/p>\n\n\n\n<p>A fel\u00faj\u00edtott kast\u00e9ly vasker\u00edt\u00e9se&nbsp;<\/p>\n\n\n\n<p>vastagon eresztette mag\u00e1b\u00f3l&nbsp;<\/p>\n\n\n\n<p>a frissen festetts\u00e9g izgalmait.&nbsp;<\/p>\n\n\n\n<p>De nem t\u0171zt\u00fck ki r\u00e1 a &#8222;Festve&#8221;&nbsp;<\/p>\n\n\n\n<p>pap\u00edrlapot mi sem.&nbsp;Csak \u00e1lltunk.<\/p>\n\n\n\n<p>&nbsp;<\/p>\n\n\n\n<p>Azt\u00e1n a melegt\u0151l h\u00f3lyagz\u00f3&nbsp;bitumen&nbsp;<\/p>\n\n\n\n<p>f\u00f6l\u00f6tt mintha \u00f6sszen\u00e9zett volna&nbsp;<\/p>\n\n\n\n<p>vel\u00fcnk a kert, ahogy lass\u00fa levelekkel&nbsp;<\/p>\n\n\n\n<p>r\u00e1mutatott a Napra. Rend van.&nbsp;<\/p>\n\n\n\n<p>Sosem delelhet enn\u00e9l \u00e9szakabbra.&nbsp;<\/p>\n<\/div>\n\n\n\n<p><\/p>\n","protected":false},"excerpt":{"rendered":"<p>Tea Igen, eml\u00e9kszem Istenre. Leseg\u00edtem a kab\u00e1tj\u00e1t, j\u00f6jj\u00f6n. Te\u00e1zzon velem, k\u00e9rem, egy\u00e9bk\u00e9nt is ilyenkor szoktam. De a m\u00e1sik fotelbe tal\u00e1n,&nbsp; k\u00f6zelebb h\u00fazom a t\u0171zh\u00f6z, d\u0151lj\u00f6n nyugodtan h\u00e1tra, a meleg ma annyira j\u00f3lesik. Citrommal k\u00e9ri vagy ink\u00e1bb tejjel?&nbsp; Igen? Tejjel csak &hellip; <a href=\"https:\/\/opus-folyoirat.sk\/?page_id=2524\">Egy kattint\u00e1s ide a folytat\u00e1shoz&#8230;. <span class=\"meta-nav\">&rarr;<\/span><\/a><\/p>\n","protected":false},"author":4,"featured_media":0,"parent":0,"menu_order":0,"comment_status":"closed","ping_status":"closed","template":"","meta":{"footnotes":""},"class_list":["post-2524","page","type-page","status-publish","hentry"],"_links":{"self":[{"href":"https:\/\/opus-folyoirat.sk\/index.php?rest_route=\/wp\/v2\/pages\/2524","targetHints":{"allow":["GET"]}}],"collection":[{"href":"https:\/\/opus-folyoirat.sk\/index.php?rest_route=\/wp\/v2\/pages"}],"about":[{"href":"https:\/\/opus-folyoirat.sk\/index.php?rest_route=\/wp\/v2\/types\/page"}],"author":[{"embeddable":true,"href":"https:\/\/opus-folyoirat.sk\/index.php?rest_route=\/wp\/v2\/users\/4"}],"replies":[{"embeddable":true,"href":"https:\/\/opus-folyoirat.sk\/index.php?rest_route=%2Fwp%2Fv2%2Fcomments&post=2524"}],"version-history":[{"count":7,"href":"https:\/\/opus-folyoirat.sk\/index.php?rest_route=\/wp\/v2\/pages\/2524\/revisions"}],"predecessor-version":[{"id":2947,"href":"https:\/\/opus-folyoirat.sk\/index.php?rest_route=\/wp\/v2\/pages\/2524\/revisions\/2947"}],"wp:attachment":[{"href":"https:\/\/opus-folyoirat.sk\/index.php?rest_route=%2Fwp%2Fv2%2Fmedia&parent=2524"}],"curies":[{"name":"wp","href":"https:\/\/api.w.org\/{rel}","templated":true}]}}

Tüske László versei

<div class="has-text-align-right wp-block-post-date"><time datetime="2025-02-04T12:20:00+02:00">2025-02-04</time></div>


<div class="wp-block-group is-vertical is-layout-flex wp-container-core-group-is-layout-8cf370e7 wp-block-group-is-layout-flex">
<p><strong>Tea</strong></p>



<p>Igen, emlékszem Istenre.</p>



<p>Lesegítem a kabátját, jöjjön.</p>



<p>Teázzon velem, kérem,</p>



<p>egyébként is ilyenkor szoktam.</p>



<p>De a másik fotelbe talán,&nbsp;</p>



<p>közelebb húzom a tűzhöz,</p>



<p>dőljön nyugodtan hátra,</p>



<p>a meleg ma annyira jólesik.</p>



<p>Citrommal kéri vagy inkább tejjel?&nbsp;</p>



<p>Igen? Tejjel csak Délen szokta?</p>



<p>Merthogy úgy gazdagabb?</p>



<p>És itt meg, télidőn. Meglehet.</p>



<p>Esteledik, de ugye</p>



<p>nem zavarja ez a félhomály?&nbsp;</p>



<p>Nem gyújtanék lámpát, s talán</p>



<p>elég is teánk aranyló derengése,</p>



<p>tudja már régóta vártam.</p>



<p>Hadd nézzem a kezét.&nbsp;</p>
</div>



<p></p>



<p></p>



<div class="wp-block-group is-vertical is-layout-flex wp-container-core-group-is-layout-8cf370e7 wp-block-group-is-layout-flex">
<p><strong>Vigasz</strong></p>



<p>Hermész, no persze, zaklatott.</p>



<p>Bokán a szárnyak dadogva verdesők,</p>



<p>hogy fölfelé, csak fölfelé</p>



<p>és mindig fölfelé.</p>



<p></p>



<p></p>



<p>Törvény szerint</p>



<p>kísérni kell az árnyat itt, a nőt,</p>



<p>egész világgal váltható köpenybe-rejtezőt,</p>



<p>s mellette ott, a büszke-fürtű</p>



<p>izzadt-büdös nagy férfi-állatot,</p>



<p>lant-pengetőt!</p>



<p></p>



<p></p>



<p>Fordulna meg! – zihálja, magába fojtva,</p>



<p>belül talán ordítja már.</p>



<p>A kaptatón haladnak mindörökre, tudhatod,</p>



<p>Mi kellene még a lant után neki?</p>



<p>Nyúlna cselhez, állna hullámzón, s hangtalan</p>



<p>vagy lassítaná a lépteit,&nbsp;</p>



<p>hogy torpanna meg,&nbsp;</p>



<p>fordulna vissza ő!</p>



<p>Zuhanna, döngve dőlne, riadna hátra ő!</p>



<p>És haladnak, mennek egyre,</p>



<p>s egyre fölfelé.</p>



<p></p>



<p></p>



<p>De hát nem tudja,</p>



<p>bottal most is hírhozó,&nbsp;</p>



<p>nem sejti még, hogy máris vége van.</p>



<p>Hogy vége van, nem érti, isten, föl se fogja,&nbsp;</p>



<p>hogy Orfeusz mosollyal</p>



<p>s talán kevés vigasszal int neki:</p>



<p>               Semmi baj barátom,&nbsp;</p>



<p>csak semmi izgalom, Hermész!</p>



<p>Én visszafordulok.</p>
</div>



<p></p>



<p></p>



<div class="wp-block-group is-vertical is-layout-flex wp-container-core-group-is-layout-8cf370e7 wp-block-group-is-layout-flex">
<p><strong>Sétakert</strong></p>



<p>Most megdermed a súrló fény</p>



<p>a karcsú ciprusok között</p>



<p>egy pillanatra és a Sétakertre</p>



<p>narancsos mézillat ereszkedik.</p>



<p>A hosszú mély avarban ösvényt</p>



<p>hoznak ismerős lépteid,</p>



<p>s mint a csönd, ami megszólít,</p>



<p>belülről indít meg a hazatérés.</p>



<p></p>



<p></p>



<p>S ahogy a füled mögött játszik,&nbsp;</p>



<p>ahogy meglep az illatával,&nbsp;</p>



<p>ahogy a hajadba borzolja magát –,</p>



<p>múlhatatlan ez a megtérő</p>



<p>lassú szél itt, akár a lélek.&nbsp;</p>



<p>S mint az út, a kő, a ciprusok, olyan.</p>



<p>Nem kérdeznek, elfogadnak&nbsp;</p>



<p>útnak és kőnek és ciprusoknak.&nbsp;</p>
</div>



<p></p>



<p></p>



<div class="wp-block-group is-vertical is-layout-flex wp-container-core-group-is-layout-8cf370e7 wp-block-group-is-layout-flex">
<p><strong>Pálmák</strong></p>



<p>Kis köveim vannak,</p>



<p>babérlevél Mexikóból,</p>



<p>utcakő öklömnyi Oxfordból</p>



<p>és piros lovacska még –,</p>



<p>ennyire lennék.</p>



<p></p>



<p></p>



<p>A városban, arrébb, szikomorfák</p>



<p>vannak, meg pálmák.</p>



<p>És tűhegyes köztük az árnyék.</p>



<p>De már nem nyitok ajtót.</p>



<p>Meddig is látnék?</p>



<p></p>



<p></p>



<p>Ó, hogy nézek közelgő túlsó partra,&nbsp;</p>



<p>a nyugati partra át,</p>



<p>innen,&nbsp;</p>



<p>hol ennyi a kincsem – ,&nbsp;</p>



<p>és mikor mintha nem is köszönnék már.</p>
</div>



<p></p>



<p></p>



<div class="wp-block-group is-vertical is-layout-flex wp-container-core-group-is-layout-8cf370e7 wp-block-group-is-layout-flex">
<p><strong>Részesül</strong></p>



<p>          <em>Petényi emlék Kisbali Lászlónak</em></p>



<p>Huszonöt vagy harminc éve&nbsp;</p>



<p>együtt sétáltunk délidőben&nbsp;</p>



<p>június huszonegyedikén,&nbsp;</p>



<p>a gyümölcsösök, rétek mellett,&nbsp;</p>



<p>beszélgetve mindenről még.</p>



<p></p>



<p></p>



<p>Egyedül mentem ki hozzád,&nbsp;</p>



<p>a Napra emlékszem, meg a szóra,&nbsp;</p>



<p>ahogy felszállt a hang a csöndben,&nbsp;</p>



<p>libbent és azóta is hullámzik talán&nbsp;</p>



<p>az Andromeda ködjei felé.</p>



<p></p>



<p></p>



<p>A felújított kastély vaskerítése&nbsp;</p>



<p>vastagon eresztette magából&nbsp;</p>



<p>a frissen festettség izgalmait.&nbsp;</p>



<p>De nem tűztük ki rá a &#8222;Festve&#8221;&nbsp;</p>



<p>papírlapot mi sem.&nbsp;Csak álltunk.</p>



<p>&nbsp;</p>



<p>Aztán a melegtől hólyagzó&nbsp;bitumen&nbsp;</p>



<p>fölött mintha összenézett volna&nbsp;</p>



<p>velünk a kert, ahogy lassú levelekkel&nbsp;</p>



<p>rámutatott a Napra. Rend van.&nbsp;</p>



<p>Sosem delelhet ennél északabbra.&nbsp;</p>
</div>



<p></p>

<p>Tea Igen, emlékszem Istenre. Lesegítem a kabátját, jöjjön. Teázzon velem, kérem, egyébként is ilyenkor szoktam. De a másik fotelbe talán,&nbsp; közelebb húzom a tűzhöz, dőljön nyugodtan hátra, a meleg ma annyira jólesik. Citrommal kéri vagy inkább tejjel?&nbsp; Igen? Tejjel csak &hellip; <a href="https://opus-folyoirat.sk/?page_id=2524">Egy kattintás ide a folytatáshoz&#8230;. <span class="meta-nav">&rarr;</span></a></p>
