{"id":2594,"date":"2025-02-16T15:45:00","date_gmt":"2025-02-16T13:45:00","guid":{"rendered":"https:\/\/opus-folyoirat.sk\/?page_id=2594"},"modified":"2025-11-18T11:48:11","modified_gmt":"2025-11-18T09:48:11","slug":"hodossy-gyula","status":"publish","type":"page","link":"https:\/\/opus-folyoirat.sk\/?page_id=2594","title":{"rendered":"Hodossy Gyula"},"content":{"rendered":"\n<p><strong>A gy\u00f3n\u00e1s kikezdhetetlen titka<\/strong><\/p>\n\n\n<div class=\"has-text-align-right wp-block-post-date\"><time datetime=\"2025-02-16T15:45:00+02:00\">2025-02-16<\/time><\/div>\n\n\n<p><\/p>\n\n\n\n<div class=\"wp-block-group is-vertical is-content-justification-right is-layout-flex wp-container-core-group-is-layout-b6c475e2 wp-block-group-is-layout-flex\">\n<div class=\"wp-block-group is-vertical is-content-justification-right is-layout-flex wp-container-core-group-is-layout-b6c475e2 wp-block-group-is-layout-flex\">\n<p><em>Tam\u00e1si Orosz J\u00e1nos: Ide kell sz\u00fcletnie&nbsp;<\/em><\/p>\n\n\n\n<p><em>c\u00edm\u0171 versesk\u00f6nyve nyom\u00e1n<\/em><\/p>\n<\/div>\n<\/div>\n\n\n\n<div class=\"wp-block-group is-vertical is-layout-flex wp-container-core-group-is-layout-8cf370e7 wp-block-group-is-layout-flex\">\n<p>Egyszer m\u00e1sk\u00e9pp lesz minden, m\u00e9g akkor is,&nbsp;<\/p>\n\n\n\n<p>ha ide kellett sz\u00fcletn\u00fcnk, m\u00e9g akkor is,&nbsp;<\/p>\n\n\n\n<p>ha legy\u0151zt\u00fck a hal\u00e1lt, mert sokszor sz\u00fclett\u00fcnk.&nbsp;<\/p>\n\n\n\n<p>Sz\u00fclett\u00fcnk anyai m\u00e9hben, gondolatban, a szavak s\u00falya alatt,&nbsp;<\/p>\n\n\n\n<p>sz\u00fclett\u00fcnk a versben, sz\u00fclett\u00fcnk reggel, rossz \u00e1lmok ut\u00e1n,&nbsp;<\/p>\n\n\n\n<p>eml\u00e9kez\u00e9skor, eml\u00e9keink eml\u00e9keiben, a val\u00f3s\u00e1gban,&nbsp;<\/p>\n\n\n\n<p>\u00e9s a k\u00e9pzelet megterm\u00e9keny\u00edt\u0151 erej\u00e9ben.&nbsp;<\/p>\n<\/div>\n\n\n\n<p><\/p>\n\n\n\n<div class=\"wp-block-group is-vertical is-layout-flex wp-container-core-group-is-layout-8cf370e7 wp-block-group-is-layout-flex\">\n<p>A t\u00f6rt\u00e9net 1976-ban kezd\u0151dik, vagy 1978-ban, vagy 2024-ben,&nbsp;<\/p>\n\n\n\n<p>a mindens\u00e9g par\u00e1nyis\u00e1g\u00e1ban. 1978-ban lettem 18 \u00e9ves.&nbsp;<\/p>\n\n\n\n<p>Voltam rem\u00e9nyteljes siheder, lettem feln\u0151tt, ki k\u00e9tszer \u00e9lt,&nbsp;<\/p>\n\n\n\n<p>egyszer mag\u00e1nyban, \u00e9s egyszer veletek, egyed\u00fcl,&nbsp;<\/p>\n\n\n\n<p>\u201emert az ifj\u00fas\u00e1g, mint \u00f3lommad\u00e1r, \u00fcl\u201d,&nbsp;<\/p>\n\n\n\n<p>mint egy s\u00edkosra kopott neh\u00e9z k\u0151, amit b\u00e1rki&nbsp;<\/p>\n\n\n\n<p>k\u00e9nye kedve szerint rakhat nehez\u00e9knek.&nbsp;<\/p>\n\n\n\n<p>R\u00e1t\u00e9ve a s\u00falytalan gondolatokra,&nbsp;<\/p>\n\n\n\n<p>hogy a r\u00e9snyire nyitott ablakon be\u00fasz\u00f3 szell\u0151 fel ne kapja,&nbsp;<\/p>\n\n\n\n<p>r\u00e1t\u00e9ve, a \u201ek\u00e9ziratleped\u0151kre\u201d, a verst\u00f6red\u00e9kekre,&nbsp;<\/p>\n\n\n\n<p>sz\u00f3t\u00f6red\u00e9kekre \u00e9s bet\u0171porokra.&nbsp;<\/p>\n<\/div>\n\n\n\n<p><\/p>\n\n\n\n<div class=\"wp-block-group is-vertical is-layout-flex wp-container-core-group-is-layout-8cf370e7 wp-block-group-is-layout-flex\">\n<p>\u00d3lommad\u00e1r volt az ifj\u00fas\u00e1g, teli v\u00e1gy\u00f3d\u00e1ssal, akar\u00e1ssal,<\/p>\n\n\n\n<p>\u201dk\u00f3v\u00e1lyg\u00f3 lid\u00e9rcekkel\u201d, \u201eszocialista brig\u00e1dmozgalmakkal\u201d&nbsp;<\/p>\n\n\n\n<p>\u00e9s d\u00fch\u00f6s l\u00e1zad\u00e1ssal, \u00edgy laktunk a v\u00e1rosban,&nbsp;<\/p>\n\n\n\n<p>az aranys\u00e1rga v\u00e1rosban, Budapesten,&nbsp;<\/p>\n\n\n\n<p>Dunaszerdahelyen, \u00c9rsek\u00fajv\u00e1rban,&nbsp;<\/p>\n\n\n\n<p>mik\u00f6zben a \u201ekist\u00f6k\u00f6s heged\u0171vel k\u00ednl\u00f3dik\u201d,&nbsp;<\/p>\n\n\n\n<p>\u00e9n ink\u00e1bb a dobot \u00fct\u00f6ttem, hogy k\u00f6zh\u00edrr\u00e9 t\u00e9tessem&nbsp;<\/p>\n\n\n\n<p>ez egy csal\u00e1dreg\u00e9ny, j\u00f3l megszerkesztve,&nbsp;<\/p>\n\n\n\n<p>teles-teli j\u00f3l megkompon\u00e1lt fordulattal, \u201e\u00f6lt\u00f6z\u0151 viccekkel\u201d,&nbsp;<\/p>\n\n\n\n<p>vagy ink\u00e1bb \u00f6lt\u00f6ztet\u0151 viccekkel, hogy lelk\u00fcnk meztelens\u00e9g\u00e9t&nbsp;<\/p>\n\n\n\n<p>takargassuk, szem\u00e9remb\u0151l, al\u00e1zatb\u00f3l, f\u00e9lelemb\u0151l,&nbsp;<\/p>\n\n\n\n<p>hogy a sz\u0151nyegre dobott tegnapi \u00e1lmainkat vele letakarjuk,&nbsp;<\/p>\n\n\n\n<p>hogy azokat ne l\u00e1ssa senki, hogy ne tapossa senki,&nbsp;<\/p>\n\n\n\n<p>hogy aki b\u00e1ntani akarja, a k\u0151ben essen el.&nbsp;<\/p>\n\n\n\n<p>Mert nem igaz, hogy a tegnapi \u00e1lmainknak se h\u00edre, se hamva,&nbsp;<\/p>\n\n\n\n<p>mi tudjuk a titkot, a k\u0151 alatt bizton rejt\u0151zk\u00f6dik&nbsp;<\/p>\n\n\n\n<p>\u00e9s v\u00e1r t\u00fcrelmesen, r\u00e1nk v\u00e1r,&nbsp;<\/p>\n\n\n\n<p>s amint lehajolunk megemelni a k\u00f6vet&nbsp;<\/p>\n\n\n\n<p>\u201e\u00e1tsz\u00ednesedik minden k\u00f6r\u00fclm\u00e9ny\u201d.<\/p>\n<\/div>\n\n\n\n<p><\/p>\n\n\n\n<div class=\"wp-block-group is-vertical is-layout-flex wp-container-core-group-is-layout-8cf370e7 wp-block-group-is-layout-flex\">\n<p>Van \u00fagy, hogy az ember vil\u00e1gg\u00e1 megy,&nbsp;<\/p>\n\n\n\n<p>ha f\u00e9lig lecs\u00faszva, sz\u00e9ken \u00fcl is.&nbsp;<\/p>\n\n\n\n<p>Kedvetlen\u00fcl j\u00e1r-kel Arthur Rimbaud-dal,&nbsp;<\/p>\n\n\n\n<p>vagy \u00e9ppen Gregory Corsoval, Szerv\u00e1c J\u00f3zseffel,&nbsp;<\/p>\n\n\n\n<p>Csajka G\u00e1bor Cypri\u00e1nnal, T\u00e9rey J\u00e1nossal, vagy m\u00e1sokkal,&nbsp;<\/p>\n\n\n\n<p>vagy egyed\u00fcl, vagy a versekkel, vagy a versek \u00e1rny\u00e9k\u00e1val,&nbsp;<\/p>\n\n\n\n<p>vagy a hal\u00e1llal, vagy annak \u00e1rny\u00e9k\u00e1val,&nbsp;<\/p>\n\n\n\n<p>de a v\u00e9g\u00e9n mindig kialszanak a f\u00e9nyek.&nbsp;<\/p>\n<\/div>\n\n\n\n<p><\/p>\n\n\n\n<div class=\"wp-block-group is-vertical is-layout-flex wp-container-core-group-is-layout-8cf370e7 wp-block-group-is-layout-flex\">\n<p>A s\u00f6t\u00e9t csendje rendre felvil\u00e1gos\u00edt, megigaz\u00edt,&nbsp;<\/p>\n\n\n\n<p>r\u00e1ncba szed, tapogat \u00e9s k\u00e9jjel k\u00e9jeleg.&nbsp;<\/p>\n\n\n\n<p>Az orchide\u00e1kk\u00e1 v\u00e1l\u00f3 mivoltunk reggel\u00e9n&nbsp;<\/p>\n\n\n\n<p>apr\u00f3 melleket k\u00e9pzelsz magad el\u00e9,&nbsp;<\/p>\n\n\n\n<p>\u201ev\u00e9zna kicsi test\u0171\u201d \u201easszonyv\u00e1gyszabads\u00e1got\u201d.&nbsp;<\/p>\n\n\n\n<p>Elk\u00e9pzeled az elk\u00e9pzelhetetlent, a v\u00e9gtelent, a t\u0171 fok\u00e1n t\u0171t,&nbsp;<\/p>\n\n\n\n<p>a t\u00e1ncol\u00f3 \u201ecsodamad\u00e1rk\u00e1t\u201d, a tollhull\u00e1st,&nbsp;<\/p>\n\n\n\n<p>ahogy az belepi az \u00fcveghegyeket, az eg\u00e9sz horizontot.&nbsp;<\/p>\n\n\n\n<p>Ilyenkor \u00fagy \u00e9rzed musz\u00e1j gy\u00f3nni.&nbsp;<\/p>\n\n\n\n<p>Gy\u00f3nsz egyszer, sokszor,&nbsp;<\/p>\n\n\n\n<p>gy\u00f3nsz a kir\u00f6ppen\u00e9sr\u0151l, a \u201enyakkend\u0151s toporg\u00e1sr\u00f3l\u201d,&nbsp;<\/p>\n\n\n\n<p>a b\u0171zl\u0151 lev\u00e9lbor\u00edt\u00e9kr\u00f3l, az \u00e9g\u0151 erd\u0151 jajong\u00f3 im\u00e1j\u00e1r\u00f3l.&nbsp;<\/p>\n\n\n\n<p>Ilyenkor s\u00falyos nyugalom telepedik R\u00e1d.<\/p>\n<\/div>\n\n\n\n<p><\/p>\n\n\n\n<div class=\"wp-block-group is-vertical is-layout-flex wp-container-core-group-is-layout-8cf370e7 wp-block-group-is-layout-flex\">\n<p>Hogyan lehetett volna ezt m\u00e1sk\u00e9ppen?&nbsp;<\/p>\n\n\n\n<p>A b\u00f6grecs\u00e1rd\u00e1kban a m\u00e1mor ler\u00e9szeg\u00edtett,&nbsp;<\/p>\n\n\n\n<p>hi\u00e1ba tetted le a poharat.&nbsp;<\/p>\n\n\n\n<p>\u201eV\u00e1gt\u00e1z\u00f3 \u00e9jjeleken\u201d \u00e1t \u201em\u00e9lt\u00f3s\u00e1gos pusztul\u00e1sodban\u201d&nbsp;<\/p>\n\n\n\n<p>j\u00e1rsz-kelsz a kocsm\u00e1k k\u00f6zt d\u00e9lcegen, keresed a mestert,&nbsp;<\/p>\n\n\n\n<p>a sz\u00f6rny\u00fclk\u00f6d\u00e9s miszt\u00e9rium\u00e1t, \u00e9s a meg\u00e1rad\u00f3 embersz\u00edvet,&nbsp;<\/p>\n\n\n\n<p>hogy \u00e1t\u00e9ld a m\u00faltat, a megt\u00f6rt\u00e9nt j\u00f6v\u0151t,&nbsp;<\/p>\n\n\n\n<p>\u00e9s a r\u00f6gh\u00f6z k\u00f6t\u00f6tt kegyelmet.&nbsp;<\/p>\n\n\n\n<p>A v\u00e1ndort lehetett volna pontosabban \u00fatba igaz\u00edtani? &nbsp;<\/p>\n<\/div>\n\n\n\n<p><\/p>\n\n\n\n<div class=\"wp-block-group is-vertical is-layout-flex wp-container-core-group-is-layout-8cf370e7 wp-block-group-is-layout-flex\">\n<p>Fel-fel a hegyre, al\u00e1bb nem adod, m\u00e9sz nagyap\u00e1d,&nbsp;<\/p>\n\n\n\n<p>d\u00e9dap\u00e1d ut\u00e1n, k\u00e9s\u0151bb \u0151ket engeded el\u0151re,&nbsp;<\/p>\n\n\n\n<p>mert fel kell, hogy kapaszkodjanak, a Parnasszus legtetej\u00e9re,&nbsp;<\/p>\n\n\n\n<p>s k\u00f6zben v\u00edzjeleket rajzolsz az \u00e9gre, a \u201elehetetlen szavakra\u201d,&nbsp;<\/p>\n\n\n\n<p>a di\u00f3f\u00e1d pomp\u00e1s est\u00e9lyi ruh\u00e1j\u00e1ra.&nbsp;<\/p>\n\n\n\n<p>Miel\u0151bb m\u00e9g fel\u00e9rn\u00e9l a cs\u00facsra lel\u00e1ncolod a foh\u00e1szt,&nbsp;<\/p>\n\n\n\n<p>hogy a l\u00e1nc tan\u00fas\u00edtson t\u00fcrelmet, s Te Zeppelint hallgatsz,&nbsp;<\/p>\n\n\n\n<p>mert \u201eegyszer elj\u00f6n a dolgok neheze\u201d&nbsp;<\/p>\n\n\n\n<p>\u00e9s \u201eakkor k\u00edv\u00fcl s bel\u00fcl, s bel\u00fcl k\u00edv\u00fcl\u201d&nbsp;<\/p>\n\n\n\n<p>semmi sem az, aminek l\u00e1tszik.&nbsp;<\/p>\n\n\n\n<p>A s\u00f6t\u00e9t f\u00e9nylik, a j\u00e9g \u00e9get, a hit k\u00e1rhoztat.&nbsp;<\/p>\n\n\n\n<p>A k\u00f6lt\u0151 meg egy r\u00e9gi keret n\u00e9lk\u00fcli k\u00e9p \u00e9s k\u00f6nyvek m\u00f6g\u00fcl&nbsp;<\/p>\n\n\n\n<p>n\u00e9zi a vil\u00e1gmindens\u00e9g minden szenny\u00e9t \u00e9s gy\u00f6ny\u00f6r\u00e9t.&nbsp;<\/p>\n<\/div>\n\n\n\n<p><\/p>\n\n\n\n<p>A k\u00f6lt\u0151 l\u00e1t \u00e9s \u00e9g.<\/p>\n","protected":false},"excerpt":{"rendered":"<p>A gy\u00f3n\u00e1s kikezdhetetlen titka Tam\u00e1si Orosz J\u00e1nos: Ide kell sz\u00fcletnie&nbsp; c\u00edm\u0171 versesk\u00f6nyve nyom\u00e1n Egyszer m\u00e1sk\u00e9pp lesz minden, m\u00e9g akkor is,&nbsp; ha ide kellett sz\u00fcletn\u00fcnk, m\u00e9g akkor is,&nbsp; ha legy\u0151zt\u00fck a hal\u00e1lt, mert sokszor sz\u00fclett\u00fcnk.&nbsp; Sz\u00fclett\u00fcnk anyai m\u00e9hben, gondolatban, a szavak &hellip; <a href=\"https:\/\/opus-folyoirat.sk\/?page_id=2594\">Egy kattint\u00e1s ide a folytat\u00e1shoz&#8230;. <span class=\"meta-nav\">&rarr;<\/span><\/a><\/p>\n","protected":false},"author":4,"featured_media":0,"parent":0,"menu_order":0,"comment_status":"closed","ping_status":"closed","template":"","meta":{"footnotes":""},"class_list":["post-2594","page","type-page","status-publish","hentry"],"_links":{"self":[{"href":"https:\/\/opus-folyoirat.sk\/index.php?rest_route=\/wp\/v2\/pages\/2594","targetHints":{"allow":["GET"]}}],"collection":[{"href":"https:\/\/opus-folyoirat.sk\/index.php?rest_route=\/wp\/v2\/pages"}],"about":[{"href":"https:\/\/opus-folyoirat.sk\/index.php?rest_route=\/wp\/v2\/types\/page"}],"author":[{"embeddable":true,"href":"https:\/\/opus-folyoirat.sk\/index.php?rest_route=\/wp\/v2\/users\/4"}],"replies":[{"embeddable":true,"href":"https:\/\/opus-folyoirat.sk\/index.php?rest_route=%2Fwp%2Fv2%2Fcomments&post=2594"}],"version-history":[{"count":2,"href":"https:\/\/opus-folyoirat.sk\/index.php?rest_route=\/wp\/v2\/pages\/2594\/revisions"}],"predecessor-version":[{"id":2950,"href":"https:\/\/opus-folyoirat.sk\/index.php?rest_route=\/wp\/v2\/pages\/2594\/revisions\/2950"}],"wp:attachment":[{"href":"https:\/\/opus-folyoirat.sk\/index.php?rest_route=%2Fwp%2Fv2%2Fmedia&parent=2594"}],"curies":[{"name":"wp","href":"https:\/\/api.w.org\/{rel}","templated":true}]}}