{"id":2632,"date":"2025-02-24T08:13:00","date_gmt":"2025-02-24T06:13:00","guid":{"rendered":"https:\/\/opus-folyoirat.sk\/?page_id=2632"},"modified":"2025-12-19T01:05:53","modified_gmt":"2025-12-18T23:05:53","slug":"szegedi-csilla","status":"publish","type":"page","link":"https:\/\/opus-folyoirat.sk\/?page_id=2632","title":{"rendered":"Szegedi Csilla"},"content":{"rendered":"\n<p><strong>A menet<\/strong><\/p>\n\n\n<div class=\"has-text-align-right wp-block-post-date\"><time datetime=\"2025-02-24T08:13:00+02:00\">2025-02-24<\/time><\/div>\n\n\n<p><\/p>\n\n\n\n<div class=\"wp-block-group is-vertical is-layout-flex wp-container-core-group-is-layout-8cf370e7 wp-block-group-is-layout-flex\">\n<p>A menet a Jegesi \u00fatr\u00f3l fordult a f\u0151utc\u00e1ra.<\/p>\n\n\n\n<p>A j\u00faniusi nap m\u00e1r melegen s\u00fct\u00f6tt,<\/p>\n\n\n\n<p>a sorokban l\u00e9pteiket szapor\u00e1z\u00f3k&nbsp;<\/p>\n\n\n\n<p>m\u00e9gis kab\u00e1tot viseltek.<\/p>\n\n\n\n<p>N\u00e9h\u00e1nyuk homlok\u00e1r\u00f3l csorgott a ver\u00edt\u00e9k.<\/p>\n<\/div>\n\n\n\n<p><\/p>\n\n\n\n<div class=\"wp-block-group is-vertical is-layout-flex wp-container-core-group-is-layout-8cf370e7 wp-block-group-is-layout-flex\">\n<p>Winternitz\u00e9k h\u00e1rom h\u00e1zzal laktak feljebb.<\/p>\n\n\n\n<p>\u0150k is csatlakoztak a n\u00e9m\u00e1n vonul\u00f3khoz.<\/p>\n\n\n\n<p>D\u00e9dap\u00e1m, d\u00e9dany\u00e1m, fiatal l\u00e1ny nagyany\u00e1m<\/p>\n\n\n\n<p>a ker\u00edt\u00e9s m\u00f6g\u00fcl figyelt.<\/p>\n\n\n\n<p>\u00dckany\u00e1m <em>ezt<\/em> nem akarta v\u00e9gig n\u00e9zni, a h\u00e1zban maradt.<\/p>\n\n\n\n<p>Winternitz Julcsi nagyany\u00e1m bar\u00e1tn\u0151je volt.<\/p>\n\n\n\n<p>Amikor elhaladtak a h\u00e1zuk el\u0151tt,<\/p>\n\n\n\n<p>nagyany\u00e1m \u00f6nk\u00e9ntelen\u00fcl intett neki.<\/p>\n\n\n\n<p>D\u00e9dap\u00e1m Winternitz b\u00e1csira n\u00e9zett,<\/p>\n\n\n\n<p>\u00e9s alig \u00e9szrevehet\u0151en biccentett neki.<\/p>\n\n\n\n<p>B\u00e1r m\u00e1r h\u00e9t \u00f3ra fel\u00e9 j\u00e1rt,<\/p>\n\n\n\n<p>sok spaletta m\u00e9g z\u00e1rva volt a f\u0151utc\u00e1n.<\/p>\n\n\n\n<p>A menet balra fordult, az \u00e1llom\u00e1s fel\u00e9.<\/p>\n<\/div>\n\n\n\n<p><\/p>\n\n\n\n<div class=\"wp-block-group is-vertical is-layout-flex wp-container-core-group-is-layout-8cf370e7 wp-block-group-is-layout-flex\">\n<p>Lassan megindult a nap,<\/p>\n\n\n\n<p>mindenki ment a dolg\u00e1ra.<\/p>\n\n\n\n<p>Az ismer\u0151s zajokt\u00f3l v\u00e9gre&nbsp;<\/p>\n\n\n\n<p>f\u00f6lpattogzott<\/p>\n\n\n\n<p>a cs\u00f6nd.<\/p>\n\n\n\n<p><\/p>\n<\/div>\n","protected":false},"excerpt":{"rendered":"<p>A menet A menet a Jegesi \u00fatr\u00f3l fordult a f\u0151utc\u00e1ra. A j\u00faniusi nap m\u00e1r melegen s\u00fct\u00f6tt, a sorokban l\u00e9pteiket szapor\u00e1z\u00f3k&nbsp; m\u00e9gis kab\u00e1tot viseltek. N\u00e9h\u00e1nyuk homlok\u00e1r\u00f3l csorgott a ver\u00edt\u00e9k. Winternitz\u00e9k h\u00e1rom h\u00e1zzal laktak feljebb. \u0150k is csatlakoztak a n\u00e9m\u00e1n vonul\u00f3khoz. D\u00e9dap\u00e1m, &hellip; <a href=\"https:\/\/opus-folyoirat.sk\/?page_id=2632\">Egy kattint\u00e1s ide a folytat\u00e1shoz&#8230;. <span class=\"meta-nav\">&rarr;<\/span><\/a><\/p>\n","protected":false},"author":4,"featured_media":0,"parent":0,"menu_order":0,"comment_status":"closed","ping_status":"closed","template":"","meta":{"footnotes":""},"class_list":["post-2632","page","type-page","status-publish","hentry"],"_links":{"self":[{"href":"https:\/\/opus-folyoirat.sk\/index.php?rest_route=\/wp\/v2\/pages\/2632","targetHints":{"allow":["GET"]}}],"collection":[{"href":"https:\/\/opus-folyoirat.sk\/index.php?rest_route=\/wp\/v2\/pages"}],"about":[{"href":"https:\/\/opus-folyoirat.sk\/index.php?rest_route=\/wp\/v2\/types\/page"}],"author":[{"embeddable":true,"href":"https:\/\/opus-folyoirat.sk\/index.php?rest_route=\/wp\/v2\/users\/4"}],"replies":[{"embeddable":true,"href":"https:\/\/opus-folyoirat.sk\/index.php?rest_route=%2Fwp%2Fv2%2Fcomments&post=2632"}],"version-history":[{"count":4,"href":"https:\/\/opus-folyoirat.sk\/index.php?rest_route=\/wp\/v2\/pages\/2632\/revisions"}],"predecessor-version":[{"id":2953,"href":"https:\/\/opus-folyoirat.sk\/index.php?rest_route=\/wp\/v2\/pages\/2632\/revisions\/2953"}],"wp:attachment":[{"href":"https:\/\/opus-folyoirat.sk\/index.php?rest_route=%2Fwp%2Fv2%2Fmedia&parent=2632"}],"curies":[{"name":"wp","href":"https:\/\/api.w.org\/{rel}","templated":true}]}}

<p><strong>A menet</strong></p>


<div class="has-text-align-right wp-block-post-date"><time datetime="2025-02-24T08:13:00+02:00">2025-02-24</time></div>


<p></p>



<div class="wp-block-group is-vertical is-layout-flex wp-container-core-group-is-layout-8cf370e7 wp-block-group-is-layout-flex">
<p>A menet a Jegesi útról fordult a főutcára.</p>



<p>A júniusi nap már melegen sütött,</p>



<p>a sorokban lépteiket szaporázók&nbsp;</p>



<p>mégis kabátot viseltek.</p>



<p>Néhányuk homlokáról csorgott a veríték.</p>
</div>



<p></p>



<div class="wp-block-group is-vertical is-layout-flex wp-container-core-group-is-layout-8cf370e7 wp-block-group-is-layout-flex">
<p>Winternitzék három házzal laktak feljebb.</p>



<p>Ők is csatlakoztak a némán vonulókhoz.</p>



<p>Dédapám, dédanyám, fiatal lány nagyanyám</p>



<p>a kerítés mögül figyelt.</p>



<p>Ükanyám <em>ezt</em> nem akarta végig nézni, a házban maradt.</p>



<p>Winternitz Julcsi nagyanyám barátnője volt.</p>



<p>Amikor elhaladtak a házuk előtt,</p>



<p>nagyanyám önkéntelenül intett neki.</p>



<p>Dédapám Winternitz bácsira nézett,</p>



<p>és alig észrevehetően biccentett neki.</p>



<p>Bár már hét óra felé járt,</p>



<p>sok spaletta még zárva volt a főutcán.</p>



<p>A menet balra fordult, az állomás felé.</p>
</div>



<p></p>



<div class="wp-block-group is-vertical is-layout-flex wp-container-core-group-is-layout-8cf370e7 wp-block-group-is-layout-flex">
<p>Lassan megindult a nap,</p>



<p>mindenki ment a dolgára.</p>



<p>Az ismerős zajoktól végre&nbsp;</p>



<p>fölpattogzott</p>



<p>a csönd.</p>



<p></p>
</div>

<p>A menet A menet a Jegesi útról fordult a főutcára. A júniusi nap már melegen sütött, a sorokban lépteiket szaporázók&nbsp; mégis kabátot viseltek. Néhányuk homlokáról csorgott a veríték. Winternitzék három házzal laktak feljebb. Ők is csatlakoztak a némán vonulókhoz. Dédapám, &hellip; <a href="https://opus-folyoirat.sk/?page_id=2632">Egy kattintás ide a folytatáshoz&#8230;. <span class="meta-nav">&rarr;</span></a></p>
