{"id":2644,"date":"2025-03-03T08:28:00","date_gmt":"2025-03-03T06:28:00","guid":{"rendered":"https:\/\/opus-folyoirat.sk\/?page_id=2644"},"modified":"2025-11-18T11:51:57","modified_gmt":"2025-11-18T09:51:57","slug":"fellinger-karoly","status":"publish","type":"page","link":"https:\/\/opus-folyoirat.sk\/?page_id=2644","title":{"rendered":"Fellinger K\u00e1roly"},"content":{"rendered":"\n<p><strong>Lombtalan\u00edt\u00e1s&nbsp; &nbsp; &nbsp; &nbsp; &nbsp; &nbsp; &nbsp; &nbsp; &nbsp; &nbsp; &nbsp; &nbsp; &nbsp; &nbsp; &nbsp; &nbsp; &nbsp; &nbsp; &nbsp; &nbsp; &nbsp; &nbsp; &nbsp; &nbsp; &nbsp; &nbsp; &nbsp; &nbsp; &nbsp; &nbsp; &nbsp; &nbsp; &nbsp; &nbsp; &nbsp; &nbsp; &nbsp; &nbsp; &nbsp; &nbsp; &nbsp; &nbsp;<\/strong><\/p>\n\n\n<div class=\"has-text-align-right wp-block-post-date\"><time datetime=\"2025-03-03T08:28:00+02:00\">2025-03-03<\/time><\/div>\n\n\n<p><em>&nbsp; &nbsp; &nbsp; &nbsp; \/Mikola Anik\u00f3 meg nem \u00e9lt 80. sz\u00fclet\u00e9snapj\u00e1ra\/<\/em><\/p>\n\n\n\n<p>&nbsp; &nbsp; &nbsp; &nbsp; &nbsp; &nbsp; &nbsp; &nbsp; &nbsp; &nbsp; &nbsp; &nbsp; I.<\/p>\n\n\n\n<div class=\"wp-block-group is-vertical is-layout-flex wp-container-core-group-is-layout-8cf370e7 wp-block-group-is-layout-flex\">\n<p>J\u00f3n\u00e1s, a sz\u00e1nalmas, galamblelk\u0171 kis-<\/p>\n\n\n\n<p>pr\u00f3f\u00e9ta kiborul, ak\u00e1r a bili,&nbsp;<\/p>\n\n\n\n<p>hi\u00e1ba \u00edg\u00e9rte neki az Isten,&nbsp;<\/p>\n\n\n\n<p>ha Ninive lak\u00f3i nem t\u00e9rnek meg<\/p>\n\n\n\n<p>negyven nap ut\u00e1n, a v\u00e1ros elpusztul,<\/p>\n\n\n\n<p>felford\u00edttatik, s l\u00e1m, virul a n\u00e9p, ki-<\/p>\n\n\n\n<p>nevetve \u0151t, aki menek\u00fclni sem<\/p>\n\n\n\n<p>tudott a sorsa el\u0151l Tarzis fel\u00e9.<\/p>\n\n\n\n<p>Tal\u00e1n nem l\u00e1tja a Teremt\u0151, hogy a<\/p>\n\n\n\n<p>b\u00f6jtj\u00fck, megt\u00e9r\u00e9s\u00fck csup\u00e1n sz\u00ednlel\u00e9s,<\/p>\n\n\n\n<p>mi\u00e9rt nem neki hisz&nbsp;az Isten, az egy&nbsp;<\/p>\n\n\n\n<p>sz\u00e1l gyertya a napn\u00e1l is f\u00e9nyesebb a&nbsp;<\/p>\n\n\n\n<p>vaks\u00f6t\u00e9tben, amikor \u00e1tadjuk a<\/p>\n\n\n\n<p>staf\u00e9tabotot, \u00e1tadjuk magunkat<\/p>\n\n\n\n<p>a Teremt\u0151nek, meglelt hi\u00e1nyunkat&nbsp;<\/p>\n\n\n\n<p>meg a k\u00f6ztes \u00f6r\u00f6kk\u00e9val\u00f3s\u00e1gnak.<\/p>\n<\/div>\n\n\n\n<p><\/p>\n\n\n\n<div class=\"wp-block-group is-vertical is-layout-flex wp-container-core-group-is-layout-8cf370e7 wp-block-group-is-layout-flex\">\n<p><\/p>\n\n\n\n<p>Egyenk\u00e9nt gyorsak vagyunk, versenyt futunk<\/p>\n\n\n\n<p>a c\u00e9llal, de egy\u00fctt messzebbre jutunk,<\/p>\n\n\n\n<p>van id\u0151nk lehajolni m\u00e9g a hegyek&nbsp;<\/p>\n\n\n\n<p>v\u00e9n l\u00e1b\u00e1hoz, leborulni a sz\u00e9lhez.<\/p>\n\n\n\n<p>A j\u00f6v\u0151 egy visszat\u00e9r\u0151, sz\u00e9p eml\u00e9k,<\/p>\n\n\n\n<p>val\u00f3j\u00e1ban r\u00e1\u00e9r\u0151s patak, b\u0151r\u00e9t<\/p>\n\n\n\n<p>h\u00f3lyagoss\u00e1 teszik az es\u0151cseppek,&nbsp;<\/p>\n\n\n\n<p>patak, amibe k\u00e9tszer lehetetlen<\/p>\n\n\n\n<p>belel\u00e9pni. Az elhaj\u00edtott kavics&nbsp;&nbsp;<\/p>\n\n\n\n<p>a hely\u00e9n van, a kezdetekt\u0151l, s gyakran&nbsp;<\/p>\n\n\n\n<p>lehull neh\u00e9z sz\u00edv\u00fcnkr\u0151l a s\u00falya, a&nbsp;<\/p>\n\n\n\n<p>hal\u00e1l legy\u0151zi az id\u0151t, a cs\u00fasz\u00f3-&nbsp;<\/p>\n\n\n\n<p>m\u00e1sz\u00f3 t\u00e1vols\u00e1got. Mindenki a start-<\/p>\n\n\n\n<p>vonaln\u00e1l v\u00e1r, de sose d\u00f6rd\u00fcl el a&nbsp;<\/p>\n\n\n\n<p>startpisztoly, a vers v\u00e9gs\u0151 soron a cs\u00f6nd&nbsp;<\/p>\n\n\n\n<p>besz\u00e9des test\u0151re, sz\u00far\u00f3pr\u00f3b\u00e1ja.<\/p>\n<\/div>\n\n\n\n<p><\/p>\n\n\n\n<div class=\"wp-block-group is-vertical is-layout-flex wp-container-core-group-is-layout-8cf370e7 wp-block-group-is-layout-flex\">\n<div class=\"wp-block-group is-vertical is-layout-flex wp-container-core-group-is-layout-8cf370e7 wp-block-group-is-layout-flex\">\n<p>Olyan pont, ahonnan t\u00e1rgyilagosan&nbsp;<\/p>\n\n\n\n<p>n\u00e9zhetn\u00e9nk a vil\u00e1gra, szerencs\u00e9re<\/p>\n\n\n\n<p>nem l\u00e9tezik. Csak k\u00f6z\u00e9ppontok vannak,<\/p>\n\n\n\n<p>a legnagyobb szerencs\u00e9tlens\u00e9g\u00fcnkre.<\/p>\n\n\n\n<p>A f\u00f6ldgoly\u00f3t, h\u00e1la a nagy \u00e9gnek, el-<\/p>\n\n\n\n<p>ker\u00fclik a puszt\u00edt\u00f3 meteorok,&nbsp;<\/p>\n\n\n\n<p>ahogyan a k\u00f6lt\u00e9szet a l\u00e9nyeget.<\/p>\n\n\n\n<p>A legbizonytalanabb a helyzete<\/p>\n\n\n\n<p>annak, aki minden\u00fctt jelen van, \u00e9s<\/p>\n\n\n\n<p>akkor m\u00e9g nem is eml\u00edtett\u00fck meg az<\/p>\n\n\n\n<p>Istent, az \u0151 hi\u00e1nya s a neml\u00e9te<\/p>\n\n\n\n<p>eredm\u00e9nyezi a j\u00f3t \u00e9s a rosszat.<\/p>\n\n\n\n<p>Akkor vagyunk jelen, amikor m\u00e1r nem&nbsp;<\/p>\n\n\n\n<p>hi\u00e1nyzunk senkinek, vakon \u00e1tn\u00e9znek<\/p>\n\n\n\n<p>rajtunk, s mint sz\u00edv dobban meg benn\u00fcnk az el-<\/p>\n\n\n\n<p>ker\u00fclhetetlen, megm\u00e1szhatatlan hegy.<\/p>\n<\/div>\n<\/div>\n\n\n\n<p><\/p>\n\n\n\n<div class=\"wp-block-group is-vertical is-layout-flex wp-container-core-group-is-layout-8cf370e7 wp-block-group-is-layout-flex\">\n<p>J\u00f3n\u00e1s \u00fagy \u00e9rzi, \u00fcres rekl\u00e1mt\u00e1bla<\/p>\n\n\n\n<p>az Isten, senki sem ragasztana r\u00e1<\/p>\n\n\n\n<p>semmit, \u00e9pp olyan, mintha nem is lenne,&nbsp;<\/p>\n\n\n\n<p>a k\u00f6zels\u00e9ge m\u00e9gis zavarja a&nbsp;<\/p>\n\n\n\n<p>j\u00e1r\u00f3kel\u0151ket; a h\u00edvek olyanok,<\/p>\n\n\n\n<p>mint akiknek amput\u00e1lt\u00e1k az egyik&nbsp;<\/p>\n\n\n\n<p>v\u00e9gtagj\u00e1t, m\u00e9gis az f\u00e1j nekik, vajon<\/p>\n\n\n\n<p>mit adn\u00e1nak ez\u00e9rt a f\u00e1jdalom\u00e9rt,&nbsp;<\/p>\n\n\n\n<p>akik m\u00e1r l\u00e1b \u00e9s k\u00e9z n\u00e9lk\u00fcl j\u00f6ttek a<\/p>\n\n\n\n<p>vil\u00e1gra? J\u00f3n\u00e1st lek\u00f6ti a sikoly,<\/p>\n\n\n\n<p>a szenved\u0151k sikolya, mint ahogy a&nbsp;<\/p>\n\n\n\n<p>h\u0151s Od\u00fcsszeuszt odak\u00f6t\u00f6zik a&nbsp;<\/p>\n\n\n\n<p>matr\u00f3zai a vitorla r\u00fadj\u00e1hoz,<\/p>\n\n\n\n<p>de J\u00f3n\u00e1s ink\u00e1bb Gullivernek \u00e9rzi<\/p>\n\n\n\n<p>mag\u00e1t, a szabads\u00e1g repedt fal\u00e1ra<\/p>\n\n\n\n<p>ford\u00edtva felakasztott, v\u00e9n t\u00fck\u00f6rnek.<\/p>\n<\/div>\n\n\n\n<p><\/p>\n\n\n\n<p>&nbsp;&nbsp; &nbsp; &nbsp; &nbsp; &nbsp; &nbsp; &nbsp; &nbsp; &nbsp; &nbsp; &nbsp; II.<\/p>\n\n\n\n<div class=\"wp-block-group is-vertical is-layout-flex wp-container-core-group-is-layout-8cf370e7 wp-block-group-is-layout-flex\">\n<p>J\u00f3n\u00e1s\u00e9k r\u00e9gi&nbsp;paraszth\u00e1z\u00e1t egyik&nbsp;<\/p>\n\n\n\n<p>napr\u00f3l a m\u00e1sikra lebontott\u00e1k, a<\/p>\n\n\n\n<p>legfiatalabb testv\u00e9r a hely\u00e9re<\/p>\n\n\n\n<p>\u00faj h\u00e1zat&nbsp;\u00e9p\u00edtett, olyat, aminek<\/p>\n<\/div>\n\n\n\n<p><\/p>\n\n\n\n<div class=\"wp-block-group is-vertical is-layout-flex wp-container-core-group-is-layout-8cf370e7 wp-block-group-is-layout-flex\">\n<p>m\u00e1r alapja&nbsp;is van. J\u00f3n\u00e1s k\u00e9rd\u0151re<\/p>\n\n\n\n<p>fogta \u00f6ccs\u00e9t, mi\u00e9rt nem csin\u00e1lt fot\u00f3t,<\/p>\n\n\n\n<p>filmet a r\u00e9gi csal\u00e1di h\u00e1zr\u00f3l, a<\/p>\n\n\n\n<p>b\u00fatorokr\u00f3l, hiszen ott n\u0151ttek fel, ott<\/p>\n<\/div>\n\n\n\n<p><\/p>\n\n\n\n<div class=\"wp-block-group is-vertical is-layout-flex wp-container-core-group-is-layout-8cf370e7 wp-block-group-is-layout-flex\">\n<p>vertek gy\u00f6keret az apr\u00f3cska l\u00e1bak&nbsp; &nbsp; &nbsp; &nbsp; &nbsp; &nbsp; &nbsp; &nbsp; &nbsp; &nbsp; &nbsp; &nbsp; &nbsp; &nbsp; &nbsp; &nbsp; &nbsp; &nbsp; &nbsp; &nbsp; &nbsp; &nbsp; &nbsp; &nbsp; &nbsp; &nbsp; &nbsp; &nbsp; &nbsp; &nbsp; &nbsp; &nbsp; &nbsp; &nbsp; &nbsp; &nbsp; &nbsp; &nbsp; &nbsp; &nbsp; &nbsp; &nbsp; &nbsp; &nbsp;<\/p>\n\n\n\n<p>m\u00e1t\u00f3l csup\u00e1n az eml\u00e9kezet\u00fckre<\/p>\n\n\n\n<p>hagyatkozhatnak. Ha&nbsp;pecseny\u00e9re jut,&nbsp; &nbsp; &nbsp; &nbsp; &nbsp; &nbsp; &nbsp; &nbsp; &nbsp; &nbsp; &nbsp; &nbsp; &nbsp; &nbsp; &nbsp; &nbsp; &nbsp; &nbsp; &nbsp; &nbsp; &nbsp; &nbsp; &nbsp; &nbsp; &nbsp; &nbsp; &nbsp; &nbsp; &nbsp; &nbsp;<\/p>\n\n\n\n<p>vajon mi\u00e9rt esz\u00fcnk puszta fokhagym\u00e1t,<\/p>\n<\/div>\n\n\n\n<p><\/p>\n\n\n\n<div class=\"wp-block-group is-vertical is-layout-flex wp-container-core-group-is-layout-8cf370e7 wp-block-group-is-layout-flex\">\n<p>az eg\u00e9szs\u00e9g nem lehet j\u00f3 kifog\u00e1s.<\/p>\n\n\n\n<p>J\u00f3n\u00e1s, ami\u00f3ta k\u00e9szen a modern<\/p>\n\n\n\n<p>h\u00e1z, a hely\u00e9t keresi benne, mintha<\/p>\n\n\n\n<p>att\u00f3l olcs\u00f3bb lenne az a valami,<\/p>\n<\/div>\n\n\n\n<p><\/p>\n\n\n\n<div class=\"wp-block-group is-vertical is-layout-flex wp-container-core-group-is-layout-8cf370e7 wp-block-group-is-layout-flex\">\n<p>amire sohasem futja. Mutatja<\/p>\n\n\n\n<p>h\u00e1t unok\u00e1inak, hol \u00e1llt a b\u00f6lcs\u0151,<\/p>\n\n\n\n<p>hol volt az \u0151 gyerekszob\u00e1ja, ak\u00e1r<\/p>\n\n\n\n<p>egy b\u00e1r\u00e1ny, hagyja a v\u00e9r\u00e9t csapolni.<\/p>\n<\/div>\n\n\n\n<p><\/p>\n\n\n\n<div class=\"wp-block-group is-vertical is-layout-flex wp-container-core-group-is-layout-8cf370e7 wp-block-group-is-layout-flex\">\n<p>\u0150rt\u00fczek a csillagok, m\u00e9g azok is,<\/p>\n\n\n\n<p>amiket akkor l\u00e1tunk, ha a falnak<\/p>\n\n\n\n<p>csap\u00f3dunk. Mert igaz\u00e1b\u00f3l nincs titok.<\/p>\n\n\n\n<p>K\u00e9pzelj\u00fck magunkat Isten hely\u00e9be.<\/p>\n<\/div>\n\n\n\n<p><\/p>\n\n\n\n<p><\/p>\n","protected":false},"excerpt":{"rendered":"<p>Lombtalan\u00edt\u00e1s&nbsp; &nbsp; &nbsp; &nbsp; &nbsp; &nbsp; &nbsp; &nbsp; &nbsp; &nbsp; &nbsp; &nbsp; &nbsp; &nbsp; &nbsp; &nbsp; &nbsp; &nbsp; &nbsp; &nbsp; &nbsp; &nbsp; &nbsp; &nbsp; &nbsp; &nbsp; &nbsp; &nbsp; &nbsp; &nbsp; &nbsp; &nbsp; &nbsp; &nbsp; &nbsp; &nbsp; &nbsp; &nbsp; &nbsp; &nbsp; &hellip; <a href=\"https:\/\/opus-folyoirat.sk\/?page_id=2644\">Egy kattint\u00e1s ide a folytat\u00e1shoz&#8230;. <span class=\"meta-nav\">&rarr;<\/span><\/a><\/p>\n","protected":false},"author":4,"featured_media":0,"parent":0,"menu_order":0,"comment_status":"closed","ping_status":"closed","template":"","meta":{"footnotes":""},"class_list":["post-2644","page","type-page","status-publish","hentry"],"_links":{"self":[{"href":"https:\/\/opus-folyoirat.sk\/index.php?rest_route=\/wp\/v2\/pages\/2644","targetHints":{"allow":["GET"]}}],"collection":[{"href":"https:\/\/opus-folyoirat.sk\/index.php?rest_route=\/wp\/v2\/pages"}],"about":[{"href":"https:\/\/opus-folyoirat.sk\/index.php?rest_route=\/wp\/v2\/types\/page"}],"author":[{"embeddable":true,"href":"https:\/\/opus-folyoirat.sk\/index.php?rest_route=\/wp\/v2\/users\/4"}],"replies":[{"embeddable":true,"href":"https:\/\/opus-folyoirat.sk\/index.php?rest_route=%2Fwp%2Fv2%2Fcomments&post=2644"}],"version-history":[{"count":7,"href":"https:\/\/opus-folyoirat.sk\/index.php?rest_route=\/wp\/v2\/pages\/2644\/revisions"}],"predecessor-version":[{"id":2955,"href":"https:\/\/opus-folyoirat.sk\/index.php?rest_route=\/wp\/v2\/pages\/2644\/revisions\/2955"}],"wp:attachment":[{"href":"https:\/\/opus-folyoirat.sk\/index.php?rest_route=%2Fwp%2Fv2%2Fmedia&parent=2644"}],"curies":[{"name":"wp","href":"https:\/\/api.w.org\/{rel}","templated":true}]}}