{"id":2666,"date":"2025-10-16T08:51:00","date_gmt":"2025-10-16T06:51:00","guid":{"rendered":"https:\/\/opus-folyoirat.sk\/?page_id=2666"},"modified":"2026-01-21T18:02:21","modified_gmt":"2026-01-21T16:02:21","slug":"csehy-flora","status":"publish","type":"page","link":"https:\/\/opus-folyoirat.sk\/?page_id=2666","title":{"rendered":"Csehy Fl\u00f3ra"},"content":{"rendered":"\n<div class=\"wp-block-group is-vertical is-layout-flex wp-container-core-group-is-layout-8cf370e7 wp-block-group-is-layout-flex\">\n<p><strong>\u201eEgyetlen fa is el\u00e9g az \u00f6nk\u00edv\u00fclethez. De az erd\u0151\u2026\u201d&nbsp;<\/strong><\/p>\n\n\n\n<p><em>(Sirokai M\u00e1ty\u00e1s: Lomboldal, P\u00e9cs, Budapest, Jelenkor, 2020.)<\/em><\/p>\n<\/div>\n\n\n<div class=\"has-text-align-right wp-block-post-date\"><time datetime=\"2025-10-16T08:51:00+02:00\">2025-10-16<\/time><\/div>\n\n\n<p><\/p>\n\n\n\n<p>Sirokai M\u00e1ty\u00e1s lebilincsel\u0151 versk\u00f6tet\u00e9t olvasva a k\u00f6nyv oldalai szinte \u201elomboldallakk\u00e1\u201d v\u00e1ltoznak a kez\u00fcnkben, m\u00edgnem mi is a f\u00e1k, s\u0151t az erd\u0151 metaforikus r\u00e9szeiv\u00e9 v\u00e1lunk. A minket k\u00f6r\u00fcl\u00f6lel\u0151 \u00e9l\u0151 organizmusoknak k\u00fcl\u00f6n nyelve van, kiv\u00e9teles dallamb\u0151s\u00e9ge, szokatlan, m\u00e9gis t\u00fcnd\u00e9ri ritmusa. A k\u00f6lt\u0151 ezt a k\u00fcl\u00f6nleges \u00e9letritmust sz\u00f3laltatja meg, mag\u00e1t a n\u00f6v\u00e9nyi l\u00e9tet. Ez a technika \u00faj \u00e9letet lehel bel\u00e9nk, olvas\u00f3kba is: a m\u0171 hat\u00e1s\u00e1ra mi is \u201en\u00f6v\u00e9nyl\u0151kk\u00e9\u201d akarunk v\u00e1lni, s elsaj\u00e1t\u00edtani a nem t\u00fcd\u0151 \u00e1ltali l\u00e9gz\u00e9s, azaz a n\u00f6v\u00e9nyi l\u00e9t m\u0171v\u00e9szet\u00e9t.&nbsp;<\/p>\n\n\n\n<figure class=\"wp-block-image size-full\"><img loading=\"lazy\" decoding=\"async\" width=\"400\" height=\"643\" src=\"https:\/\/opus-folyoirat.sk\/wp-content\/uploads\/2025\/09\/sirokai-matyas-lomboldal-233535.jpeg\" alt=\"\" class=\"wp-image-2667\" srcset=\"https:\/\/opus-folyoirat.sk\/wp-content\/uploads\/2025\/09\/sirokai-matyas-lomboldal-233535.jpeg 400w, https:\/\/opus-folyoirat.sk\/wp-content\/uploads\/2025\/09\/sirokai-matyas-lomboldal-233535-187x300.jpeg 187w\" sizes=\"auto, (max-width: 400px) 100vw, 400px\" \/><\/figure>\n\n\n\n<p>Sirokai M\u00e1ty\u00e1s versk\u00f6tete az \u00fagynevezett biopo\u00e9tikai ir\u00e1nyzathoz sorolhat\u00f3: ez a k\u00f6lt\u00e9szett\u00edpus fontosnak tartja a k\u00f6rnyezet empatikus \u00e1br\u00e1zol\u00e1s\u00e1t. Nem el\u00e9gszik meg a t\u00e1jle\u00edr\u00e1ssal, hanem a t\u00e1jat \u00e9l\u0151 organizmusk\u00e9nt, az emberrel egyenrang\u00fa l\u00e9tez\u0151k\u00e9nt kezeli.<\/p>\n\n\n\n<p>A k\u00f6lt\u0151 verseiben pezsg\u0151 \u00e9letre kelti a t\u00f6bbnyire mozdulatlannak, merevnek, s olykor szinte \u00e9lettelennek t\u0171n\u0151 f\u00e1inkat, n\u00f6v\u00e9nyeinket, v\u00e9gigk\u00eds\u00e9ri azt a folyamatot, ahogy n\u00f6vekednek, burj\u00e1nzanak, l\u00e9legeznek. Ez ind\u00edtja el benn\u00fcnk azt a gondolatmenetet, hogy a f\u00e1k hasonl\u00f3ak hozz\u00e1nk, hogy azonosulni tudunk vel\u00fck. Gy\u0171r\u0171z\u00e9s\u00fckkel, rezg\u00e9seikkel, mozg\u00e1sukkal, azaz \u00e9leterej\u00fckkel a mi sz\u00edv\u00fcnket is megdobogtatj\u00e1k. Puszta jelenl\u00e9t\u00fck elhozza sz\u00e1munkra a csendet, a nyugalmat, a b\u00e9k\u00e9t, megsz\u00fcnteti a sokszor ellens\u00e9ges k\u00fclvil\u00e1got.&nbsp;<\/p>\n\n\n\n<p>\u201eEgy lombszerkezet annyira \u00f6sszetett, hogy a szem sosem tal\u00e1lkozik k\u00e9tszer ugyanazzal a l\u00e1tv\u00e1nnyal\u201d\u2013 \u00edrja a k\u00f6lt\u0151. Ez a gondolat vil\u00e1gosan szeml\u00e9lteti a l\u00e1tv\u00e1ny egyedis\u00e9g\u00e9t, az egy\u00e9ni l\u00e9tez\u00e9s csod\u00e1j\u00e1t, mely az emberekre vonatkoztatva is \u00e9rv\u00e9nyes. A term\u00e9szetben ak\u00e1r mi magunk is kipr\u00f3b\u00e1lhatjuk ezt, el\u00e9g leheveredni egy fa al\u00e1 p\u00e9ld\u00e1ul ezzel a mag\u00e1val ragad\u00f3 k\u00f6tettel kez\u00fcnkben&#8230; A term\u00e9szetn\u00e9l nagyobb var\u00e1zsl\u00f3 nincs: ami eleny\u00e9szik, az folyamatosan meg\u00fajul.&nbsp;<\/p>\n\n\n\n<p>V\u00e9lem\u00e9nyem szerint Sirokai M\u00e1ty\u00e1s \u00e9rz\u00e9kletesen fejezte ki, mekkora csod\u00e1kra k\u00e9pes a term\u00e9szet, hogy milyen er\u0151s a k\u00f6t\u0151d\u00e9s\u00fcnk hozz\u00e1 annak ellen\u00e9re, hogy \u00e9pp az ember sodorja vesz\u00e9lybe. A t\u00e1jnak, a term\u00e9szeti k\u00f6rnyezetnek is vannak \u00e9rzelmei: de ezek az \u00e9rzelmek a mi \u00e9rzelmeinkben t\u00fckr\u00f6z\u0151dnek.&nbsp;<\/p>\n\n\n\n<p>Sirokai k\u00f6tete minden koroszt\u00e1lyt megsz\u00f3l\u00edt. M\u0171v\u00e9ben k\u00fcl\u00f6nf\u00e9le, \u00e9letm\u00f3dot \u00e9rint\u0151 elemek is megjelennek, ilyen p\u00e9ld\u00e1ul a term\u00e9szetben v\u00e9gzett j\u00f3ga mot\u00edvuma, de kapunk tippeket a szabadban val\u00f3 olvas\u00e1shoz is. Felbukkan tov\u00e1bb\u00e1 a k\u00f6t\u00e9lt\u00e1nc mot\u00edvuma: ez ak\u00e1r \u00e9letmetafora is lehet. Ember \u00e9s erd\u0151 intim viszony\u00e1ban \u00e9rtelmezhet\u0151 a f\u00e1kkal val\u00f3 egy\u00fcttmozg\u00e1s gondolata. A szerz\u0151 m\u00e9ly kapcsolata a f\u00e1kkal megk\u00e9rd\u0151jelezhetetlen, \u00e9s szinte p\u00e9lda lehet el\u0151tt\u00fcnk, hogy ak\u00e1r mi magunk is kialak\u00edthatunk hasonl\u00f3 viszonyt vel\u00fck.&nbsp;<\/p>\n\n\n\n<p>A biopo\u00e9tikai alkot\u00e1sok sz\u00e9ps\u00e9ge azon a gondolaton alapszik, miszerint a m\u0171v\u00e9szet \u00e1ltal is k\u00f6rnyezetbar\u00e1t \u00e9letm\u00f3dra sarkallhatjuk az emberis\u00e9get, hiszen a F\u00f6ld, a l\u00e9gk\u00f6r, a term\u00e9szet folyamatos szennyez\u00e9se korunk egyik legjelent\u0151sebb, mindannyiunkat \u00e9rint\u0151 glob\u00e1lis probl\u00e9m\u00e1ja.&nbsp;<\/p>\n\n\n\n<p>Ha kritikailag \u00e9rt\u00e9kelni szeretn\u00e9nk Sirokai k\u00f6tet\u00e9t, mindenk\u00e9ppen ki kell emelni, hogy \u00fagy besz\u00e9l \u00e9s \u00edr a term\u00e9szetr\u0151l, hogy az nem hat okoskod\u00f3nak, didaktikusnak. A verssz\u00f6vegek igazi, komoly versek, melyek a maguk intim var\u00e1zs\u00e1val hatnak, mik\u00f6zben a term\u00e9szetbar\u00e1t \u00e9letm\u00f3dba is beavatnak. Sirokai nem eszm\u00e9ny\u00edti \u00e9s b\u00e1mulja a term\u00e9szetet, ahogy a romantikus k\u00f6lt\u0151k, hanem arr\u00f3l \u00edr, hogy a modern ember a term\u00e9szet r\u00e9sze \u00e9s felel\u0151ss\u00e9ggel tartozik \u00e9rte. A term\u00e9szeti folyamatok egyben emberi folyamatok is, a puszt\u00edt\u00e1s eben az esetben \u00f6npuszt\u00edt\u00e1ss\u00e1 v\u00e1lhat.<\/p>\n\n\n\n<p>Meggy\u0151z\u0151d\u00e9sem, hogy \u00e9let\u00fcnk egyik mozgat\u00f3rug\u00f3ja a m\u0171v\u00e9szet. A m\u0171v\u00e9szet, a k\u00f6lt\u00e9szet minden embert k\u00e9pes felt\u00f6lteni, kikapcsolni, ugyanakkor k\u00e9pes hatni is. A tiszta, z\u00f6ld k\u00f6rnyezet l\u00e1tv\u00e1nya \u00e9s \u00e9lm\u00e9nye nemcsak sz\u00e9ps\u00e9ggel, boldogs\u00e1ggal t\u00f6lti el sz\u00edv\u00fcnket, de mag\u00e1ban hordozza a tartalmasabb, ak\u00e1r a hosszabb \u00e9let titk\u00e1t is. Sirokai M\u00e1ty\u00e1s versk\u00f6tet\u00e9t az ut\u00f3bbi \u00e9vek egyik \u00fatt\u00f6r\u0151, kiemelked\u0151en fontos k\u00f6nyv\u00e9nek tartom.<\/p>\n","protected":false},"excerpt":{"rendered":"<p>\u201eEgyetlen fa is el\u00e9g az \u00f6nk\u00edv\u00fclethez. De az erd\u0151\u2026\u201d&nbsp; (Sirokai M\u00e1ty\u00e1s: Lomboldal, P\u00e9cs, Budapest, Jelenkor, 2020.) Sirokai M\u00e1ty\u00e1s lebilincsel\u0151 versk\u00f6tet\u00e9t olvasva a k\u00f6nyv oldalai szinte \u201elomboldallakk\u00e1\u201d v\u00e1ltoznak a kez\u00fcnkben, m\u00edgnem mi is a f\u00e1k, s\u0151t az erd\u0151 metaforikus r\u00e9szeiv\u00e9 v\u00e1lunk. &hellip; <a href=\"https:\/\/opus-folyoirat.sk\/?page_id=2666\">Egy kattint\u00e1s ide a folytat\u00e1shoz&#8230;. <span class=\"meta-nav\">&rarr;<\/span><\/a><\/p>\n","protected":false},"author":4,"featured_media":0,"parent":17,"menu_order":0,"comment_status":"closed","ping_status":"closed","template":"","meta":{"footnotes":""},"class_list":["post-2666","page","type-page","status-publish","hentry"],"_links":{"self":[{"href":"https:\/\/opus-folyoirat.sk\/index.php?rest_route=\/wp\/v2\/pages\/2666","targetHints":{"allow":["GET"]}}],"collection":[{"href":"https:\/\/opus-folyoirat.sk\/index.php?rest_route=\/wp\/v2\/pages"}],"about":[{"href":"https:\/\/opus-folyoirat.sk\/index.php?rest_route=\/wp\/v2\/types\/page"}],"author":[{"embeddable":true,"href":"https:\/\/opus-folyoirat.sk\/index.php?rest_route=\/wp\/v2\/users\/4"}],"replies":[{"embeddable":true,"href":"https:\/\/opus-folyoirat.sk\/index.php?rest_route=%2Fwp%2Fv2%2Fcomments&post=2666"}],"version-history":[{"count":4,"href":"https:\/\/opus-folyoirat.sk\/index.php?rest_route=\/wp\/v2\/pages\/2666\/revisions"}],"predecessor-version":[{"id":3082,"href":"https:\/\/opus-folyoirat.sk\/index.php?rest_route=\/wp\/v2\/pages\/2666\/revisions\/3082"}],"up":[{"embeddable":true,"href":"https:\/\/opus-folyoirat.sk\/index.php?rest_route=\/wp\/v2\/pages\/17"}],"wp:attachment":[{"href":"https:\/\/opus-folyoirat.sk\/index.php?rest_route=%2Fwp%2Fv2%2Fmedia&parent=2666"}],"curies":[{"name":"wp","href":"https:\/\/api.w.org\/{rel}","templated":true}]}}

Csehy Flóra

<div class="wp-block-group is-vertical is-layout-flex wp-container-core-group-is-layout-8cf370e7 wp-block-group-is-layout-flex">
<p><strong>„Egyetlen fa is elég az önkívülethez. De az erdő…”&nbsp;</strong></p>



<p><em>(Sirokai Mátyás: Lomboldal, Pécs, Budapest, Jelenkor, 2020.)</em></p>
</div>


<div class="has-text-align-right wp-block-post-date"><time datetime="2025-10-16T08:51:00+02:00">2025-10-16</time></div>


<p></p>



<p>Sirokai Mátyás lebilincselő verskötetét olvasva a könyv oldalai szinte „lomboldallakká” változnak a kezünkben, mígnem mi is a fák, sőt az erdő metaforikus részeivé válunk. A minket körülölelő élő organizmusoknak külön nyelve van, kivételes dallambősége, szokatlan, mégis tündéri ritmusa. A költő ezt a különleges életritmust szólaltatja meg, magát a növényi létet. Ez a technika új életet lehel belénk, olvasókba is: a mű hatására mi is „növénylőkké” akarunk válni, s elsajátítani a nem tüdő általi légzés, azaz a növényi lét művészetét.&nbsp;</p>



<figure class="wp-block-image size-full"><img loading="lazy" decoding="async" width="400" height="643" src="https://opus-folyoirat.sk/wp-content/uploads/2025/09/sirokai-matyas-lomboldal-233535.jpeg" alt="" class="wp-image-2667" srcset="https://opus-folyoirat.sk/wp-content/uploads/2025/09/sirokai-matyas-lomboldal-233535.jpeg 400w, https://opus-folyoirat.sk/wp-content/uploads/2025/09/sirokai-matyas-lomboldal-233535-187x300.jpeg 187w" sizes="auto, (max-width: 400px) 100vw, 400px" /></figure>



<p>Sirokai Mátyás verskötete az úgynevezett biopoétikai irányzathoz sorolható: ez a költészettípus fontosnak tartja a környezet empatikus ábrázolását. Nem elégszik meg a tájleírással, hanem a tájat élő organizmusként, az emberrel egyenrangú létezőként kezeli.</p>



<p>A költő verseiben pezsgő életre kelti a többnyire mozdulatlannak, merevnek, s olykor szinte élettelennek tűnő fáinkat, növényeinket, végigkíséri azt a folyamatot, ahogy növekednek, burjánzanak, lélegeznek. Ez indítja el bennünk azt a gondolatmenetet, hogy a fák hasonlóak hozzánk, hogy azonosulni tudunk velük. Gyűrűzésükkel, rezgéseikkel, mozgásukkal, azaz életerejükkel a mi szívünket is megdobogtatják. Puszta jelenlétük elhozza számunkra a csendet, a nyugalmat, a békét, megszünteti a sokszor ellenséges külvilágot.&nbsp;</p>



<p>„Egy lombszerkezet annyira összetett, hogy a szem sosem találkozik kétszer ugyanazzal a látvánnyal”– írja a költő. Ez a gondolat világosan szemlélteti a látvány egyediségét, az egyéni létezés csodáját, mely az emberekre vonatkoztatva is érvényes. A természetben akár mi magunk is kipróbálhatjuk ezt, elég leheveredni egy fa alá például ezzel a magával ragadó kötettel kezünkben&#8230; A természetnél nagyobb varázsló nincs: ami elenyészik, az folyamatosan megújul.&nbsp;</p>



<p>Véleményem szerint Sirokai Mátyás érzékletesen fejezte ki, mekkora csodákra képes a természet, hogy milyen erős a kötődésünk hozzá annak ellenére, hogy épp az ember sodorja veszélybe. A tájnak, a természeti környezetnek is vannak érzelmei: de ezek az érzelmek a mi érzelmeinkben tükröződnek.&nbsp;</p>



<p>Sirokai kötete minden korosztályt megszólít. Művében különféle, életmódot érintő elemek is megjelennek, ilyen például a természetben végzett jóga motívuma, de kapunk tippeket a szabadban való olvasáshoz is. Felbukkan továbbá a kötéltánc motívuma: ez akár életmetafora is lehet. Ember és erdő intim viszonyában értelmezhető a fákkal való együttmozgás gondolata. A szerző mély kapcsolata a fákkal megkérdőjelezhetetlen, és szinte példa lehet előttünk, hogy akár mi magunk is kialakíthatunk hasonló viszonyt velük.&nbsp;</p>



<p>A biopoétikai alkotások szépsége azon a gondolaton alapszik, miszerint a művészet által is környezetbarát életmódra sarkallhatjuk az emberiséget, hiszen a Föld, a légkör, a természet folyamatos szennyezése korunk egyik legjelentősebb, mindannyiunkat érintő globális problémája.&nbsp;</p>



<p>Ha kritikailag értékelni szeretnénk Sirokai kötetét, mindenképpen ki kell emelni, hogy úgy beszél és ír a természetről, hogy az nem hat okoskodónak, didaktikusnak. A versszövegek igazi, komoly versek, melyek a maguk intim varázsával hatnak, miközben a természetbarát életmódba is beavatnak. Sirokai nem eszményíti és bámulja a természetet, ahogy a romantikus költők, hanem arról ír, hogy a modern ember a természet része és felelősséggel tartozik érte. A természeti folyamatok egyben emberi folyamatok is, a pusztítás eben az esetben önpusztítássá válhat.</p>



<p>Meggyőződésem, hogy életünk egyik mozgatórugója a művészet. A művészet, a költészet minden embert képes feltölteni, kikapcsolni, ugyanakkor képes hatni is. A tiszta, zöld környezet látványa és élménye nemcsak szépséggel, boldogsággal tölti el szívünket, de magában hordozza a tartalmasabb, akár a hosszabb élet titkát is. Sirokai Mátyás verskötetét az utóbbi évek egyik úttörő, kiemelkedően fontos könyvének tartom.</p>

<p>„Egyetlen fa is elég az önkívülethez. De az erdő…”&nbsp; (Sirokai Mátyás: Lomboldal, Pécs, Budapest, Jelenkor, 2020.) Sirokai Mátyás lebilincselő verskötetét olvasva a könyv oldalai szinte „lomboldallakká” változnak a kezünkben, mígnem mi is a fák, sőt az erdő metaforikus részeivé válunk. &hellip; <a href="https://opus-folyoirat.sk/?page_id=2666">Egy kattintás ide a folytatáshoz&#8230;. <span class="meta-nav">&rarr;</span></a></p>
