{"id":2769,"date":"2025-10-17T12:37:10","date_gmt":"2025-10-17T10:37:10","guid":{"rendered":"https:\/\/opus-folyoirat.sk\/?page_id=2769"},"modified":"2026-01-29T17:29:48","modified_gmt":"2026-01-29T15:29:48","slug":"tozser-arpad-elott-tiszteleg-a-98-opus","status":"publish","type":"page","link":"https:\/\/opus-folyoirat.sk\/?page_id=2769","title":{"rendered":"T\u0151zs\u00e9r \u00c1rp\u00e1d el\u0151tt tiszteleg a 98. Opus"},"content":{"rendered":"<div class=\"wp-block-post-date\"><time datetime=\"2025-10-17T12:37:10+02:00\">2025-10-17<\/time><\/div>\n\n\n<p><\/p>\n\n\n\n<p>Az <em>Opus<\/em> leg\u00fajabb sz\u00e1ma k\u00fcl\u00f6nleges jubileumhoz \u00e9rkezett, hiszen a foly\u00f3irat 98. kiad\u00e1sa T\u0151zs\u00e9r \u00c1rp\u00e1d 90. sz\u00fclet\u00e9snapj\u00e1t \u00fcnnepli. A lapsz\u00e1m egyszerre tisztelg\u00e9s \u00e9s szellemi p\u00e1rbesz\u00e9d a felvid\u00e9ki magyar irodalom egyik legmeghat\u00e1roz\u00f3bb alakj\u00e1val.<\/p>\n\n\n\n<figure class=\"wp-block-image size-large\"><img loading=\"lazy\" decoding=\"async\" width=\"1024\" height=\"512\" src=\"https:\/\/opus-folyoirat.sk\/wp-content\/uploads\/2025\/10\/boritokep2-1024x512.jpg\" alt=\"\" class=\"wp-image-2772\" srcset=\"https:\/\/opus-folyoirat.sk\/wp-content\/uploads\/2025\/10\/boritokep2-1024x512.jpg 1024w, https:\/\/opus-folyoirat.sk\/wp-content\/uploads\/2025\/10\/boritokep2-300x150.jpg 300w, https:\/\/opus-folyoirat.sk\/wp-content\/uploads\/2025\/10\/boritokep2-768x384.jpg 768w, https:\/\/opus-folyoirat.sk\/wp-content\/uploads\/2025\/10\/boritokep2-1536x768.jpg 1536w, https:\/\/opus-folyoirat.sk\/wp-content\/uploads\/2025\/10\/boritokep2-2048x1024.jpg 2048w, https:\/\/opus-folyoirat.sk\/wp-content\/uploads\/2025\/10\/boritokep2-500x250.jpg 500w\" sizes=\"auto, (max-width: 1024px) 100vw, 1024px\" \/><\/figure>\n\n\n\n<p>A T\u0151zs\u00e9r \u00c1rp\u00e1d 90 \u00e9ves c\u00edm\u0171 blokkban maga a k\u00f6lt\u0151 is \u00faj versekkel jelentkezik \u2013 Ikarosz buk\u00e1sa, Nyelvist\u00e1ll\u00f3 \u2013, s mellette Z. N\u00e9meth Istv\u00e1n, Kov\u00e1cs Bal\u00e1zs \u00e9s Morva M\u00e1ty\u00e1s essz\u00e9kkel \u00e9s egy versciklussal id\u00e9zik meg T\u0151zs\u00e9r \u00e9letm\u0171v\u00e9nek gazdags\u00e1g\u00e1t, nyelvi j\u00e1t\u00e9kait \u00e9s szellemi \u00f6r\u00f6ks\u00e9g\u00e9t.<\/p>\n\n\n\n<figure class=\"wp-block-gallery has-nested-images columns-default is-cropped wp-block-gallery-1 is-layout-flex wp-block-gallery-is-layout-flex\">\n<figure class=\"wp-block-image size-large\"><img loading=\"lazy\" decoding=\"async\" width=\"1024\" height=\"768\" data-id=\"2775\" src=\"https:\/\/opus-folyoirat.sk\/wp-content\/uploads\/2025\/10\/IMG_2225-1024x768.jpg\" alt=\"\" class=\"wp-image-2775\" srcset=\"https:\/\/opus-folyoirat.sk\/wp-content\/uploads\/2025\/10\/IMG_2225-1024x768.jpg 1024w, https:\/\/opus-folyoirat.sk\/wp-content\/uploads\/2025\/10\/IMG_2225-300x225.jpg 300w, https:\/\/opus-folyoirat.sk\/wp-content\/uploads\/2025\/10\/IMG_2225-768x576.jpg 768w, https:\/\/opus-folyoirat.sk\/wp-content\/uploads\/2025\/10\/IMG_2225-1536x1152.jpg 1536w, https:\/\/opus-folyoirat.sk\/wp-content\/uploads\/2025\/10\/IMG_2225-2048x1536.jpg 2048w, https:\/\/opus-folyoirat.sk\/wp-content\/uploads\/2025\/10\/IMG_2225-400x300.jpg 400w\" sizes=\"auto, (max-width: 1024px) 100vw, 1024px\" \/><\/figure>\n\n\n\n<figure class=\"wp-block-image size-large\"><img loading=\"lazy\" decoding=\"async\" width=\"1024\" height=\"768\" data-id=\"2773\" src=\"https:\/\/opus-folyoirat.sk\/wp-content\/uploads\/2025\/10\/IMG_2226-1024x768.jpg\" alt=\"\" class=\"wp-image-2773\" srcset=\"https:\/\/opus-folyoirat.sk\/wp-content\/uploads\/2025\/10\/IMG_2226-1024x768.jpg 1024w, https:\/\/opus-folyoirat.sk\/wp-content\/uploads\/2025\/10\/IMG_2226-300x225.jpg 300w, https:\/\/opus-folyoirat.sk\/wp-content\/uploads\/2025\/10\/IMG_2226-768x576.jpg 768w, https:\/\/opus-folyoirat.sk\/wp-content\/uploads\/2025\/10\/IMG_2226-1536x1152.jpg 1536w, https:\/\/opus-folyoirat.sk\/wp-content\/uploads\/2025\/10\/IMG_2226-2048x1536.jpg 2048w, https:\/\/opus-folyoirat.sk\/wp-content\/uploads\/2025\/10\/IMG_2226-400x300.jpg 400w\" sizes=\"auto, (max-width: 1024px) 100vw, 1024px\" \/><\/figure>\n\n\n\n<figure class=\"wp-block-image size-large\"><img loading=\"lazy\" decoding=\"async\" width=\"1024\" height=\"768\" data-id=\"2777\" src=\"https:\/\/opus-folyoirat.sk\/wp-content\/uploads\/2025\/10\/IMG_2227-1024x768.jpg\" alt=\"\" class=\"wp-image-2777\" srcset=\"https:\/\/opus-folyoirat.sk\/wp-content\/uploads\/2025\/10\/IMG_2227-1024x768.jpg 1024w, https:\/\/opus-folyoirat.sk\/wp-content\/uploads\/2025\/10\/IMG_2227-300x225.jpg 300w, https:\/\/opus-folyoirat.sk\/wp-content\/uploads\/2025\/10\/IMG_2227-768x576.jpg 768w, https:\/\/opus-folyoirat.sk\/wp-content\/uploads\/2025\/10\/IMG_2227-1536x1152.jpg 1536w, https:\/\/opus-folyoirat.sk\/wp-content\/uploads\/2025\/10\/IMG_2227-2048x1536.jpg 2048w, https:\/\/opus-folyoirat.sk\/wp-content\/uploads\/2025\/10\/IMG_2227-400x300.jpg 400w\" sizes=\"auto, (max-width: 1024px) 100vw, 1024px\" \/><\/figure>\n\n\n\n<figure class=\"wp-block-image size-large\"><img loading=\"lazy\" decoding=\"async\" width=\"1024\" height=\"768\" data-id=\"2774\" src=\"https:\/\/opus-folyoirat.sk\/wp-content\/uploads\/2025\/10\/IMG_2228-1024x768.jpg\" alt=\"\" class=\"wp-image-2774\" srcset=\"https:\/\/opus-folyoirat.sk\/wp-content\/uploads\/2025\/10\/IMG_2228-1024x768.jpg 1024w, https:\/\/opus-folyoirat.sk\/wp-content\/uploads\/2025\/10\/IMG_2228-300x225.jpg 300w, https:\/\/opus-folyoirat.sk\/wp-content\/uploads\/2025\/10\/IMG_2228-768x576.jpg 768w, https:\/\/opus-folyoirat.sk\/wp-content\/uploads\/2025\/10\/IMG_2228-1536x1152.jpg 1536w, https:\/\/opus-folyoirat.sk\/wp-content\/uploads\/2025\/10\/IMG_2228-2048x1536.jpg 2048w, https:\/\/opus-folyoirat.sk\/wp-content\/uploads\/2025\/10\/IMG_2228-400x300.jpg 400w\" sizes=\"auto, (max-width: 1024px) 100vw, 1024px\" \/><\/figure>\n\n\n\n<figure class=\"wp-block-image size-large\"><img loading=\"lazy\" decoding=\"async\" width=\"1024\" height=\"768\" data-id=\"2776\" src=\"https:\/\/opus-folyoirat.sk\/wp-content\/uploads\/2025\/10\/IMG_2229-1024x768.jpg\" alt=\"\" class=\"wp-image-2776\" srcset=\"https:\/\/opus-folyoirat.sk\/wp-content\/uploads\/2025\/10\/IMG_2229-1024x768.jpg 1024w, https:\/\/opus-folyoirat.sk\/wp-content\/uploads\/2025\/10\/IMG_2229-300x225.jpg 300w, https:\/\/opus-folyoirat.sk\/wp-content\/uploads\/2025\/10\/IMG_2229-768x576.jpg 768w, https:\/\/opus-folyoirat.sk\/wp-content\/uploads\/2025\/10\/IMG_2229-1536x1152.jpg 1536w, https:\/\/opus-folyoirat.sk\/wp-content\/uploads\/2025\/10\/IMG_2229-2048x1536.jpg 2048w, https:\/\/opus-folyoirat.sk\/wp-content\/uploads\/2025\/10\/IMG_2229-400x300.jpg 400w\" sizes=\"auto, (max-width: 1024px) 100vw, 1024px\" \/><\/figure>\n<\/figure>\n\n\n\n<p>A Sz\u00e9p\u00edr\u00e1s fejezet ez\u00fattal is a magyar irodalom soksz\u00edn\u0171s\u00e9g\u00e9t mutatja fel, hiszen hazai \u00e9s magyarorsz\u00e1gi \u00edr\u00f3k egyar\u00e1nt teret kaptak itt a publik\u00e1l\u00e1sra. A l\u00edr\u00e1t\u00f3l a pr\u00f3z\u00e1ig terjed\u0151 v\u00e1logat\u00e1sban Hodossy Gyula, Fellinger K\u00e1roly, Lutter Imre, T\u00f6r\u00f6k N\u00e1ndor, Dombos Krisztina Hanga \u00e9s m\u00e1sok \u00faj versei mellett r\u00f6vidpr\u00f3z\u00e1kat \u00e9s novell\u00e1kat is tal\u00e1lunk \u2013 t\u00f6bbek k\u00f6z\u00f6tt P\u00f3da Erzs\u00e9bet, Fiala Ilona \u00e9s So\u00f3s G\u00e1bor \u00edr\u00e1sait.&nbsp;<\/p>\n\n\n\n<figure class=\"wp-block-gallery has-nested-images columns-default is-cropped wp-block-gallery-2 is-layout-flex wp-block-gallery-is-layout-flex\">\n<figure class=\"wp-block-image size-large\"><img loading=\"lazy\" decoding=\"async\" width=\"1024\" height=\"768\" data-id=\"2779\" src=\"https:\/\/opus-folyoirat.sk\/wp-content\/uploads\/2025\/10\/IMG_2230-1024x768.jpg\" alt=\"\" class=\"wp-image-2779\" srcset=\"https:\/\/opus-folyoirat.sk\/wp-content\/uploads\/2025\/10\/IMG_2230-1024x768.jpg 1024w, https:\/\/opus-folyoirat.sk\/wp-content\/uploads\/2025\/10\/IMG_2230-300x225.jpg 300w, https:\/\/opus-folyoirat.sk\/wp-content\/uploads\/2025\/10\/IMG_2230-768x576.jpg 768w, https:\/\/opus-folyoirat.sk\/wp-content\/uploads\/2025\/10\/IMG_2230-1536x1152.jpg 1536w, https:\/\/opus-folyoirat.sk\/wp-content\/uploads\/2025\/10\/IMG_2230-2048x1536.jpg 2048w, https:\/\/opus-folyoirat.sk\/wp-content\/uploads\/2025\/10\/IMG_2230-400x300.jpg 400w\" sizes=\"auto, (max-width: 1024px) 100vw, 1024px\" \/><\/figure>\n\n\n\n<figure class=\"wp-block-image size-large\"><img loading=\"lazy\" decoding=\"async\" width=\"1024\" height=\"768\" data-id=\"2782\" src=\"https:\/\/opus-folyoirat.sk\/wp-content\/uploads\/2025\/10\/IMG_2231-1024x768.jpg\" alt=\"\" class=\"wp-image-2782\" srcset=\"https:\/\/opus-folyoirat.sk\/wp-content\/uploads\/2025\/10\/IMG_2231-1024x768.jpg 1024w, https:\/\/opus-folyoirat.sk\/wp-content\/uploads\/2025\/10\/IMG_2231-300x225.jpg 300w, https:\/\/opus-folyoirat.sk\/wp-content\/uploads\/2025\/10\/IMG_2231-768x576.jpg 768w, https:\/\/opus-folyoirat.sk\/wp-content\/uploads\/2025\/10\/IMG_2231-1536x1152.jpg 1536w, https:\/\/opus-folyoirat.sk\/wp-content\/uploads\/2025\/10\/IMG_2231-2048x1536.jpg 2048w, https:\/\/opus-folyoirat.sk\/wp-content\/uploads\/2025\/10\/IMG_2231-400x300.jpg 400w\" sizes=\"auto, (max-width: 1024px) 100vw, 1024px\" \/><\/figure>\n\n\n\n<figure class=\"wp-block-image size-large\"><img loading=\"lazy\" decoding=\"async\" width=\"1024\" height=\"768\" data-id=\"2783\" src=\"https:\/\/opus-folyoirat.sk\/wp-content\/uploads\/2025\/10\/IMG_2232-1024x768.jpg\" alt=\"\" class=\"wp-image-2783\" srcset=\"https:\/\/opus-folyoirat.sk\/wp-content\/uploads\/2025\/10\/IMG_2232-1024x768.jpg 1024w, https:\/\/opus-folyoirat.sk\/wp-content\/uploads\/2025\/10\/IMG_2232-300x225.jpg 300w, https:\/\/opus-folyoirat.sk\/wp-content\/uploads\/2025\/10\/IMG_2232-768x576.jpg 768w, https:\/\/opus-folyoirat.sk\/wp-content\/uploads\/2025\/10\/IMG_2232-1536x1152.jpg 1536w, https:\/\/opus-folyoirat.sk\/wp-content\/uploads\/2025\/10\/IMG_2232-2048x1536.jpg 2048w, https:\/\/opus-folyoirat.sk\/wp-content\/uploads\/2025\/10\/IMG_2232-400x300.jpg 400w\" sizes=\"auto, (max-width: 1024px) 100vw, 1024px\" \/><\/figure>\n\n\n\n<figure class=\"wp-block-image size-large\"><img loading=\"lazy\" decoding=\"async\" width=\"1024\" height=\"768\" data-id=\"2780\" src=\"https:\/\/opus-folyoirat.sk\/wp-content\/uploads\/2025\/10\/IMG_2233-1024x768.jpg\" alt=\"\" class=\"wp-image-2780\" srcset=\"https:\/\/opus-folyoirat.sk\/wp-content\/uploads\/2025\/10\/IMG_2233-1024x768.jpg 1024w, https:\/\/opus-folyoirat.sk\/wp-content\/uploads\/2025\/10\/IMG_2233-300x225.jpg 300w, https:\/\/opus-folyoirat.sk\/wp-content\/uploads\/2025\/10\/IMG_2233-768x576.jpg 768w, https:\/\/opus-folyoirat.sk\/wp-content\/uploads\/2025\/10\/IMG_2233-1536x1152.jpg 1536w, https:\/\/opus-folyoirat.sk\/wp-content\/uploads\/2025\/10\/IMG_2233-2048x1536.jpg 2048w, https:\/\/opus-folyoirat.sk\/wp-content\/uploads\/2025\/10\/IMG_2233-400x300.jpg 400w\" sizes=\"auto, (max-width: 1024px) 100vw, 1024px\" \/><\/figure>\n\n\n\n<figure class=\"wp-block-image size-large\"><img loading=\"lazy\" decoding=\"async\" width=\"1024\" height=\"768\" data-id=\"2778\" src=\"https:\/\/opus-folyoirat.sk\/wp-content\/uploads\/2025\/10\/IMG_2234-1024x768.jpg\" alt=\"\" class=\"wp-image-2778\" srcset=\"https:\/\/opus-folyoirat.sk\/wp-content\/uploads\/2025\/10\/IMG_2234-1024x768.jpg 1024w, https:\/\/opus-folyoirat.sk\/wp-content\/uploads\/2025\/10\/IMG_2234-300x225.jpg 300w, https:\/\/opus-folyoirat.sk\/wp-content\/uploads\/2025\/10\/IMG_2234-768x576.jpg 768w, https:\/\/opus-folyoirat.sk\/wp-content\/uploads\/2025\/10\/IMG_2234-1536x1152.jpg 1536w, https:\/\/opus-folyoirat.sk\/wp-content\/uploads\/2025\/10\/IMG_2234-2048x1536.jpg 2048w, https:\/\/opus-folyoirat.sk\/wp-content\/uploads\/2025\/10\/IMG_2234-400x300.jpg 400w\" sizes=\"auto, (max-width: 1024px) 100vw, 1024px\" \/><\/figure>\n\n\n\n<figure class=\"wp-block-image size-large\"><img loading=\"lazy\" decoding=\"async\" width=\"1024\" height=\"768\" data-id=\"2781\" src=\"https:\/\/opus-folyoirat.sk\/wp-content\/uploads\/2025\/10\/IMG_2235-1024x768.jpg\" alt=\"\" class=\"wp-image-2781\" srcset=\"https:\/\/opus-folyoirat.sk\/wp-content\/uploads\/2025\/10\/IMG_2235-1024x768.jpg 1024w, https:\/\/opus-folyoirat.sk\/wp-content\/uploads\/2025\/10\/IMG_2235-300x225.jpg 300w, https:\/\/opus-folyoirat.sk\/wp-content\/uploads\/2025\/10\/IMG_2235-768x576.jpg 768w, https:\/\/opus-folyoirat.sk\/wp-content\/uploads\/2025\/10\/IMG_2235-1536x1152.jpg 1536w, https:\/\/opus-folyoirat.sk\/wp-content\/uploads\/2025\/10\/IMG_2235-2048x1536.jpg 2048w, https:\/\/opus-folyoirat.sk\/wp-content\/uploads\/2025\/10\/IMG_2235-400x300.jpg 400w\" sizes=\"auto, (max-width: 1024px) 100vw, 1024px\" \/><\/figure>\n<\/figure>\n\n\n\n<p>A L\u00e1that\u00e1r blokkban most Egyiptomba kalandozunk, s ebben az utaz\u00e1sban idegenvezet\u0151nk T\u00fcske L\u00e1szl\u00f3 lesz, aki ez\u00fattal Iman Mersal egyiptomi k\u00f6lt\u0151 verseinek magyar ford\u00edt\u00e1s\u00e1t hozta el nek\u00fcnk. A k\u00f6lt\u00e9szet itt hat\u00e1rokon \u00e1t\u00edvel\u0151 dial\u00f3guss\u00e1 v\u00e1lik, ahol az eml\u00e9kez\u00e9s, a szerelem \u00e9s az identit\u00e1s hangjai sz\u00f3lnak.<\/p>\n\n\n\n<figure class=\"wp-block-gallery has-nested-images columns-default is-cropped wp-block-gallery-3 is-layout-flex wp-block-gallery-is-layout-flex\">\n<figure class=\"wp-block-image size-large\"><img loading=\"lazy\" decoding=\"async\" width=\"1024\" height=\"768\" data-id=\"2784\" src=\"https:\/\/opus-folyoirat.sk\/wp-content\/uploads\/2025\/10\/IMG_2236-1024x768.jpg\" alt=\"\" class=\"wp-image-2784\" srcset=\"https:\/\/opus-folyoirat.sk\/wp-content\/uploads\/2025\/10\/IMG_2236-1024x768.jpg 1024w, https:\/\/opus-folyoirat.sk\/wp-content\/uploads\/2025\/10\/IMG_2236-300x225.jpg 300w, https:\/\/opus-folyoirat.sk\/wp-content\/uploads\/2025\/10\/IMG_2236-768x576.jpg 768w, https:\/\/opus-folyoirat.sk\/wp-content\/uploads\/2025\/10\/IMG_2236-1536x1152.jpg 1536w, https:\/\/opus-folyoirat.sk\/wp-content\/uploads\/2025\/10\/IMG_2236-2048x1536.jpg 2048w, https:\/\/opus-folyoirat.sk\/wp-content\/uploads\/2025\/10\/IMG_2236-400x300.jpg 400w\" sizes=\"auto, (max-width: 1024px) 100vw, 1024px\" \/><\/figure>\n<\/figure>\n\n\n\n<p>Mivel id\u00e9n 35 \u00e9ves a SZM\u00cdT, azaz a Szlov\u00e1kiai Magyar \u00cdr\u00f3k T\u00e1rsas\u00e1ga, ez\u00e9rt szok\u00e1sunkhoz h\u00edven a t\u00e1rsas\u00e1ggal kapcsolatos \u00edr\u00e1ssal jelentkez\u00fcnk. Ez\u00fattal lapunk szerkeszt\u0151je, Angyal S\u00e1ndor besz\u00e9lget Hodossy Gyul\u00e1val, a Szlov\u00e1kiai Magyar \u00cdr\u00f3k T\u00e1rsas\u00e1g\u00e1nak t\u00f6bb mint k\u00e9t \u00e9vtizede regn\u00e1l\u00f3 eln\u00f6k\u00e9vel. A p\u00e1rbesz\u00e9db\u0151l kider\u00fcl, hogyan alakult a szervezet h\u00e1rom \u00e9s f\u00e9l \u00e9vtizedes t\u00f6rt\u00e9nete, s milyen szerepet t\u00f6lt be ma a magyar irodalom felvid\u00e9ki \u00e9let\u00e9ben.<\/p>\n\n\n\n<figure class=\"wp-block-gallery has-nested-images columns-default is-cropped wp-block-gallery-4 is-layout-flex wp-block-gallery-is-layout-flex\">\n<figure class=\"wp-block-image size-large\"><img loading=\"lazy\" decoding=\"async\" width=\"1024\" height=\"768\" data-id=\"2786\" src=\"https:\/\/opus-folyoirat.sk\/wp-content\/uploads\/2025\/10\/IMG_2237-1024x768.jpg\" alt=\"\" class=\"wp-image-2786\" srcset=\"https:\/\/opus-folyoirat.sk\/wp-content\/uploads\/2025\/10\/IMG_2237-1024x768.jpg 1024w, https:\/\/opus-folyoirat.sk\/wp-content\/uploads\/2025\/10\/IMG_2237-300x225.jpg 300w, https:\/\/opus-folyoirat.sk\/wp-content\/uploads\/2025\/10\/IMG_2237-768x576.jpg 768w, https:\/\/opus-folyoirat.sk\/wp-content\/uploads\/2025\/10\/IMG_2237-1536x1152.jpg 1536w, https:\/\/opus-folyoirat.sk\/wp-content\/uploads\/2025\/10\/IMG_2237-2048x1536.jpg 2048w, https:\/\/opus-folyoirat.sk\/wp-content\/uploads\/2025\/10\/IMG_2237-400x300.jpg 400w\" sizes=\"auto, (max-width: 1024px) 100vw, 1024px\" \/><\/figure>\n\n\n\n<figure class=\"wp-block-image size-large\"><img loading=\"lazy\" decoding=\"async\" width=\"1024\" height=\"768\" data-id=\"2785\" src=\"https:\/\/opus-folyoirat.sk\/wp-content\/uploads\/2025\/10\/IMG_2238-1024x768.jpg\" alt=\"\" class=\"wp-image-2785\" srcset=\"https:\/\/opus-folyoirat.sk\/wp-content\/uploads\/2025\/10\/IMG_2238-1024x768.jpg 1024w, https:\/\/opus-folyoirat.sk\/wp-content\/uploads\/2025\/10\/IMG_2238-300x225.jpg 300w, https:\/\/opus-folyoirat.sk\/wp-content\/uploads\/2025\/10\/IMG_2238-768x576.jpg 768w, https:\/\/opus-folyoirat.sk\/wp-content\/uploads\/2025\/10\/IMG_2238-1536x1152.jpg 1536w, https:\/\/opus-folyoirat.sk\/wp-content\/uploads\/2025\/10\/IMG_2238-2048x1536.jpg 2048w, https:\/\/opus-folyoirat.sk\/wp-content\/uploads\/2025\/10\/IMG_2238-400x300.jpg 400w\" sizes=\"auto, (max-width: 1024px) 100vw, 1024px\" \/><\/figure>\n\n\n\n<figure class=\"wp-block-image size-large\"><img loading=\"lazy\" decoding=\"async\" width=\"1024\" height=\"768\" data-id=\"2787\" src=\"https:\/\/opus-folyoirat.sk\/wp-content\/uploads\/2025\/10\/IMG_2239-1024x768.jpg\" alt=\"\" class=\"wp-image-2787\" srcset=\"https:\/\/opus-folyoirat.sk\/wp-content\/uploads\/2025\/10\/IMG_2239-1024x768.jpg 1024w, https:\/\/opus-folyoirat.sk\/wp-content\/uploads\/2025\/10\/IMG_2239-300x225.jpg 300w, https:\/\/opus-folyoirat.sk\/wp-content\/uploads\/2025\/10\/IMG_2239-768x576.jpg 768w, https:\/\/opus-folyoirat.sk\/wp-content\/uploads\/2025\/10\/IMG_2239-1536x1152.jpg 1536w, https:\/\/opus-folyoirat.sk\/wp-content\/uploads\/2025\/10\/IMG_2239-2048x1536.jpg 2048w, https:\/\/opus-folyoirat.sk\/wp-content\/uploads\/2025\/10\/IMG_2239-400x300.jpg 400w\" sizes=\"auto, (max-width: 1024px) 100vw, 1024px\" \/><\/figure>\n<\/figure>\n\n\n\n<p>A Opus-essz\u00e9 rovatunk k\u00e9t \u00e9rdekes \u00edr\u00e1st tartogat az olvas\u00f3knak. Els\u0151k\u00e9nt Nagy Erika toll\u00e1b\u00f3l, aki a 95 esztend\u0151s Szeber\u00e9nyi Zolt\u00e1n irodalomt\u00f6rt\u00e9n\u00e9sz, kritikus, egyetemi oktat\u00f3 p\u00e1ly\u00e1j\u00e1t m\u00e9ltatja. A m\u00e1sodik tanulm\u00e1nyt N\u00e9meth Istv\u00e1n P\u00e9ter jegyzi, aki J\u00f3kai M\u00f3r velencei hangulat\u00fa \u201elag\u00fanav\u00e1ros\u00e1t\u201d id\u00e9zi meg.<\/p>\n\n\n\n<p>Az Opus-tanulm\u00e1ny r\u00e9szben Vasv\u00e1ri Zolt\u00e1n dolgozata a pal\u00f3cf\u00f6ldi mesemond\u00f3k vil\u00e1g\u00e1ba kalauzol, a n\u00e9pi elbesz\u00e9l\u00e9s hagyom\u00e1ny\u00e1t kutatva.<\/p>\n\n\n\n<figure class=\"wp-block-gallery has-nested-images columns-default is-cropped wp-block-gallery-5 is-layout-flex wp-block-gallery-is-layout-flex\">\n<figure class=\"wp-block-image size-large\"><img loading=\"lazy\" decoding=\"async\" width=\"1024\" height=\"768\" data-id=\"2789\" src=\"https:\/\/opus-folyoirat.sk\/wp-content\/uploads\/2025\/10\/IMG_2240-1024x768.jpg\" alt=\"\" class=\"wp-image-2789\" srcset=\"https:\/\/opus-folyoirat.sk\/wp-content\/uploads\/2025\/10\/IMG_2240-1024x768.jpg 1024w, https:\/\/opus-folyoirat.sk\/wp-content\/uploads\/2025\/10\/IMG_2240-300x225.jpg 300w, https:\/\/opus-folyoirat.sk\/wp-content\/uploads\/2025\/10\/IMG_2240-768x576.jpg 768w, https:\/\/opus-folyoirat.sk\/wp-content\/uploads\/2025\/10\/IMG_2240-1536x1152.jpg 1536w, https:\/\/opus-folyoirat.sk\/wp-content\/uploads\/2025\/10\/IMG_2240-2048x1536.jpg 2048w, https:\/\/opus-folyoirat.sk\/wp-content\/uploads\/2025\/10\/IMG_2240-400x300.jpg 400w\" sizes=\"auto, (max-width: 1024px) 100vw, 1024px\" \/><\/figure>\n\n\n\n<figure class=\"wp-block-image size-large\"><img loading=\"lazy\" decoding=\"async\" width=\"1024\" height=\"768\" data-id=\"2790\" src=\"https:\/\/opus-folyoirat.sk\/wp-content\/uploads\/2025\/10\/IMG_2241-1024x768.jpg\" alt=\"\" class=\"wp-image-2790\" srcset=\"https:\/\/opus-folyoirat.sk\/wp-content\/uploads\/2025\/10\/IMG_2241-1024x768.jpg 1024w, https:\/\/opus-folyoirat.sk\/wp-content\/uploads\/2025\/10\/IMG_2241-300x225.jpg 300w, https:\/\/opus-folyoirat.sk\/wp-content\/uploads\/2025\/10\/IMG_2241-768x576.jpg 768w, https:\/\/opus-folyoirat.sk\/wp-content\/uploads\/2025\/10\/IMG_2241-1536x1152.jpg 1536w, https:\/\/opus-folyoirat.sk\/wp-content\/uploads\/2025\/10\/IMG_2241-2048x1536.jpg 2048w, https:\/\/opus-folyoirat.sk\/wp-content\/uploads\/2025\/10\/IMG_2241-400x300.jpg 400w\" sizes=\"auto, (max-width: 1024px) 100vw, 1024px\" \/><\/figure>\n\n\n\n<figure class=\"wp-block-image size-large\"><img loading=\"lazy\" decoding=\"async\" width=\"1024\" height=\"768\" data-id=\"2788\" src=\"https:\/\/opus-folyoirat.sk\/wp-content\/uploads\/2025\/10\/IMG_2242-1024x768.jpg\" alt=\"\" class=\"wp-image-2788\" srcset=\"https:\/\/opus-folyoirat.sk\/wp-content\/uploads\/2025\/10\/IMG_2242-1024x768.jpg 1024w, https:\/\/opus-folyoirat.sk\/wp-content\/uploads\/2025\/10\/IMG_2242-300x225.jpg 300w, https:\/\/opus-folyoirat.sk\/wp-content\/uploads\/2025\/10\/IMG_2242-768x576.jpg 768w, https:\/\/opus-folyoirat.sk\/wp-content\/uploads\/2025\/10\/IMG_2242-1536x1152.jpg 1536w, https:\/\/opus-folyoirat.sk\/wp-content\/uploads\/2025\/10\/IMG_2242-2048x1536.jpg 2048w, https:\/\/opus-folyoirat.sk\/wp-content\/uploads\/2025\/10\/IMG_2242-400x300.jpg 400w\" sizes=\"auto, (max-width: 1024px) 100vw, 1024px\" \/><\/figure>\n<\/figure>\n\n\n\n<p>H\u00e1rom k\u00f6tetet aj\u00e1nl az olvas\u00f3knak a K\u00f6nyvek k\u00f6z\u00f6tt rovatunk. Els\u0151k\u00e9nt Kelemen Erzs\u00e9bet L. Simon L\u00e1szl\u00f3 m\u0171v\u00e9t elemzi, majd Bakonyi Istv\u00e1n Fellinger K\u00e1roly k\u00f6lt\u00e9szet\u00e9t m\u00e9ltatja, v\u00e9g\u00fcl pedig Fekete T\u00fcnde Simon M\u00e1rton <em>Hideg pizza<\/em> c\u00edm\u0171 k\u00f6nyv\u00e9t vizsg\u00e1lja \u00faj szemsz\u00f6gb\u0151l.<br>A p\u00e1lyakezd\u0151k rovata, a K\u00fcsz\u00f6b h\u00e1rom fiatal \u00e9s tehets\u00e9ges l\u00e1ny \u00edr\u00e1sait hozza el. Juhos Rebeka, Ko\u017eich Fl\u00f3ra Anna \u00e9s Kalina Krisztina alkot\u00e1sai az \u00faj nemzed\u00e9k irodalmi \u00e9rz\u00e9kenys\u00e9g\u00e9t t\u00fckr\u00f6zik.<\/p>\n\n\n\n<figure class=\"wp-block-gallery has-nested-images columns-default is-cropped wp-block-gallery-6 is-layout-flex wp-block-gallery-is-layout-flex\">\n<figure class=\"wp-block-image size-large\"><img loading=\"lazy\" decoding=\"async\" width=\"1024\" height=\"768\" data-id=\"2792\" src=\"https:\/\/opus-folyoirat.sk\/wp-content\/uploads\/2025\/10\/IMG_2243-1024x768.jpg\" alt=\"\" class=\"wp-image-2792\" srcset=\"https:\/\/opus-folyoirat.sk\/wp-content\/uploads\/2025\/10\/IMG_2243-1024x768.jpg 1024w, https:\/\/opus-folyoirat.sk\/wp-content\/uploads\/2025\/10\/IMG_2243-300x225.jpg 300w, https:\/\/opus-folyoirat.sk\/wp-content\/uploads\/2025\/10\/IMG_2243-768x576.jpg 768w, https:\/\/opus-folyoirat.sk\/wp-content\/uploads\/2025\/10\/IMG_2243-1536x1152.jpg 1536w, https:\/\/opus-folyoirat.sk\/wp-content\/uploads\/2025\/10\/IMG_2243-2048x1536.jpg 2048w, https:\/\/opus-folyoirat.sk\/wp-content\/uploads\/2025\/10\/IMG_2243-400x300.jpg 400w\" sizes=\"auto, (max-width: 1024px) 100vw, 1024px\" \/><\/figure>\n\n\n\n<figure class=\"wp-block-image size-large\"><img loading=\"lazy\" decoding=\"async\" width=\"1024\" height=\"768\" data-id=\"2791\" src=\"https:\/\/opus-folyoirat.sk\/wp-content\/uploads\/2025\/10\/IMG_2244-1024x768.jpg\" alt=\"\" class=\"wp-image-2791\" srcset=\"https:\/\/opus-folyoirat.sk\/wp-content\/uploads\/2025\/10\/IMG_2244-1024x768.jpg 1024w, https:\/\/opus-folyoirat.sk\/wp-content\/uploads\/2025\/10\/IMG_2244-300x225.jpg 300w, https:\/\/opus-folyoirat.sk\/wp-content\/uploads\/2025\/10\/IMG_2244-768x576.jpg 768w, https:\/\/opus-folyoirat.sk\/wp-content\/uploads\/2025\/10\/IMG_2244-1536x1152.jpg 1536w, https:\/\/opus-folyoirat.sk\/wp-content\/uploads\/2025\/10\/IMG_2244-2048x1536.jpg 2048w, https:\/\/opus-folyoirat.sk\/wp-content\/uploads\/2025\/10\/IMG_2244-400x300.jpg 400w\" sizes=\"auto, (max-width: 1024px) 100vw, 1024px\" \/><\/figure>\n\n\n\n<figure class=\"wp-block-image size-large\"><img loading=\"lazy\" decoding=\"async\" width=\"1024\" height=\"768\" data-id=\"2793\" src=\"https:\/\/opus-folyoirat.sk\/wp-content\/uploads\/2025\/10\/IMG_2245-1024x768.jpg\" alt=\"\" class=\"wp-image-2793\" srcset=\"https:\/\/opus-folyoirat.sk\/wp-content\/uploads\/2025\/10\/IMG_2245-1024x768.jpg 1024w, https:\/\/opus-folyoirat.sk\/wp-content\/uploads\/2025\/10\/IMG_2245-300x225.jpg 300w, https:\/\/opus-folyoirat.sk\/wp-content\/uploads\/2025\/10\/IMG_2245-768x576.jpg 768w, https:\/\/opus-folyoirat.sk\/wp-content\/uploads\/2025\/10\/IMG_2245-1536x1152.jpg 1536w, https:\/\/opus-folyoirat.sk\/wp-content\/uploads\/2025\/10\/IMG_2245-2048x1536.jpg 2048w, https:\/\/opus-folyoirat.sk\/wp-content\/uploads\/2025\/10\/IMG_2245-400x300.jpg 400w\" sizes=\"auto, (max-width: 1024px) 100vw, 1024px\" \/><\/figure>\n<\/figure>\n\n\n\n<p>Az <em>Opus<\/em> 98. lapsz\u00e1m\u00e1nak vizu\u00e1lis h\u00e1tter\u00e9t Fenyvesi Ott\u00f3 expressz\u00edv, gondolat\u00e9breszt\u0151 k\u00e9panyaga adja.<\/p>\n\n\n\n<p class=\"has-text-align-right\"><em>(opus)<\/em><\/p>\n","protected":false},"excerpt":{"rendered":"<p>Az Opus leg\u00fajabb sz\u00e1ma k\u00fcl\u00f6nleges jubileumhoz \u00e9rkezett, hiszen a foly\u00f3irat 98. kiad\u00e1sa T\u0151zs\u00e9r \u00c1rp\u00e1d 90. sz\u00fclet\u00e9snapj\u00e1t \u00fcnnepli. A lapsz\u00e1m egyszerre tisztelg\u00e9s \u00e9s szellemi p\u00e1rbesz\u00e9d a felvid\u00e9ki magyar irodalom egyik legmeghat\u00e1roz\u00f3bb alakj\u00e1val. A T\u0151zs\u00e9r \u00c1rp\u00e1d 90 \u00e9ves c\u00edm\u0171 blokkban maga a &hellip; <a href=\"https:\/\/opus-folyoirat.sk\/?page_id=2769\">Egy kattint\u00e1s ide a folytat\u00e1shoz&#8230;. <span class=\"meta-nav\">&rarr;<\/span><\/a><\/p>\n","protected":false},"author":4,"featured_media":0,"parent":0,"menu_order":0,"comment_status":"closed","ping_status":"closed","template":"","meta":{"footnotes":""},"class_list":["post-2769","page","type-page","status-publish","hentry"],"_links":{"self":[{"href":"https:\/\/opus-folyoirat.sk\/index.php?rest_route=\/wp\/v2\/pages\/2769","targetHints":{"allow":["GET"]}}],"collection":[{"href":"https:\/\/opus-folyoirat.sk\/index.php?rest_route=\/wp\/v2\/pages"}],"about":[{"href":"https:\/\/opus-folyoirat.sk\/index.php?rest_route=\/wp\/v2\/types\/page"}],"author":[{"embeddable":true,"href":"https:\/\/opus-folyoirat.sk\/index.php?rest_route=\/wp\/v2\/users\/4"}],"replies":[{"embeddable":true,"href":"https:\/\/opus-folyoirat.sk\/index.php?rest_route=%2Fwp%2Fv2%2Fcomments&post=2769"}],"version-history":[{"count":3,"href":"https:\/\/opus-folyoirat.sk\/index.php?rest_route=\/wp\/v2\/pages\/2769\/revisions"}],"predecessor-version":[{"id":4502,"href":"https:\/\/opus-folyoirat.sk\/index.php?rest_route=\/wp\/v2\/pages\/2769\/revisions\/4502"}],"wp:attachment":[{"href":"https:\/\/opus-folyoirat.sk\/index.php?rest_route=%2Fwp%2Fv2%2Fmedia&parent=2769"}],"curies":[{"name":"wp","href":"https:\/\/api.w.org\/{rel}","templated":true}]}}