{"id":3009,"date":"2025-02-07T13:06:00","date_gmt":"2025-02-07T11:06:00","guid":{"rendered":"https:\/\/opus-folyoirat.sk\/?page_id=3009"},"modified":"2025-11-18T15:12:58","modified_gmt":"2025-11-18T13:12:58","slug":"z-nemeth-istvan","status":"publish","type":"page","link":"https:\/\/opus-folyoirat.sk\/?page_id=3009","title":{"rendered":"Z. N\u00e9meth Istv\u00e1n"},"content":{"rendered":"\n<div class=\"wp-block-group is-vertical is-layout-flex wp-container-core-group-is-layout-8cf370e7 wp-block-group-is-layout-flex\">\n<p class=\"has-medium-font-size\"><strong>Elts\u00fasz\u00e1sok<\/strong><\/p>\n\n\n\n<p><em>(r\u00e9szlet egy k\u00e9sz\u00fcl\u0151 novellaf\u00fcz\u00e9rb\u0151l)<\/em><\/p>\n<\/div>\n\n\n<div class=\"has-text-align-right wp-block-post-date\"><time datetime=\"2025-02-07T13:06:00+02:00\">2025-02-07<\/time><\/div>\n\n\n<p><strong>Ts\u00fasz\u00f3p\u00e9nz<\/strong><\/p>\n\n\n\n<div class=\"wp-block-group is-vertical is-layout-flex wp-container-core-group-is-layout-8cf370e7 wp-block-group-is-layout-flex\">\n<p>S\u00e1ndor fut.<\/p>\n\n\n\n<p>A rendszeres testmozg\u00e1s eg\u00e9szs\u00e9ges, ezt \u0151 is tudja, m\u00e9gis nagyon elege van m\u00e1r az eg\u00e9szb\u0151l.<\/p>\n\n\n\n<p>Ki nem tartozik manaps\u00e1g egy kisebb p\u00e9nz\u00f6sszeggel? Vagy egy nagyobbal? \u00c9s akkor m\u00e1r fut\u00f3p\u00e1ly\u00e1v\u00e1 kell var\u00e1zsolni a Mih\u00e1ly kapu k\u00f6rny\u00e9k\u00e9t?<\/p>\n\n\n\n<p>Pozsonyban vagyunk, 1930-at \u00edrunk, m\u00e1rcius 25-e van, kellemes sz\u00e9l f\u00fajdog\u00e1l \u00e9s s\u00fct a nap. S\u00e1ndor fut. Fiatal, sov\u00e1ny fick\u00f3, barna, oldalra f\u00e9s\u00fclt hajjal, olcs\u00f3 \u00f6lt\u00f6nyben. Huszonh\u00e1rom \u00e9ves. \u00dcld\u00f6z\u0151i j\u00f3val id\u0151sebbek, \u00e9s nincsenek t\u00fal j\u00f3 kond\u00edci\u00f3ban. Ne haragudjunk r\u00e1juk, csup\u00e1n a p\u00e9nz\u00fcket szeretn\u00e9k visszakapni.<\/p>\n\n\n\n<p>Nagyon t\u00fcrelmetlen emberek. S\u00e1ndor alig egy \u00e9ve tartozik, \u00e9s havonta el\u0151fordul vele, hogy m\u00e1r majdnem megadja a teljes \u00f6sszeget, vagy annak egy sz\u00e1mottev\u0151 r\u00e9sz\u00e9t, de h\u00e1t a sors mindig az \u00fatj\u00e1ba \u00e1ll, \u00e9s kibabr\u00e1l vele. Ki tal\u00e1lta fel egy\u00e1ltal\u00e1n a sorsot? Csak egyszer kapja a keze k\u00f6z\u00e9!<\/p>\n\n\n\n<p>A rohan\u00f3 S\u00e1ndor m\u00f6g\u00f6tt vagy h\u00fasz m\u00e9terrel lemaradt a h\u00e1rom \u00fcld\u00f6z\u0151. J\u00f3l \u00f6lt\u00f6z\u00f6tt, id\u0151sebb, pocakos \u00fczletemberek, nem nagyon b\u00edrj\u00e1k a temp\u00f3t. A kez\u00fckben csukott erny\u0151 vagy s\u00e9tabot. Ezekkel j\u00f3l lehet hadon\u00e1szni, fenyeget\u0151zni, esetleg \u00fctni is, amikor az \u00e1ldozat m\u00e1r a f\u00f6ldre ker\u00fclt.<\/p>\n\n\n\n<p>\u2013 Gazember! Ide a p\u00e9nz\u00fcnkkel!<\/p>\n\n\n\n<p>Ennyi csak a sz\u00f3kincs\u00fck. Ezek nem sok k\u00f6nyvet olvashatnak. Mondhatn\u00e1k p\u00e9ld\u00e1ul, hogy ejnye, te rossz fi\u00fa, h\u00e1t hogy \u00e1llsz te a sorssal, hogy \u00e1lmatlan \u00e9jszak\u00e1id vannak a vissza nem adott \u00f6sszegek miatt? Meg h\u00e1t a kamat, ugye, ami egyre csak n\u0151. Te meg egyre csak n\u0151re k\u00f6lt\u00f6d, amit m\u00e1r megszerezt\u00e9l, h\u00e1t persze, hogy csattogni fog a nyakadon a s\u00e9tap\u00e1lca, \u00e9s akkor m\u00e9g olcs\u00f3n meg\u00fasztad, kispajt\u00e1s!<\/p>\n\n\n\n<p>Hogy te k\u00f6lt\u0151 vagy? Tudjuk. A mi p\u00e9nz\u00fcnket k\u00f6lt\u00f6d. \u00c9s hogy jutott-e a versek \u00e1ltal el\u0151bbre a vil\u00e1g, azt nem fogjuk t\u0151led megk\u00e9rdezni. A kamatos kamatban hisz\u00fcnk, nem a versl\u00e1bakban.<\/p>\n\n\n\n<p>\u00c9s ne hidd, hogy mindig el fogsz futni el\u0151l\u00fcnk, mert egyszer a versl\u00e1bak is elf\u00e1radnak, azt\u00e1n oda a dics\u0151s\u00e9g. Ronda nagy foltok lesznek azon a csinos kis \u00f6lt\u00f6ny\u00f6d\u00f6n, \u00e9s az \u00e9des anyuk\u00e1d sem fog r\u00e1ismerni a kisfia pofik\u00e1j\u00e1ra.<\/p>\n\n\n\n<p>Ezek \u00fajs\u00e1got sem olvasnak. Mondhatn\u00e1k p\u00e9ld\u00e1ul, hogy most kaptuk a h\u00edrt, hogy Ts\u00fasz\u00f3 S\u00e1ndor fiatal k\u00f6lt\u0151 \u00e9s irodalm\u00e1r t\u00f6bb\u00e9 m\u00e1r nem a szerencse fia. S\u0151t, a rokons\u00e1guk is megsz\u0171nt. Ezent\u00fal b\u00f6rt\u00f6nverseket fog \u00edrni, amikre ugyan\u00fagy nem lesz k\u00edv\u00e1ncsi senki emberfia, mint a szerelmi v\u00e9n\u00e1j\u00e1ra. Amibe m\u00e1ris \u00e1ramlik az inf\u00fazi\u00f3 a kib\u00edrhatatlanul sok \u00fctleg miatt.<\/p>\n\n\n\n<p>Ezek verset sem olvasnak. Csak p\u00e9nzt.<\/p>\n\n\n\n<p>S\u00e1ndorunk m\u00e1r-m\u00e1r eg\u00e9rutat nyert, amikor \u00e9szrevette, hogy szemb\u0151l is vesz\u00e9ly fenyegeti. Ezek m\u00e1r er\u0151s fiatalembereknek t\u0171ntek, akiket a lomha, hadon\u00e1sz\u00f3 bank\u00e1rok fogadtak fel. Fut\u00e1s k\u00f6zben is k\u00e9pesek voltak felt\u0171rni az ing\u00fck ujj\u00e1t, hogy min\u00e9l jobban l\u00e1tsszon domborod\u00f3 karizmuk. Igen, a karizma fontos lett manaps\u00e1g. A lap\u00e1tot emelget\u0151 kirakod\u00f3munk\u00e1sok nem utas\u00edtott\u00e1k vissza azt a kis mell\u00e9kest, amit S\u00e1ndorunk helyreigaz\u00edt\u00e1s\u00e1\u00e9rt \u00edg\u00e9rtek nekik az uzsor\u00e1sok.<\/p>\n\n\n\n<p>\u2013 Ajjaj! \u2013 mondta volna S\u00e1ndor, de csak gondolni tudta, mert szakadt r\u00f3la a v\u00edz, \u00e9s a sz\u00edve vadul kalimp\u00e1lt. A ponyvareg\u00e9nyek f\u0151h\u0151sei ilyenkor ink\u00e1bb bel\u00e9pnek az idegenl\u00e9gi\u00f3ba, csakhogy elker\u00fclj\u00e9k az \u00fctleget. Neki kap\u00f3ra j\u00f6tt egy plak\u00e1t is\u2026<\/p>\n\n\n\n<p>A kapu f\u00f6l\u00f6tt, ami el\u0151tt megtorpant, felirat hirdette, hogy ez az Egyetlen Igaz Sz\u00f3 szerkeszt\u0151s\u00e9ge. Jobbra cseng\u0151k, alatta pedig a j\u00f3l olvashat\u00f3 plak\u00e1t:<\/p>\n\n\n\n<p>LAPTERJESZT\u0150T FELVESZ\u00dcNK!<\/p>\n\n\n\n<p>S\u00e1ndor arc\u00e1n a verejt\u00e9k h\u00fazott vastag cs\u00edkokat, a haja k\u00f3cosan l\u00f3gott, de felder\u00fclt az arca a sz\u00f6veget megl\u00e1tv\u00e1n. \u00dagy ugrott be a kapun, mint a kop\u00f3k el\u0151l menek\u00fcl\u0151 ny\u00fal a mened\u00e9ket ad\u00f3 boz\u00f3tosba. F\u00e9l percen bel\u00fcl m\u00e1r a f\u0151szerkeszt\u0151 el\u0151tt \u00e1llt. Az \u00e9szlelte, hogy valaki bej\u00f6tt az irod\u00e1j\u00e1ba, de nem n\u00e9zett fel, mert \u00edgy kevesebb honor\u00e1riumba is belemennek a szerencs\u00e9tlen jelentkez\u0151k. Ts\u00fasz\u00f3 kihaszn\u00e1lta azt a kis id\u0151t, igyekezett nem t\u00fal hangosan lihegni, \u00e9s az izzads\u00e1got is olyan mozdulattal t\u00f6r\u00f6lte le a homlok\u00e1r\u00f3l, mintha az \u00e9ppen most \u00e1llt volna neki viszketni. Azt\u00e1n lopva k\u00f6r\u00fcln\u00e9zett az irod\u00e1ban. Minden b\u00fator olcs\u00f3 volt, r\u00e9gi, k\u00f6z\u00f6ns\u00e9ges, b\u00e1nt\u00f3 szag\u00fa, tompa f\u00e9ny\u0171, \u00e9s mintha t\u00e1ncoltak volna.<\/p>\n\n\n\n<p>Ja, nem! \u0150 volt az, aki szinte m\u00e1r meg sem b\u00edrt \u00e1llni a l\u00e1b\u00e1n. Holtf\u00e1radtan lerogyott az egyik sz\u00e9kbe, b\u00e1r tudta, hogy illetlens\u00e9g.<\/p>\n\n\n\n<p>A f\u0151szerkeszt\u0151 m\u00e9g mindig nem n\u00e9zett fel. Kiny\u00falt jobbra, \u00e9s az egyik halomr\u00f3l levette a legfels\u0151 pap\u00edrt. S\u00e1ndor fel\u00e9 tolta az asztalon.<\/p>\n\n\n\n<p>\u2013 Itt \u00edrja al\u00e1 a szerz\u0151d\u00e9st! Az el\u0151leget felveheti a p\u00e9nzt\u00e1rban.<\/p>\n\n\n\n<p>A k\u00f6v\u00e9r, kopaszod\u00f3 p\u00e9nzt\u00e1ros gyanakv\u00f3 szemmel vizsg\u00e1lta S\u00e1ndort. Feltett n\u00e9h\u00e1ny \u00e9rtelmetlen k\u00e9rd\u00e9st, amire k\u00f6lt\u0151nk \u00e9rtelmetlen v\u00e1laszokat adott. A p\u00e9nzt\u00e1ros b\u00f3lintott, \u00e9s S\u00e1ndor kez\u00e9be nyomott n\u00e9h\u00e1ny bankjegyet. Azt\u00e1n az asztal sz\u00e9l\u00e9n \u00e1rv\u00e1lkod\u00f3 sz\u00e1z darab aznapi Egyetlen Igaz Sz\u00f3 p\u00e9ld\u00e1nyaira mutatott.<\/p>\n\n\n\n<p>S\u00e1ndor kilesett a kapun. Elmentek!<\/p>\n\n\n\n<p>Egy ideig m\u00e9g szorosan a h\u00e1zfalaknak simulva haladt, mintha az b\u00e1rmit is seg\u00edtene, \u00e9s ha gyan\u00fas fick\u00f3k k\u00f6zeledtek, az arc\u00e1t a sz\u00e1z darab napilappal takarta el. K\u00e9s\u0151bb megb\u00e1torodott, le\u00fclt egy padra az utc\u00e1n. K\u00f6r\u00fcl\u00f6tte j\u00e1r\u00f3kel\u0151k m\u00e1szk\u00e1ltak, de \u0151 \u00fcgyet sem vetett r\u00e1juk. A lapot olvasta, amit terjesztenie kellene. Ha lett volna cigarett\u00e1ja, r\u00e1gy\u00fajtott volna. De \u00edgy csak ingatta a fej\u00e9t.<\/p>\n\n\n\n<p>\u2013 Ez f\u00f6rtelmes! Hogy fogom \u00e9n ezt eladni?<\/p>\n\n\n\n<p>Az \u00fatj\u00e1ba ker\u00fcl\u0151 els\u0151 vend\u00e9gl\u0151ben mag\u00e1hoz intette a pinc\u00e9rt, majd a t\u00e1lc\u00e1j\u00e1ra tett egyet a lapb\u00f3l.<\/p>\n\n\n\n<p>\u2013 Ha a k\u00e1v\u00e9 mell\u00e9 ezt is kiviszi a vend\u00e9gnek, p\u00e9ld\u00e1nyonk\u00e9nt h\u00fasz fill\u00e9r \u00fcti a mark\u00e1t!<\/p>\n\n\n\n<p>A pinc\u00e9r tisztelte az \u0151r\u00fclteket, de most nem volt j\u00f3 napja. A bar\u00e1tn\u0151je \u00e1ll\u00edt\u00f3lag m\u00e1s f\u00e9rfiakkal is mutatkozott, m\u00edg \u0151 a k\u00e1v\u00e9t szolg\u00e1lta fel a vend\u00e9geknek az Aranykakasban.<\/p>\n\n\n\n<p>\u2013 Maga meg\u0151r\u00fclt! \u2013 mondta megvet\u0151n S\u00e1ndornak, majd k\u00f6p\u00f6tt egyet. Pont a k\u00f6lt\u0151 cip\u0151je orr\u00e1ra. Ts\u00fasz\u00f3 letette a halom \u00fajs\u00e1got az asztalra, lassan megt\u00f6r\u00f6lte l\u00e1bbelij\u00e9nek kopott orr\u00e1t a kock\u00e1s abrosz sark\u00e1ban, mintha csak ez lenne a vil\u00e1g legterm\u00e9szetesebb dolga, k\u00f6zben beleivott a k\u00e1v\u00e9ba, amit egy m\u00e1r elt\u00e1vozott vend\u00e9g hagyott ott. De azt\u00e1n iszkolt.<\/p>\n\n\n\n<p>Ts\u00fasz\u00f3 haditerve k\u00e9szen volt. Val\u00f3sz\u00edn\u0171leg a k\u00e1v\u00e9 \u00e9l\u00e9nk\u00edt\u0151 hat\u00e1s\u00e1nak k\u00f6sz\u00f6nhette a remek \u00f6tletet, miszerint Ederdi Dezs\u0151 \u00e1ln\u00e9ven verseket k\u00f6z\u00f6l a lapban, majd a honor\u00e1riumb\u00f3l megvesz k\u00e9tsz\u00e1z\u00f6tven p\u00e9ld\u00e1nyt az Egyetlen Igaz Sz\u00f3b\u00f3l (amelyben egyetlen igaz sz\u00f3t nem tal\u00e1lt kor\u00e1bban), \u00e9s azt ingyen sz\u00e9tosztogatja.<\/p>\n\n\n\n<p>\u2013 Maga a legjobb lapterjeszt\u0151nk, S\u00e1ndor! \u2013 mondta h\u00e1rom nappal k\u00e9s\u0151bb a f\u0151szerkeszt\u0151 lelkesen, kezet fogott a k\u00f6lt\u0151vel, majd hosszasan a szem\u00e9be n\u00e9zett, mert valami turpiss\u00e1got sejtett a dolog m\u00f6g\u00f6tt. Ts\u00fasz\u00f3 zavartan les\u00fct\u00f6tte a szem\u00e9t, majd felnyal\u00e1bolt sz\u00e1z p\u00e9ld\u00e1nyt az aznapi kiad\u00e1sb\u00f3l.<\/p>\n\n\n\n<p>\u2013 Fogadja el ezt a szer\u00e9ny p\u00e9nzjutalmat\u2026<\/p>\n\n\n\n<p>S\u00e1ndor elfogadta. A legs\u00fcrget\u0151bb hiteleinek t\u00f6rleszt\u00e9s\u00e9re tal\u00e1n el\u00e9g lesz. De el\u0151bb Mancika. Egy kis szerelem abban az \u00f3cska padl\u00e1sszob\u00e1ban. (De a leped\u0151 mindig tiszta!) Hiszen a k\u00f6lt\u0151k is csak f\u00e9rfib\u00f3l vannak, s\u0151t \u0151k azt\u00e1n igaz\u00e1n.<\/p>\n\n\n\n<p>Mancika most kiss\u00e9 unott volt az \u00e1gyban. Persze mindenkinek lehet rossz napja. R\u00e1ad\u00e1sul a fizets\u00e9get is kevesellte:<\/p>\n\n\n\n<p>\u2013 Ez kev\u00e9s lesz, Sanyika! Infl\u00e1ci\u00f3 van!<\/p>\n\n\n\n<p>Nemcsak S\u00e1ndor, az \u00f6sszeg is elment. Az eg\u00e9sz. Most m\u00e9g megn\u00e9zi mag\u00e1t a szekr\u00e9nyajt\u00f3ra szerelt t\u00fck\u00f6rben, megigaz\u00edtja olcs\u00f3 zak\u00f3j\u00e1t, kez\u00e9vel h\u00e1traf\u00e9s\u00fcli a haj\u00e1t, de azt\u00e1n csak ki kell l\u00e9pnie azon az ajt\u00f3n. Mancika hossz\u00fa, v\u00e9kony, f\u00fcstsz\u0171r\u0151s cigarett\u00e1ra gy\u00fajt. Kac\u00e9ran megnyalja a sz\u00e1ja sz\u00e9l\u00e9t, nagyl\u00e1bujj\u00e1t v\u00e9gigh\u00fazza S\u00e1ndor combj\u00e1n.<\/p>\n\n\n\n<p>\u00c1m az dacosan felemeli a fej\u00e9t, \u00e9s lassan, elm\u00e9l\u00e1zva megy le a nyikorg\u00f3 fal\u00e9pcs\u0151n. Kint esik az es\u0151. S\u00e1ndor p\u00e9nz\u00e9rm\u00e9ket l\u00e1tt hullani, v\u00e9gtelen sokat, csillog\u00f3t, f\u00e9nyeset. \u00d6nk\u00e9ntelen\u00fcl is ut\u00e1nuk kap.<\/p>\n\n\n\n<p>Marad h\u00e1t a rendszeres testmozg\u00e1s.<\/p>\n\n\n\n<p>\u2013 \u00c1llj meg, gazember! Ide a p\u00e9nz\u00fcnkkel! \u2013 harsan fel m\u00f6g\u00f6tte a ki\u00e1lt\u00e1s.<\/p>\n\n\n\n<p>S\u00e1ndor fut.<\/p>\n\n\n\n<p>Ezek t\u00e9nyleg nincs jobb sz\u00f6veg\u00fck, gondolja mag\u00e1ban. Mi\u00e9rt nem ord\u00edtj\u00e1k azt, hogy szerencs\u00e9d, te gazember, hogy esik az es\u0151, most m\u00e1sra kell az erny\u0151, de j\u00f6ssz te m\u00e9g a mi utc\u00e1nkba\u2026<\/p>\n<\/div>\n\n\n\n<p><\/p>\n\n\n\n<p>Megjelent az Opus 2025\/1-es sz\u00e1m\u00e1ban<\/p>\n","protected":false},"excerpt":{"rendered":"<p>Elts\u00fasz\u00e1sok (r\u00e9szlet egy k\u00e9sz\u00fcl\u0151 novellaf\u00fcz\u00e9rb\u0151l) Ts\u00fasz\u00f3p\u00e9nz S\u00e1ndor fut. A rendszeres testmozg\u00e1s eg\u00e9szs\u00e9ges, ezt \u0151 is tudja, m\u00e9gis nagyon elege van m\u00e1r az eg\u00e9szb\u0151l. Ki nem tartozik manaps\u00e1g egy kisebb p\u00e9nz\u00f6sszeggel? Vagy egy nagyobbal? \u00c9s akkor m\u00e1r fut\u00f3p\u00e1ly\u00e1v\u00e1 kell var\u00e1zsolni a &hellip; <a href=\"https:\/\/opus-folyoirat.sk\/?page_id=3009\">Egy kattint\u00e1s ide a folytat\u00e1shoz&#8230;. <span class=\"meta-nav\">&rarr;<\/span><\/a><\/p>\n","protected":false},"author":4,"featured_media":0,"parent":0,"menu_order":0,"comment_status":"closed","ping_status":"closed","template":"","meta":{"footnotes":""},"class_list":["post-3009","page","type-page","status-publish","hentry"],"_links":{"self":[{"href":"https:\/\/opus-folyoirat.sk\/index.php?rest_route=\/wp\/v2\/pages\/3009","targetHints":{"allow":["GET"]}}],"collection":[{"href":"https:\/\/opus-folyoirat.sk\/index.php?rest_route=\/wp\/v2\/pages"}],"about":[{"href":"https:\/\/opus-folyoirat.sk\/index.php?rest_route=\/wp\/v2\/types\/page"}],"author":[{"embeddable":true,"href":"https:\/\/opus-folyoirat.sk\/index.php?rest_route=\/wp\/v2\/users\/4"}],"replies":[{"embeddable":true,"href":"https:\/\/opus-folyoirat.sk\/index.php?rest_route=%2Fwp%2Fv2%2Fcomments&post=3009"}],"version-history":[{"count":1,"href":"https:\/\/opus-folyoirat.sk\/index.php?rest_route=\/wp\/v2\/pages\/3009\/revisions"}],"predecessor-version":[{"id":3010,"href":"https:\/\/opus-folyoirat.sk\/index.php?rest_route=\/wp\/v2\/pages\/3009\/revisions\/3010"}],"wp:attachment":[{"href":"https:\/\/opus-folyoirat.sk\/index.php?rest_route=%2Fwp%2Fv2%2Fmedia&parent=3009"}],"curies":[{"name":"wp","href":"https:\/\/api.w.org\/{rel}","templated":true}]}}