{"id":3036,"date":"2025-03-12T15:38:00","date_gmt":"2025-03-12T13:38:00","guid":{"rendered":"https:\/\/opus-folyoirat.sk\/?page_id=3036"},"modified":"2025-11-18T15:39:44","modified_gmt":"2025-11-18T13:39:44","slug":"seres-rebeka-2","status":"publish","type":"page","link":"https:\/\/opus-folyoirat.sk\/?page_id=3036","title":{"rendered":"Seres Rebeka"},"content":{"rendered":"<div class=\"has-text-align-right wp-block-post-date\"><time datetime=\"2025-03-12T15:38:00+02:00\">2025-03-12<\/time><\/div>\n\n\n<p><strong>\u00c1t\u00e1zik<\/strong><\/p>\n\n\n\n<div class=\"wp-block-group is-vertical is-layout-flex wp-container-core-group-is-layout-8cf370e7 wp-block-group-is-layout-flex\">\n<p>S\u00f3 marja a szememet. Mint egy kar n\u00e9lk\u00fcli \u00f6lel\u00e9s,&nbsp;<\/p>\n\n\n\n<p>beleb\u00fajok az \u00e1ramlat rezg\u0151 l\u00fcktet\u00e9s\u00e9be.<\/p>\n\n\n\n<p>A haj\u00f3 orra ism\u00e9t belemer\u00fcl a v\u00edzbe,<\/p>\n\n\n\n<p>nem kap leveg\u0151t, l\u00e1tom, hogy fullad.<\/p>\n\n\n\n<p>Tal\u00e1n \u00e9n vagyok a haj\u00f3 a v\u00edz alatt.<\/p>\n\n\n\n<p>Tal\u00e1n \u00e9n vagyok a haj\u00f3, amelyik s\u00fcllyed.<\/p>\n\n\n\n<p>Tal\u00e1n csak lebegek. Tal\u00e1n m\u00e1r nem is \u00e9rzem,<\/p>\n\n\n\n<p>hogy a fed\u00e9lzeten \u00e1llunk \u00e9s csak n\u00e9zz\u00fck a messzes\u00e9get.<\/p>\n\n\n\n<p>Pislogok. Homokszem ragad a szempill\u00e1im k\u00f6z\u00e9.<\/p>\n\n\n\n<p>A sz\u00fcrke kavicsot a part sz\u00e9l\u00e9n az \u00e1ramlat sim\u00e1ra csiszolja,<\/p>\n\n\n\n<p>egy kisgyerek tenyer\u00e9ben lel \u00faj otthont.<\/p>\n\n\n\n<p>Sz\u00e9pnek l\u00e1tom magam. A kezem kezd kifeh\u00e9redni,&nbsp;<\/p>\n\n\n\n<p>t\u00fal v\u00e9kony az emberi b\u0151r, \u00e9rfalamban halak \u00fasznak,<\/p>\n\n\n\n<p>testem mint pap\u00edrhaj\u00f3 a tengeren, \u00e1t\u00e1zik.<\/p>\n<\/div>\n\n\n\n<p class=\"has-text-align-right\"><em>Megjelent az Opus 2025\/1-es sz\u00e1m\u00e1ban<\/em><\/p>\n","protected":false},"excerpt":{"rendered":"<p>\u00c1t\u00e1zik S\u00f3 marja a szememet. Mint egy kar n\u00e9lk\u00fcli \u00f6lel\u00e9s,&nbsp; beleb\u00fajok az \u00e1ramlat rezg\u0151 l\u00fcktet\u00e9s\u00e9be. A haj\u00f3 orra ism\u00e9t belemer\u00fcl a v\u00edzbe, nem kap leveg\u0151t, l\u00e1tom, hogy fullad. Tal\u00e1n \u00e9n vagyok a haj\u00f3 a v\u00edz alatt. Tal\u00e1n \u00e9n vagyok a &hellip; <a href=\"https:\/\/opus-folyoirat.sk\/?page_id=3036\">Egy kattint\u00e1s ide a folytat\u00e1shoz&#8230;. <span class=\"meta-nav\">&rarr;<\/span><\/a><\/p>\n","protected":false},"author":4,"featured_media":0,"parent":0,"menu_order":0,"comment_status":"closed","ping_status":"closed","template":"","meta":{"footnotes":""},"class_list":["post-3036","page","type-page","status-publish","hentry"],"_links":{"self":[{"href":"https:\/\/opus-folyoirat.sk\/index.php?rest_route=\/wp\/v2\/pages\/3036","targetHints":{"allow":["GET"]}}],"collection":[{"href":"https:\/\/opus-folyoirat.sk\/index.php?rest_route=\/wp\/v2\/pages"}],"about":[{"href":"https:\/\/opus-folyoirat.sk\/index.php?rest_route=\/wp\/v2\/types\/page"}],"author":[{"embeddable":true,"href":"https:\/\/opus-folyoirat.sk\/index.php?rest_route=\/wp\/v2\/users\/4"}],"replies":[{"embeddable":true,"href":"https:\/\/opus-folyoirat.sk\/index.php?rest_route=%2Fwp%2Fv2%2Fcomments&post=3036"}],"version-history":[{"count":1,"href":"https:\/\/opus-folyoirat.sk\/index.php?rest_route=\/wp\/v2\/pages\/3036\/revisions"}],"predecessor-version":[{"id":3037,"href":"https:\/\/opus-folyoirat.sk\/index.php?rest_route=\/wp\/v2\/pages\/3036\/revisions\/3037"}],"wp:attachment":[{"href":"https:\/\/opus-folyoirat.sk\/index.php?rest_route=%2Fwp%2Fv2%2Fmedia&parent=3036"}],"curies":[{"name":"wp","href":"https:\/\/api.w.org\/{rel}","templated":true}]}}

<div class="has-text-align-right wp-block-post-date"><time datetime="2025-03-12T15:38:00+02:00">2025-03-12</time></div>


<p><strong>Átázik</strong></p>



<div class="wp-block-group is-vertical is-layout-flex wp-container-core-group-is-layout-8cf370e7 wp-block-group-is-layout-flex">
<p>Só marja a szememet. Mint egy kar nélküli ölelés,&nbsp;</p>



<p>belebújok az áramlat rezgő lüktetésébe.</p>



<p>A hajó orra ismét belemerül a vízbe,</p>



<p>nem kap levegőt, látom, hogy fullad.</p>



<p>Talán én vagyok a hajó a víz alatt.</p>



<p>Talán én vagyok a hajó, amelyik süllyed.</p>



<p>Talán csak lebegek. Talán már nem is érzem,</p>



<p>hogy a fedélzeten állunk és csak nézzük a messzeséget.</p>



<p>Pislogok. Homokszem ragad a szempilláim közé.</p>



<p>A szürke kavicsot a part szélén az áramlat simára csiszolja,</p>



<p>egy kisgyerek tenyerében lel új otthont.</p>



<p>Szépnek látom magam. A kezem kezd kifehéredni,&nbsp;</p>



<p>túl vékony az emberi bőr, érfalamban halak úsznak,</p>



<p>testem mint papírhajó a tengeren, átázik.</p>
</div>



<p class="has-text-align-right"><em>Megjelent az Opus 2025/1-es számában</em></p>

<p>Átázik Só marja a szememet. Mint egy kar nélküli ölelés,&nbsp; belebújok az áramlat rezgő lüktetésébe. A hajó orra ismét belemerül a vízbe, nem kap levegőt, látom, hogy fullad. Talán én vagyok a hajó a víz alatt. Talán én vagyok a &hellip; <a href="https://opus-folyoirat.sk/?page_id=3036">Egy kattintás ide a folytatáshoz&#8230;. <span class="meta-nav">&rarr;</span></a></p>
