{"id":3098,"date":"2025-03-01T01:03:00","date_gmt":"2025-02-28T23:03:00","guid":{"rendered":"https:\/\/opus-folyoirat.sk\/?page_id=3098"},"modified":"2025-11-19T01:05:32","modified_gmt":"2025-11-18T23:05:32","slug":"rozsa-boglarka-2","status":"publish","type":"page","link":"https:\/\/opus-folyoirat.sk\/?page_id=3098","title":{"rendered":"R\u00f3zsa Bogl\u00e1rka"},"content":{"rendered":"\n<p><strong>este<\/strong><\/p>\n\n\n<div class=\"has-text-align-right wp-block-post-date\"><time datetime=\"2025-03-01T01:03:00+02:00\">2025-03-01<\/time><\/div>\n\n\n<div class=\"wp-block-group is-vertical is-layout-flex wp-container-core-group-is-layout-8cf370e7 wp-block-group-is-layout-flex\">\n<p>le\u00fct\u00f6ttem a szob\u00e1mban imm\u00e1r<\/p>\n\n\n\n<p>h\u00e1rom napja k\u00f6r\u00f6z\u0151 legyet<\/p>\n\n\n\n<p>z\u00f6ldesfekete teste kicsit meglapult&nbsp;<\/p>\n\n\n\n<p>sz\u00e1rnyai sz\u00e9tfesz\u00edtett \u00e1tl\u00e1tsz\u00f3 \u00edvek<\/p>\n<\/div>\n\n\n\n<p><\/p>\n\n\n\n<div class=\"wp-block-group is-vertical is-layout-flex wp-container-core-group-is-layout-8cf370e7 wp-block-group-is-layout-flex\">\n<p>j\u00f3 \u00e9rz\u00e9s az asztalba verni a kezem<\/p>\n\n\n\n<p>a b\u0151r bepirul engem n\u00e9zel<\/p>\n\n\n\n<p>orrodban aranysz\u00edn piercing<\/p>\n\n\n\n<p>szemeid szinte szugger\u00e1lnak<\/p>\n<\/div>\n\n\n\n<p><\/p>\n\n\n\n<div class=\"wp-block-group is-vertical is-layout-flex wp-container-core-group-is-layout-8cf370e7 wp-block-group-is-layout-flex\">\n<p>hogy folytassam b\u00e1ntsam magam<\/p>\n\n\n\n<p>mert te is mert akkor ez volt a megszokott<\/p>\n\n\n\n<p>most \u00e9n j\u00f6v\u00f6k \u00e9s nem b\u00e1nom<\/p>\n\n\n\n<p>ezzel seg\u00edtek neked<\/p>\n<\/div>\n\n\n\n<p><\/p>\n\n\n\n<div class=\"wp-block-group is-vertical is-layout-flex wp-container-core-group-is-layout-8cf370e7 wp-block-group-is-layout-flex\">\n<p>te meg felold\u00f3dsz<\/p>\n\n\n\n<p>szempill\u00e1don remeg a cigarettahamu<\/p>\n<\/div>\n","protected":false},"excerpt":{"rendered":"<p>este le\u00fct\u00f6ttem a szob\u00e1mban imm\u00e1r h\u00e1rom napja k\u00f6r\u00f6z\u0151 legyet z\u00f6ldesfekete teste kicsit meglapult&nbsp; sz\u00e1rnyai sz\u00e9tfesz\u00edtett \u00e1tl\u00e1tsz\u00f3 \u00edvek j\u00f3 \u00e9rz\u00e9s az asztalba verni a kezem a b\u0151r bepirul engem n\u00e9zel orrodban aranysz\u00edn piercing szemeid szinte szugger\u00e1lnak hogy folytassam b\u00e1ntsam magam mert &hellip; <a href=\"https:\/\/opus-folyoirat.sk\/?page_id=3098\">Egy kattint\u00e1s ide a folytat\u00e1shoz&#8230;. <span class=\"meta-nav\">&rarr;<\/span><\/a><\/p>\n","protected":false},"author":4,"featured_media":0,"parent":0,"menu_order":0,"comment_status":"closed","ping_status":"closed","template":"","meta":{"footnotes":""},"class_list":["post-3098","page","type-page","status-publish","hentry"],"_links":{"self":[{"href":"https:\/\/opus-folyoirat.sk\/index.php?rest_route=\/wp\/v2\/pages\/3098","targetHints":{"allow":["GET"]}}],"collection":[{"href":"https:\/\/opus-folyoirat.sk\/index.php?rest_route=\/wp\/v2\/pages"}],"about":[{"href":"https:\/\/opus-folyoirat.sk\/index.php?rest_route=\/wp\/v2\/types\/page"}],"author":[{"embeddable":true,"href":"https:\/\/opus-folyoirat.sk\/index.php?rest_route=\/wp\/v2\/users\/4"}],"replies":[{"embeddable":true,"href":"https:\/\/opus-folyoirat.sk\/index.php?rest_route=%2Fwp%2Fv2%2Fcomments&post=3098"}],"version-history":[{"count":1,"href":"https:\/\/opus-folyoirat.sk\/index.php?rest_route=\/wp\/v2\/pages\/3098\/revisions"}],"predecessor-version":[{"id":3099,"href":"https:\/\/opus-folyoirat.sk\/index.php?rest_route=\/wp\/v2\/pages\/3098\/revisions\/3099"}],"wp:attachment":[{"href":"https:\/\/opus-folyoirat.sk\/index.php?rest_route=%2Fwp%2Fv2%2Fmedia&parent=3098"}],"curies":[{"name":"wp","href":"https:\/\/api.w.org\/{rel}","templated":true}]}}