{"id":3180,"date":"2025-03-30T09:28:00","date_gmt":"2025-03-30T07:28:00","guid":{"rendered":"https:\/\/opus-folyoirat.sk\/?page_id=3180"},"modified":"2025-11-19T09:29:07","modified_gmt":"2025-11-19T07:29:07","slug":"csaky-pal","status":"publish","type":"page","link":"https:\/\/opus-folyoirat.sk\/?page_id=3180","title":{"rendered":"Cs\u00e1ky P\u00e1l"},"content":{"rendered":"\n<p class=\"has-medium-font-size\"><strong>H\u00e1ny arca van Dobos L\u00e1szl\u00f3nak?<\/strong><\/p>\n\n\n<div class=\"has-text-align-right wp-block-post-date\"><time datetime=\"2025-03-30T09:28:00+02:00\">2025-03-30<\/time><\/div>\n\n\n<p><\/p>\n\n\n\n<div class=\"wp-block-group is-vertical is-layout-flex wp-container-core-group-is-layout-8cf370e7 wp-block-group-is-layout-flex\">\n<p>H\u00e1rom h\u00f3nappal ezel\u0151tt t\u00f6rt\u00e9nt, az Amalfi-parton, Olaszorsz\u00e1gban. Aki ismeri azt a r\u00e9gi\u00f3t, tudja: j\u00f3kora hegyek, hatalmas szikl\u00e1k minden\u00fctt, a legt\u00f6bb helyen szinte belezuhannak a tengerbe, s \u00edgy ny\u00e1ron ez uralja a k\u00e9pet: naps\u00fct\u00e9s, hatalmas szikl\u00e1k \u00e9s a gy\u00f6ny\u00f6r\u0171 tenger. N\u00e9h\u00e1ny telep\u00fcl\u00e9sen egyszer\u0171en nincs t\u00f6megk\u00f6zleked\u00e9s, a v\u00e1rosok egyik\u00e9ben-m\u00e1sik\u00e1ban ugyanis nem tal\u00e1lhat\u00f3 10 n\u00e9gyzetm\u00e9ternyi egyenes terep sem. Leny\u0171g\u00f6z\u0151 hely, turist\u00e1k milli\u00f3inak \u00e1ll el a szava l\u00e1tv\u00e1nyt\u00f3l, \u00e1m bizony\u00e1ra nem k\u00f6nny\u0171 itt az \u00e9let. Hangs\u00falyozom: t\u00f6bb ezer lak\u00f3val b\u00edr\u00f3 v\u00e1rosokr\u00f3l besz\u00e9lek.&nbsp;<\/p>\n\n\n\n<p>N\u00e9ztem \u00e9n is a megejt\u0151 l\u00e1tv\u00e1nyt \u00e9s \u2013 \u00e9rdekes m\u00f3don \u2013 nem arra az els\u0151 emberre gondoltam, aki el\u0151sz\u00f6r vert itt tany\u00e1t, sokkal ink\u00e1bb a m\u00e1sodikra, tizedikre, sz\u00e1zadikra. Az els\u0151 ugyanis lehet, hogy csak el akart vonulni a vil\u00e1gt\u00f3l \u2013 de az is lehet, hogy menek\u00fclnie kellett valaki, vagy valami el\u0151l. De a m\u00e1sodik, tizedik, sz\u00e1zadik: ki akart itt \u00e9lni, ezen a kietlen t\u00e1jon?&nbsp;<\/p>\n\n\n\n<p>Elsz\u00e1nt lehetett, mint a kisebbs\u00e9giek&#8230; Az \u00f6r\u00f6k sziszifuszi sorsra \u00edt\u00e9ltek&#8230;<\/p>\n\n\n\n<p>Letehetetlen terheket tolni nap mint nap magunk el\u0151tt, hegyre fel, \u00fajra \u00e9s \u00fajra, f\u00e1radhatatlanul&#8230;<\/p>\n\n\n\n<p>S ekkor Dobos L\u00e1szl\u00f3 k\u00e9pe jelent meg el\u0151ttem.<\/p>\n\n\n\n<p>Igen, volt egyszer egy vil\u00e1g a viharos huszadik sz\u00e1zadban, ahol sok ember megpr\u00f3b\u00e1lt hivat\u00e1s\u00e1hoz m\u00e9lt\u00f3bban \u00e9lni. Neh\u00e9z k\u00f6r\u00fclm\u00e9nyek k\u00f6z\u00f6tt, sokkal nehezebbek k\u00f6z\u00f6tt, mint amelyekben mi \u00e9l\u00fcnk most, a huszonegyedik sz\u00e1zad elej\u00e9n. Olyan korban, amikor a k\u00fcls\u0151 vil\u00e1g viszonyai durv\u00e1bbak voltak, de b\u00e9v\u00fcl mintha t\u00f6bb f\u00e9ny lett volna az emberek lelk\u00e9ben annak ellen\u00e9re, hogy diktat\u00far\u00e1ban \u00e9ltek. Sokukban \u2013 a helyi t\u00e1rsadalmi sejtek term\u00e9szetes vezet\u0151iben \u2013 er\u0151sebb volt a tart\u00e1s is. Amikor m\u00e9g hittek egy isteni rendben \u00e9s \u00f6nmagukban. Elk\u00f6telezettek voltak nemzet\u00fck ir\u00e1nt, b\u00edztak a tisztess\u00e9gben \u2013 m\u00e9g azok is, akik ateist\u00e1nak mondt\u00e1k magukat.&nbsp;<\/p>\n\n\n\n<p>Nagyon neh\u00e9z startvonalr\u00f3l indultak. A bene\u0161i id\u0151k embertelens\u00e9ge h\u00e1rom c\u00e9lcsoportra nehezedett legink\u00e1bb: el\u0151sz\u00f6r a szellem embereire, a tan\u00edt\u00f3kra, \u0151ket mind el\u0171zt\u00e9k. A l\u00e9lek emberei k\u00f6vetkeztek, a papok \u00e9s lelk\u00e9szek (verd meg a p\u00e1sztort, sz\u00e9tsz\u00e9led a ny\u00e1j), \u0151ket is el\u0171zt\u00e9k, vagy akik maradtak, azokat igyekeztek megf\u00e9leml\u00edteni. Nem v\u00e9letlen, hogy a negyvenes \u00e9vek v\u00e9g\u00e9n \u2013 \u00f6tvenes \u00e9vek elej\u00e9n t\u00f6bb magyar pap ker\u00fclt b\u00f6rt\u00f6nbe, mint szlov\u00e1k vagy cseh. Az ideol\u00f3giai teher mellett a nemzeti m\u00e1ss\u00e1g s\u00falya (v\u00e1dja) is r\u00e1juk zuhant. T\u00f6bben k\u00f6z\u00fcl\u00fck ki sem j\u00f6ttek a rendszer b\u00f6rt\u00f6neib\u0151l. S ott voltak a harmadik helyen a tehet\u0151sek. T\u0151l\u00fck el kellett rabolni, amit lehetett, hogy az \u00fajonnan kialak\u00edtand\u00f3 szlov\u00e1k k\u00f6z\u00e9pr\u00e9teg anyagi t\u00e1mpontokat is kapjon, \u00e9rtsd: magyar vagyont a m\u00e1r elrabolt zsid\u00f3 vagyonok ut\u00e1n. <em>\u201eK\u00e9sz helyzetet kell teremten\u00fcnk\u201d<\/em> \u2013 mondta ekkort\u00e1jt Vladim\u00edr Clementis kommunista \u00e1llamtitk\u00e1r (egy eldurvult politikai elit mintap\u00e9ld\u00e1nya, akit k\u00e9s\u0151bb fel is akasztottak az elvt\u00e1rsai, ilyen testhez \u00e1ll\u00f3an ok\u00edtv\u00e1n \u0151t a korpa k\u00f6z\u00e9 kevered\u00e9s \u00e9s a diszn\u00f3k lelki\u00e1llapota k\u00f6z\u00f6tti \u00f6sszef\u00fcgg\u00e9sre). <em>\u201eHa az angolsz\u00e1sz nagyhatalmak megakad\u00e1lyozt\u00e1k, hogy minden magyart \u00fagy \u0171zz\u00fcnk el, mint a n\u00e9meteket, legal\u00e1bb sz\u00f3rjuk sz\u00e9t \u0151ket az orsz\u00e1g ter\u00fclet\u00e9n (D\u00e9l-akci\u00f3, deport\u00e1l\u00e1sok Csehorsz\u00e1gba). A t\u00f6bbiek k\u00f6z\u00fcl pedig akit lehet, zsuppoljunk \u00e1t Magyarorsz\u00e1gra (el\u0171z\u00e9sek \u00e9s lakoss\u00e1gcsere). S aki m\u00e9g mindig megmaradt, azt f\u00e9leml\u00edts\u00fck meg \u00e9s asszimil\u00e1ljuk.\u201d<\/em><\/p>\n\n\n\n<p>Ne sz\u00e9p\u00edts\u00fck, innen indult a t\u00f6rt\u00e9net a m\u00e1sodik vil\u00e1gh\u00e1bor\u00fa ut\u00e1n. 21. sz\u00e1zadi hallgat\u00f3im egy r\u00e9sze bizony\u00e1ra kifog\u00e1solja majd, hogy ilyen durv\u00e1n besz\u00e9lek ezekr\u0151l a dolgokr\u00f3l. Ez a kiindul\u00f3pont, e n\u00e9lk\u00fcl nem \u00e9rthet\u0151 meg sem az \u00e9let\u00fck, sem a vil\u00e1gl\u00e1t\u00e1suk, sem a munk\u00e1ss\u00e1guk. Semmi t\u00falz\u00e1s nincs benne: elannyira, hogy Szt\u00e1lin elvt\u00e1rs 1948 \u0151sz\u00e9n egyszer csak vette a telefont, s le\u00e1ll\u00edtotta az eg\u00e9szet. Akkorra ugyanis Eur\u00f3p\u00e1ra m\u00e1r ideol\u00f3giai-politikai vasf\u00fcgg\u00f6ny zuhant r\u00e1, k\u00e9tfel\u00e9 v\u00e1lasztva annak keleti \u00e9s nyugati r\u00e9sz\u00e9t. A hitetlenked\u0151k most fog\u00f3ddzanak meg: Szt\u00e1lin elvt\u00e1rs egyik \u00e9rve az volt Gottwald elvt\u00e1rs fel\u00e9, hogy m\u00e1r R\u00e1kosi elvt\u00e1rs is tiltakozik ama durva m\u00f3dszerek ellen, ahogy a pap\u00edron sz\u00f6vets\u00e9ges Csehszlov\u00e1kia b\u00e1nik az ottani magyarokkal!!!&nbsp;<\/p>\n\n\n\n<p>Gottwald elvt\u00e1rs pedig meg\u00e9rtette, mit \u00fczentek neki a Kremlb\u0151l (a szocialista kar\u00e1mon bel\u00fcl csendnek kell lennie), s azt mondta elvt\u00e1rsainak: <em>\u201e&#8230;Valamit adnunk kell nekik. Politikai p\u00e1rtjuk nem lehet, az kiz\u00e1rt, de iskol\u00e1ik, sz\u00ednh\u00e1zaik, \u00fajs\u00e1gjaik lehetnek. S haszn\u00e1lhatj\u00e1k \u00fajra a nyelv\u00fcket.\u201d<\/em> (Vadkerti Katalin)&nbsp;<\/p>\n\n\n\n<p>\u00c9s l\u0151n. Az abszol\u00fat nulla ut\u00e1n bek\u00f6vetkezett a hihetetlen csehszlov\u00e1kiai magyar paradoxon: am\u00edg a politikai rendszer egyre durvult, magyar szemmel n\u00e9zve javult a helyzet, napr\u00f3l napra b\u0151v\u00fcltek a nemzetis\u00e9gi jogok. Ez nem a rendszert dics\u00e9ri, ink\u00e1bb a tundrai benesi viszonyok kritik\u00e1ja. Az abszol\u00fat null\u00e1hoz k\u00e9pest minden el\u0151rel\u00e9p\u00e9s volt. Egyszeriben szabad volt magyarul besz\u00e9lni, megjelentek az \u00fajs\u00e1gok, k\u00e9s\u0151bb k\u00f6nyvek is, l\u00e9trej\u00f6ttek az int\u00e9zm\u00e9nyek: sz\u00ednh\u00e1z, m\u0171v\u00e9szeti egy\u00fcttes, kiad\u00f3k&#8230; Az akkori akt\u00edv magyar koroszt\u00e1lyok mindezt a szabads\u00e1g kiteljesed\u00e9s\u00e9nek \u00e9lt\u00e9k meg \u2013 amelynek egyik k\u00f6vetkezm\u00e9nye k\u00e9s\u0151bb, a hatvanas \u00e9vekben az volt, hogy a felvid\u00e9ki magyars\u00e1g lelk\u00e9ben leledz\u0151 politikai orig\u00f3 fokozatosan \u00e1tcs\u00faszott Budapestr\u0151l Pr\u00e1ga fel\u00e9.<\/p>\n\n\n\n<p>De t\u00e9rj\u00fcnk vissza m\u00e9g a negyvenes \u00e9vek v\u00e9g\u00e9re, a lehet\u0151s\u00e9gek halmaza probl\u00e9m\u00e1t is okozott: ki m\u0171k\u00f6dtesse az egyre ink\u00e1bb tereb\u00e9lyesed\u0151 rendszert? Tan\u00edt\u00f3k kellettek, \u00fajs\u00e1g\u00edr\u00f3k kellettek, szerkeszt\u0151kre, sz\u00edn\u00e9szekre, koreogr\u00e1fusokra stb. volt sz\u00fcks\u00e9g&#8230; Erre megmozdult a vid\u00e9k, a kisv\u00e1ros, a falu, s k\u00fcldte a gyakran k\u00e9pes\u00edt\u00e9s n\u00e9lk\u00fcli \u2013 vagy csak gyenge k\u00e9pes\u00edt\u00e9ssel b\u00edr\u00f3 \u2013 fiataljait, bet\u00f6lteni az \u00fcres posztokat.&nbsp;<\/p>\n\n\n\n<p>Azok meg igyekeztek nem megbukni a vizsg\u00e1n. S \u00e1lmaik is voltak, egyre tereb\u00e9lyesebbek: a sz\u00f6rny\u0171 vil\u00e1g\u00e9g\u00e9s ut\u00e1n csoda, hogy hittek a kommunista b\u00e9kesz\u00f3lamoknak is? Innen indultak \u2013 v\u00e1llukra v\u00e9ve a felvid\u00e9ki magyar l\u00e9t terheit.<\/p>\n\n\n\n<p>Ezt nagyon tisztelni kell eme koroszt\u00e1lyr\u00f3l sz\u00f3lva, m\u00e9g akkor is, ha a kifog\u00e1saink is er\u0151teljesek lehetnek: n\u00e9ha elbuktak a rendszer \u00e1ltal sz\u0151tt h\u00e1l\u00f3kban, megosztottak is voltak, s n\u00e9ha komoly k\u00fczdelmekben egym\u00e1snak is fesz\u00fcltek. Volt, amikor \u00e9n is b\u00edr\u00e1ltam m\u0171velts\u00e9g\u00fck itt-ott megnyilv\u00e1nul\u00f3 hi\u00e1nyoss\u00e1gait, vil\u00e1gl\u00e1t\u00e1suk torzul\u00e1sait \u00e9s a tapasztalatok hi\u00e1ny\u00e1t n\u00e1luk, m\u00e9g a legjobbak eset\u00e9ben is: de nekik nem adatott meg a felfel\u00e9 \u00edvel\u00e9s nyugodt hull\u00e1main val\u00f3 utaz\u00e1s, nekik autodidakta m\u00f3don kellett utol\u00e9rni\u00fck a t\u00f6rt\u00e9nelem vonat\u00e1t, s kihozni valamit azokb\u00f3l a helyzetekb\u0151l, amikor a sors r\u00e9snyi ajt\u00f3t nyitott sz\u00e1mukra is. Mert nagyon nem ugr\u00e1lhattak, a rendszer odafigyelt r\u00e1juk is, er\u0151sen behat\u00e1rolta a mozg\u00e1ster\u00fcket. S magyar kort\u00e1rsaik k\u00f6z\u00f6tt is voltak olyanok is, akik n\u00e9mi baksis\u00e9rt, poz\u00edci\u00f3\u00e9rt ink\u00e1bb a rendszert szolg\u00e1lt\u00e1k. A rendszer pedig nem azt akarta, hogy a magyar k\u00f6z\u00f6ss\u00e9g meger\u0151s\u00f6dj\u00f6n, fejl\u0151dj\u00f6n, ellenkez\u0151leg: a f\u0171 alatt szorgalmasan nyesegette a k\u00f6z\u00f6ss\u00e9gi l\u00e9t hajsz\u00e1lgy\u00f6kereit. Volt, aki hangosabban sz\u00f3lt ez ellen \u2013 annak a fej\u00e9re koppintottak \u2013, volt, aki csendben, okosabban pr\u00f3b\u00e1lt tenni ellene \u00e9s \u00e9p\u00edtkezni \u2013 \u0151k el is \u00e9rtek n\u00e9mi r\u00e9szsikereket. A szlov\u00e1kiai magyar t\u00e1rsadalom sz\u00f6vete eg\u00e9szs\u00e9gesebb volt 50-60 \u00e9vvel ezel\u0151tt, mint ma. Dobos L\u00e1szl\u00f3 vezet\u00e9s\u00e9vel megpr\u00f3b\u00e1ltak egy egym\u00e1sra is odafigyel\u0151 rendszert kialak\u00edtani. \u00cdr\u00f3k, k\u00f6lt\u0151k, szerkeszt\u0151k, grafikusok, szobr\u00e1szok&#8230; csapatuk volt, tudt\u00e1k, hogy sz\u00e1m\u00edthatnak egym\u00e1sra. A politikai rendszer persze nem n\u00e9zte j\u00f3 szemmel ezt: a volt Csehszlov\u00e1ki\u00e1ban, Rom\u00e1ni\u00e1ban \u00e9s Jugoszl\u00e1vi\u00e1ban \u2013 de a Szovjetuni\u00f3ban is \u2013 csak a felsz\u00ednen hirdett\u00e9k a kommunista jelszavakat, a m\u00e9lyben durv\u00e1n nacionalist\u00e1k voltak (Magyarorsz\u00e1ggal ellent\u00e9tben). Sz\u00e1munkra ez azt jelentette, hogy amikor m\u00f3d ny\u00edlt a lesz\u00e1mol\u00e1sra, a politika ezt meg is tette: 1968 ut\u00e1n harmadszor is lefejezte a felvid\u00e9ki magyar \u00e9rtelmis\u00e9get. Ezek a t\u00e1rsadalmi hull\u00e1mver\u00e9sek ut\u00f3lag meg\u00e9rintettek engem is, egy k\u00e9s\u0151bbi gener\u00e1ci\u00f3 tagj\u00e1t, t\u00f6bb k\u00f6nyvemben foglalkoztam vele.&nbsp;<\/p>\n\n\n\n<p>Dobos L\u00e1szl\u00f3val a nyolcvanas \u00e9vek els\u0151 fel\u00e9ben tal\u00e1lkoztam L\u00e9v\u00e1n, a Csemadokban. Megfogott az \u00e9lett\u00f6rt\u00e9nete, megfogott bels\u0151 k\u00fczdelmeinek dr\u00e1mai volta is. Sokat besz\u00e9lt\u00fcnk err\u0151l, nagyon tiszteltem azt a m\u00e9lt\u00f3s\u00e1got, amivel a neh\u00e9z \u00e9veket viselni tudta. Sorsukat Koncsol L\u00e1szl\u00f3 elbesz\u00e9l\u00e9se alapj\u00e1n \u00edrtam meg a <em>Feloldoz\u00e1s<\/em> c\u00edm\u0171 novell\u00e1ban. Igen, m\u00e9g valahol a h\u00edrhedt Dan\u00e1\u0161 \u0151rnagy is beletartozik ebbe a k\u00e9pbe, a Szlov\u00e1k \u00c1llamv\u00e9delem, a h\u00edrhedt \u0160TB magyar oszt\u00e1ly\u00e1nak vezet\u0151je. \u00cdgy teh\u00e1t az \u0151 t\u00f6rt\u00e9net\u00fck messze nem volt sima, gyakran kij\u00e1tszott\u00e1k \u0151ket egym\u00e1s ellen is. Volt \u00fagy, hogy szembeford\u00edtott\u00e1k \u0151ket egym\u00e1ssal, s 68 ut\u00e1n, a h\u00edrhedt hetvenes \u00e9vekben \u00fajb\u00f3l ny\u00edlt az oll\u00f3 a t\u00f6rt\u00e9net\u00fckben.<\/p>\n\n\n\n<p>A cs\u00facs azonban m\u00e9gis 68 volt. Az egyp\u00e1rtrendszeri hatalom \u00fagy t\u00e1rgyalt a Dobos vezette Csemadokkal, mint egy partnerrel. Dobos m\u00e9g a korm\u00e1nyba is beker\u00fclt kis id\u0151re, s ak\u00e1rhov\u00e1 is ny\u00falunk a szlov\u00e1kiai magyar val\u00f3s\u00e1gban, minden\u00fctt ott tal\u00e1ljuk koroszt\u00e1lyuk k\u00e9zlenyomat\u00e1t.&nbsp;<\/p>\n\n\n\n<p>S ut\u00e1na j\u00f6tt a feketeleves: a megtorl\u00e1sok sora, a felvid\u00e9ki magyar \u00e9rtelmis\u00e9g harmadik lefejez\u00e9se a huszadik sz\u00e1zadban. Neh\u00e9z, rideg \u00e9vek.&nbsp;<\/p>\n\n\n\n<p>S itt most \u00e1lljunk meg egy pillanatra. Sokan \u00fagy gondolhatj\u00e1k, Dobos L\u00e1szl\u00f3 vesztesk\u00e9nt kellett, hogy meg\u00e9lje ezt az id\u0151szakot. T\u0151le tudom, hogy voltak ebben a korszakban nagyon keser\u0171 \u00f3r\u00e1i is, amelyeken nehezen tudta mag\u00e1t \u00e1tlend\u00edteni. \u00c1m ha most valaki azt mondja, hogy a rendszernek konfliktusa volt Dobos L\u00e1szl\u00f3val, akkor \u00e9n megk\u00e9rdem: v\u00e9g\u00fcl is ki gy\u0151z\u00f6tt? S tal\u00e1n m\u00e9g azt is hozz\u00e1tehetem: \u00e9s kinek volt igaza? Tudom, tudom, hogy az ilyen k\u00e9rd\u00e9s ma m\u00e1r l\u00e9g\u00fcres t\u00e9rben csattan. Mert hol van m\u00e1r az a rendszer, amely megnyomor\u00edtotta \u0151t?<\/p>\n\n\n\n<p>\u0150t viszont az emberek szeretete, tisztelete \u00e9s elismer\u00e9se visszahozta a k\u00f6z\u00e9letbe, a k\u00e9pvisel\u0151i, igazgat\u00f3i posztra is. S ha az a rendszer, a szocialista diktat\u00fara olyan bigott volt, hogy a t\u00e1rsadalom legjobbjait volt k\u00e9pes kiszor\u00edtani az akt\u00edv t\u00e1rsadalmi mez\u0151b\u0151l, akkor csoda-e, hogy a nyolcvanas \u00e9vek k\u00f6zep\u00e9re oda jutott, hogy a gerontokr\u00e1cia ijeszt\u0151 p\u00e9ld\u00e1j\u00e1v\u00e1 v\u00e1lt, \u00e9s emiatt t\u00f6rv\u00e9nyszer\u0171en meg kellett sz\u0171nnie 1990\u201392-ben? Persze, \u00e9n is tudom \u2013 hiszen \u00e9vtizedeket \u00e9ltem fiatalk\u00e9nt abban a rendszerben \u2013, hogy a t\u00f6nkretett \u00e9letek milli\u00f3it nem lehet ilyen felsz\u00ednes egyenleggel rehabilit\u00e1lni. A k\u00f6nnyeket, a f\u00e1jdalmakat, a megal\u00e1ztat\u00e1sokat, a stresszhelyzetek sz\u00e1zait ut\u00f3lag is s\u00falyukn\u00e1l fogva kell kezelni.&nbsp;<\/p>\n\n\n\n<p>M\u00e9gis, mindezzel egy\u00fctt \u00e9s mindezek ellen\u00e9re: a m\u00falt sz\u00e1zad \u00f6tvenes \u00e9veinek elej\u00e9n fokozatosan l\u00e9trej\u00f6tt \u00e9s meger\u0151s\u00f6d\u00f6tt egy olyan gener\u00e1ci\u00f3, amely bebizony\u00edtotta, hogy k\u00e9pes vezetni a neh\u00e9z helyzetben \u00e9l\u0151 csehszlov\u00e1kiai magyars\u00e1got. K\u00e9pesek voltak felel\u0151s m\u00f3don viselkedni, s \u2013 j\u00f3l vagy n\u00e9ha kev\u00e9sb\u00e9 j\u00f3l, de \u2013 tett\u00e9k is, amit a rendszer keretei k\u00f6z\u00f6tt tenni\u00fck kellett. S ez\u00e9rt tisztelet j\u00e1r nekik. Egy olyan gener\u00e1ci\u00f3 volt ez, amely a lelkileg tiszt\u00e1bb, egyenesebb paraszti \u00e9s munk\u00e1svil\u00e1gb\u00f3l j\u00f6tt.&nbsp;<\/p>\n\n\n\n<p>Aki tan\u00edt\u00f3 lett k\u00f6z\u00fcl\u00fck, az fontosnak tartotta, hogy egy\u00fctt \u00e9ljen a k\u00f6z\u00f6ss\u00e9g\u00e9vel, m\u0171velje a di\u00e1kok sz\u00fcleit is, ahogy lehetett. Ott voltak a kultur\u00e1lis rendezv\u00e9nyeken \u2013 m\u00e9g akkor is, ha azok sz\u00ednvonala hagyott n\u00e9ha k\u00edv\u00e1nnival\u00f3kat maga ut\u00e1n. Tudt\u00e1k, hogy az irodalmi sz\u00ednpadnak, a t\u00e1nccsoportnak, az amat\u0151r sz\u00ednj\u00e1tsz\u00f3 csapatnak \u2013 de m\u00e9g a focicsapatnak is \u2013 k\u00f6z\u00f6ss\u00e9ger\u0151s\u00edt\u0151 szerepe van. Az \u00edr\u00f3k, k\u00f6lt\u0151k, m\u0171v\u00e9szek sz\u00e1mon tartott\u00e1k egym\u00e1st. Olyan gener\u00e1ci\u00f3 volt ez, amelynek tagjai, ha tal\u00e1lkoztak, nem azt k\u00e9rdezt\u00e9k el\u0151sz\u00f6r egym\u00e1st\u00f3l, hogy te hogy vagy, hanem azt: ti hogy vagytok? Afel\u0151l \u00e9rdekl\u0151dtek, hogy magyar k\u00f6z\u00f6ss\u00e9gk\u00e9nt mik a gondjaik, \u00f6r\u00f6meik? Akkor a tan\u00edt\u00f3, az \u00edr\u00f3, a t\u00f6rt\u00e9n\u00e9sz&#8230; m\u00e9g l\u00e1mp\u00e1s volt, tudta, hogy k\u00fcldet\u00e9se van. \u0150 szervezte a falu \u2013 a k\u00f6z\u00f6ss\u00e9g \u2013 kultur\u00e1lis, sport stb. \u00e9let\u00e9t. Jelen volt a k\u00f6z\u00e9letben. Felvonulni, jelen lenni, \u00e9ltetni k\u00f6z\u00f6ss\u00e9g\u00fcnket \u00e9s a kult\u00far\u00e1nkat \u2013 priorit\u00e1s volt sz\u00e1m\u00e1ra. Aki nem ezt tette, nem sz\u00e1m\u00edtott, nem l\u00e9tezett. Ez a gener\u00e1ci\u00f3 m\u00e9g \u00e9rezte \u2013 a lelk\u00fck m\u00e9ly\u00e9n a bes\u00fag\u00f3k is \u2013, hogy mi a j\u00f3 \u00e9s mi a rossz, ki a j\u00f3- \u00e9s ki a rosszfi\u00fa.&nbsp;<\/p>\n\n\n\n<p>Tudom, persze, m\u00e1s vil\u00e1g volt: de a tanuls\u00e1gait le lehet vonni, nemde? F\u0151leg akkor, amikor azt l\u00e1tjuk, hogy a 21. sz\u00e1zadban m\u00e1r gyakran a selejtnek \u00e1ll a z\u00e1szl\u00f3. S gy\u0151z is n\u00e9ha&#8230;&nbsp;<\/p>\n\n\n\n<p>Persze, nem akarom \u00e9n idealiz\u00e1lni az \u0151 vil\u00e1gukat sem. Voltak probl\u00e9m\u00e1ik, \u00f6ssze\u00fctk\u00f6z\u00e9seik b\u0151ven, nyomta \u0151ket is lefel\u00e9 a diktat\u00f3rikus hatalom, k\u00f6r\u00fclfolyt\u00e1k \u0151ket a bes\u00fag\u00f3k, a megalkuv\u00f3k. Egy\u00e9b bels\u0151 probl\u00e9m\u00e1ik is voltak: m\u00e1s k\u00f6r\u00fclm\u00e9nyek k\u00f6z\u00f6tt szocializ\u00e1l\u00f3dtak, n\u00e9ha a m\u0171velts\u00e9g\u00fckkel kapcsolatban is lehetett hi\u00e1ny\u00e9rzet\u00fcnk, magamnak is ad\u00f3dtak konfliktusaim vel\u00fck. Akkor gyorsabban mondtam \u00edt\u00e9letet felett\u00fck, nem vettem \u00e9szre, milyen komoly ballasztokat kell magukkal cipelni\u00fck. Milyen durv\u00e1n j\u00e1tszott vel\u00fck a hatalom, milyen alattomos megoszt\u00e1si k\u00eds\u00e9rletekkel kellet szemben\u00e9zni\u00fck. Sokszor vitatkoztunk, \u00f6ssze\u00fctk\u00f6z\u00e9sbe is ker\u00fclt\u00fcnk, de egy dolog vitathatatlan volt: az \u00f6tvenes \u00e9vekben \u00e9s k\u00e9s\u0151bb, 68 t\u00e1j\u00e9k\u00e1n is, amikor a sors teret nyitott nekik, t\u00f6bbs\u00e9g\u00fckben (a jobbak) egy\u00e9rtelm\u0171en tettek valamit, s ez megs\u00fcvegelend\u0151, ezt nem szabad megk\u00e9rd\u0151jelezni. Mondhatunk kritik\u00e1t is \u2013 a tiszt\u00e1nl\u00e1t\u00e1s miatt kell is! \u2013, de az k\u00e9ts\u00e9gtelen, hogy legjobbjaik egy nemzett\u00f6red\u00e9k elitjek\u00e9nt tudtak viselkedni. Int\u00e9zm\u00e9nyeket hoztak l\u00e9tre, jogokat harcoltak ki, gener\u00e1ci\u00f3kat neveltek, tan\u00edtottak&#8230;. S Dobos ebben az \u00e9len j\u00e1rt.&nbsp;<\/p>\n\n\n\n<p>Az alap\u00e1ll\u00e1suk egy\u00e9rtelm\u0171 volt, ez m\u00e9g az a gener\u00e1ci\u00f3 volt, amely nem azt k\u00e9rdezte, mit kap \u00e9rte, hanem \u00f6nzetlen\u00fcl, szabad ideje \u00e9s energi\u00e1i rov\u00e1s\u00e1ra tette a dolg\u00e1t. Ezek az emberek a sz\u00f3 szoros \u00e9rtelm\u00e9ben a h\u00e1tukon vitt\u00e9k a helyi k\u00f6z\u00f6ss\u00e9geket \u2013 s manaps\u00e1g egyre szembet\u0171n\u0151bb, hogy ez a habitus mennyire gy\u00f6ng\u00fcl a szlov\u00e1kiai magyar t\u00e1rsadalomban. Ez megy most el, l\u00e9p\u00e9sr\u0151l l\u00e9p\u00e9sre.<\/p>\n\n\n\n<p>Egy vil\u00e1gl\u00e1t\u00e1s, egy viselked\u00e9si norma, egy \u00e9letforma, egy emberi habitus&#8230; A n\u00e9ptan\u00edt\u00f3, az elhivatott \u00edr\u00f3, aki h\u00f3ban-s\u00e1rban is kimegy az olvas\u00f3ihoz, a helyi vezet\u0151, aki m\u00e9g nem csatornam\u00e9terekben m\u00e9rte a falu es\u00e9lyeit. M\u0171k\u00f6dtek, tette a dolgukat: egy statikus, z\u00e1rt, v\u00e9dekez\u0151 rendszerben igyekeztek megtartani a k\u00f6z\u00f6ss\u00e9get.&nbsp;<\/p>\n\n\n\n<p>\u00c9s ma? Itt \u00e1llunk az olyannyira v\u00e1rt 3. \u00e9vezred elej\u00e9n, n\u00e9z\u00fcnk vissza r\u00e1juk, s egym\u00e1st\u00f3l is k\u00e9rdezz\u00fck: mi j\u00f6n ut\u00e1nuk, ut\u00e1nunk?&nbsp;<\/p>\n\n\n\n<p>Persze, az \u00e9let nem \u00e1ll meg, j\u00f6n majd valami m\u00e1s, ez term\u00e9szetes. Minden gener\u00e1ci\u00f3nak ki kell izzadnia a maga v\u00e1laszait a kor k\u00e9rd\u00e9seire, ezt nem lehet megsp\u00f3rolni. De hol van ma az az erk\u00f6lcsi er\u0151, az a k\u00f6z\u00f6ss\u00e9gi elk\u00f6telezetts\u00e9g, amely eddig, sz\u00e1z \u00e9v minden viszontags\u00e1ga mellett \u00e9s ellen\u00e9re megtartotta a felvid\u00e9ki magyar nemzett\u00f6red\u00e9ket?&nbsp;<\/p>\n\n\n\n<p>Tanuljuk meg t\u0151l\u00fck, amit lehet \u00e9s kell. \u00c9s k\u00f6sz\u00f6nj\u00fck meg tisztess\u00e9ggel a j\u00f3knak k\u00f6z\u00fcl\u00fck mindazt, amit tettek.&nbsp;<\/p>\n\n\n\n<p>Dobos L\u00e1szl\u00f3nak az els\u0151 helyen.&nbsp;<\/p>\n<\/div>\n\n\n\n<p class=\"has-text-align-right\"><em>Megjelent az Opus 2025\/1-es sz\u00e1m\u00e1ban<\/em><\/p>\n","protected":false},"excerpt":{"rendered":"<p>H\u00e1ny arca van Dobos L\u00e1szl\u00f3nak? H\u00e1rom h\u00f3nappal ezel\u0151tt t\u00f6rt\u00e9nt, az Amalfi-parton, Olaszorsz\u00e1gban. Aki ismeri azt a r\u00e9gi\u00f3t, tudja: j\u00f3kora hegyek, hatalmas szikl\u00e1k minden\u00fctt, a legt\u00f6bb helyen szinte belezuhannak a tengerbe, s \u00edgy ny\u00e1ron ez uralja a k\u00e9pet: naps\u00fct\u00e9s, hatalmas szikl\u00e1k &hellip; <a href=\"https:\/\/opus-folyoirat.sk\/?page_id=3180\">Egy kattint\u00e1s ide a folytat\u00e1shoz&#8230;. <span class=\"meta-nav\">&rarr;<\/span><\/a><\/p>\n","protected":false},"author":4,"featured_media":0,"parent":0,"menu_order":0,"comment_status":"closed","ping_status":"closed","template":"","meta":{"footnotes":""},"class_list":["post-3180","page","type-page","status-publish","hentry"],"_links":{"self":[{"href":"https:\/\/opus-folyoirat.sk\/index.php?rest_route=\/wp\/v2\/pages\/3180","targetHints":{"allow":["GET"]}}],"collection":[{"href":"https:\/\/opus-folyoirat.sk\/index.php?rest_route=\/wp\/v2\/pages"}],"about":[{"href":"https:\/\/opus-folyoirat.sk\/index.php?rest_route=\/wp\/v2\/types\/page"}],"author":[{"embeddable":true,"href":"https:\/\/opus-folyoirat.sk\/index.php?rest_route=\/wp\/v2\/users\/4"}],"replies":[{"embeddable":true,"href":"https:\/\/opus-folyoirat.sk\/index.php?rest_route=%2Fwp%2Fv2%2Fcomments&post=3180"}],"version-history":[{"count":1,"href":"https:\/\/opus-folyoirat.sk\/index.php?rest_route=\/wp\/v2\/pages\/3180\/revisions"}],"predecessor-version":[{"id":3181,"href":"https:\/\/opus-folyoirat.sk\/index.php?rest_route=\/wp\/v2\/pages\/3180\/revisions\/3181"}],"wp:attachment":[{"href":"https:\/\/opus-folyoirat.sk\/index.php?rest_route=%2Fwp%2Fv2%2Fmedia&parent=3180"}],"curies":[{"name":"wp","href":"https:\/\/api.w.org\/{rel}","templated":true}]}}