{"id":3278,"date":"2025-02-17T15:04:00","date_gmt":"2025-02-17T13:04:00","guid":{"rendered":"https:\/\/opus-folyoirat.sk\/?page_id=3278"},"modified":"2025-12-19T15:06:02","modified_gmt":"2025-12-19T13:06:02","slug":"balizs-daniel","status":"publish","type":"page","link":"https:\/\/opus-folyoirat.sk\/?page_id=3278","title":{"rendered":"Balizs D\u00e1niel\u00a0"},"content":{"rendered":"\n<p><strong>Mit csin\u00e1ln\u00e9k a Holdon ha volna oxig\u00e9nem \u00e9s kaj\u00e1m de semmi m\u00e1s<\/strong><\/p>\n\n\n<div class=\"has-text-align-right wp-block-post-date\"><time datetime=\"2025-02-17T15:04:00+02:00\">2025-02-17<\/time><\/div>\n\n\n<div class=\"wp-block-group is-vertical is-layout-flex wp-container-core-group-is-layout-8cf370e7 wp-block-group-is-layout-flex\">\n<p>csak szkafander kaja \u00e9s oxig\u00e9n<\/p>\n\n\n\n<p>a v\u00e9rem tel\u00edt\u0151dik cs\u00f6nddel<\/p>\n\n\n\n<p>a s\u00f6t\u00e9t \u00e9s vil\u00e1gos oldal hat\u00e1r\u00e1n ezer kilom\u00e9teren \u00e1t b\u00e1mulhatom a hajnalt<\/p>\n\n\n\n<p>a f\u00e9ny a folytonos mozg\u00e1sb\u00f3l sz\u00fcletik ahogy a s\u00f6t\u00e9ts\u00e9g is<\/p>\n\n\n\n<p>j\u00e9ggel teli barlangokba ereszkedem ahol m\u00e9g sosem s\u00fct\u00f6tt a nap<\/p>\n\n\n\n<p>a szkafanderf\u00e9ny el\u0151l ijedten gurul sz\u00e9t a sarkokba a feketes\u00e9g<\/p>\n\n\n\n<p>olyan t\u00f6rt\u00e9nik ami milli\u00e1rd \u00e9ve soha pillanat alatt m\u00falik az elm\u00falhatatlan<br><\/p>\n\n\n\n<p>kedvem t\u00e1mad el\u0151venni a laptopom \u00e9s bedugni a t\u00f6lt\u0151t a konn<\/p>\n\n\n\n<p>\u00fcveg bort nyitni \u00e9s hallani a pukk<\/p>\n\n\n\n<p>ledobni a sisakot \u00e9s friss lev<\/p>\n\n\n\n<p>leheveredni a f\u0171<\/p>\n\n\n\n<p>megt\u00f6r\u00f6lni az arc<\/p>\n\n\n\n<p>integetni egy ism<\/p>\n\n\n\n<p>integetni valaki<\/p>\n\n\n\n<p><br>mennyire nem ugyanaz az oxig\u00e9n \u00e9s a leveg\u0151<\/p>\n\n\n\n<p><br>a hi\u00e1ny mint finom por k\u00f6rbeszit\u00e1l<\/p>\n\n\n\n<p>\u00e1ramlik az ujjaim k\u00f6z\u00f6tt<\/p>\n\n\n\n<p><br>a hi\u00e1ny megszak\u00edtatlan tere<\/p>\n\n\n\n<p><br>n\u00e9ha azt k\u00e9pzelem nem is kell sisak a port is el\u00e9g m\u00e9lyen besz\u00edvnom port a porhoz<\/p>\n\n\n\n<p>n\u00e9ha \u00e1treszket rajtam nem arra sz\u00fclettem hogy csillagk\u00e9peket egyens\u00falyozzak a homlokomon \u00e9s marokba szedjem a feketes\u00e9get<\/p>\n\n\n\n<p>n\u00e9ha felemelem mindk\u00e9t kezem \u00e9s nem l\u00e1tom \u0151ket de elhiszem hogy felemeltem<\/p>\n\n\n\n<p>n\u00e9ha a s\u00f6t\u00e9tben lezuhanok valami szikl\u00e1r\u00f3l de sosem csap\u00f3dom be el\u00e9g er\u0151vel<\/p>\n\n\n\n<p>n\u00e9ha \u00edzek eml\u00e9k\u00e9t \u00e9rzem a nyelvemen<\/p>\n\n\n\n<p>n\u00e9ha felkel a F\u00f6ld ugyan\u00fagy fel<\/p>\n\n\n\n<p>n\u00e9ha nem tudok mit kezdeni a reggeli mereved\u00e9ssel<\/p>\n\n\n\n<p>n\u00e9ha nem tudom hogy reggel<\/p>\n\n\n\n<p>a csend n\u00e9ha apr\u00f3 r\u00f6gt\u00f6n \u00f6sszeforrt r\u00e9st v\u00e1g rajtam \u00e9s felbugyog a szkafanderben<\/p>\n\n\n\n<p>n\u00e9ha nem tudom nem akarni amit nem lehet mert nem tudom nem hinni hogy csak akarnom kell<\/p>\n\n\n\n<p>n\u00e9ha felugrom er\u0151sen h\u00e1tha elenged a Hold<\/p>\n\n\n\n<p>cs\u00f6nd<\/p>\n\n\n\n<p>n\u00e9ha<\/p>\n\n\n\n<p>h\u00e1tha elenged<\/p>\n<\/div>\n","protected":false},"excerpt":{"rendered":"<p>Mit csin\u00e1ln\u00e9k a Holdon ha volna oxig\u00e9nem \u00e9s kaj\u00e1m de semmi m\u00e1s csak szkafander kaja \u00e9s oxig\u00e9n a v\u00e9rem tel\u00edt\u0151dik cs\u00f6nddel a s\u00f6t\u00e9t \u00e9s vil\u00e1gos oldal hat\u00e1r\u00e1n ezer kilom\u00e9teren \u00e1t b\u00e1mulhatom a hajnalt a f\u00e9ny a folytonos mozg\u00e1sb\u00f3l sz\u00fcletik ahogy &hellip; <a href=\"https:\/\/opus-folyoirat.sk\/?page_id=3278\">Egy kattint\u00e1s ide a folytat\u00e1shoz&#8230;. <span class=\"meta-nav\">&rarr;<\/span><\/a><\/p>\n","protected":false},"author":4,"featured_media":0,"parent":0,"menu_order":0,"comment_status":"closed","ping_status":"closed","template":"","meta":{"footnotes":""},"class_list":["post-3278","page","type-page","status-publish","hentry"],"_links":{"self":[{"href":"https:\/\/opus-folyoirat.sk\/index.php?rest_route=\/wp\/v2\/pages\/3278","targetHints":{"allow":["GET"]}}],"collection":[{"href":"https:\/\/opus-folyoirat.sk\/index.php?rest_route=\/wp\/v2\/pages"}],"about":[{"href":"https:\/\/opus-folyoirat.sk\/index.php?rest_route=\/wp\/v2\/types\/page"}],"author":[{"embeddable":true,"href":"https:\/\/opus-folyoirat.sk\/index.php?rest_route=\/wp\/v2\/users\/4"}],"replies":[{"embeddable":true,"href":"https:\/\/opus-folyoirat.sk\/index.php?rest_route=%2Fwp%2Fv2%2Fcomments&post=3278"}],"version-history":[{"count":3,"href":"https:\/\/opus-folyoirat.sk\/index.php?rest_route=\/wp\/v2\/pages\/3278\/revisions"}],"predecessor-version":[{"id":3281,"href":"https:\/\/opus-folyoirat.sk\/index.php?rest_route=\/wp\/v2\/pages\/3278\/revisions\/3281"}],"wp:attachment":[{"href":"https:\/\/opus-folyoirat.sk\/index.php?rest_route=%2Fwp%2Fv2%2Fmedia&parent=3278"}],"curies":[{"name":"wp","href":"https:\/\/api.w.org\/{rel}","templated":true}]}}

Balizs Dániel

<p><strong>Mit csinálnék a Holdon ha volna oxigénem és kajám de semmi más</strong></p>


<div class="has-text-align-right wp-block-post-date"><time datetime="2025-02-17T15:04:00+02:00">2025-02-17</time></div>


<div class="wp-block-group is-vertical is-layout-flex wp-container-core-group-is-layout-8cf370e7 wp-block-group-is-layout-flex">
<p>csak szkafander kaja és oxigén</p>



<p>a vérem telítődik csönddel</p>



<p>a sötét és világos oldal határán ezer kilométeren át bámulhatom a hajnalt</p>



<p>a fény a folytonos mozgásból születik ahogy a sötétség is</p>



<p>jéggel teli barlangokba ereszkedem ahol még sosem sütött a nap</p>



<p>a szkafanderfény elől ijedten gurul szét a sarkokba a feketeség</p>



<p>olyan történik ami milliárd éve soha pillanat alatt múlik az elmúlhatatlan<br></p>



<p>kedvem támad elővenni a laptopom és bedugni a töltőt a konn</p>



<p>üveg bort nyitni és hallani a pukk</p>



<p>ledobni a sisakot és friss lev</p>



<p>leheveredni a fű</p>



<p>megtörölni az arc</p>



<p>integetni egy ism</p>



<p>integetni valaki</p>



<p><br>mennyire nem ugyanaz az oxigén és a levegő</p>



<p><br>a hiány mint finom por körbeszitál</p>



<p>áramlik az ujjaim között</p>



<p><br>a hiány megszakítatlan tere</p>



<p><br>néha azt képzelem nem is kell sisak a port is elég mélyen beszívnom port a porhoz</p>



<p>néha átreszket rajtam nem arra születtem hogy csillagképeket egyensúlyozzak a homlokomon és marokba szedjem a feketeséget</p>



<p>néha felemelem mindkét kezem és nem látom őket de elhiszem hogy felemeltem</p>



<p>néha a sötétben lezuhanok valami szikláról de sosem csapódom be elég erővel</p>



<p>néha ízek emlékét érzem a nyelvemen</p>



<p>néha felkel a Föld ugyanúgy fel</p>



<p>néha nem tudok mit kezdeni a reggeli merevedéssel</p>



<p>néha nem tudom hogy reggel</p>



<p>a csend néha apró rögtön összeforrt rést vág rajtam és felbugyog a szkafanderben</p>



<p>néha nem tudom nem akarni amit nem lehet mert nem tudom nem hinni hogy csak akarnom kell</p>



<p>néha felugrom erősen hátha elenged a Hold</p>



<p>csönd</p>



<p>néha</p>



<p>hátha elenged</p>
</div>

<p>Mit csinálnék a Holdon ha volna oxigénem és kajám de semmi más csak szkafander kaja és oxigén a vérem telítődik csönddel a sötét és világos oldal határán ezer kilométeren át bámulhatom a hajnalt a fény a folytonos mozgásból születik ahogy &hellip; <a href="https://opus-folyoirat.sk/?page_id=3278">Egy kattintás ide a folytatáshoz&#8230;. <span class="meta-nav">&rarr;</span></a></p>
