{"id":3298,"date":"2025-03-19T15:22:00","date_gmt":"2025-03-19T13:22:00","guid":{"rendered":"https:\/\/opus-folyoirat.sk\/?page_id=3298"},"modified":"2025-12-19T15:27:43","modified_gmt":"2025-12-19T13:27:43","slug":"bakonyi-istvan-2","status":"publish","type":"page","link":"https:\/\/opus-folyoirat.sk\/?page_id=3298","title":{"rendered":"Bakonyi Istv\u00e1n"},"content":{"rendered":"\n<p><strong>A szem<\/strong><\/p>\n\n\n<div class=\"has-text-align-right wp-block-post-date\"><time datetime=\"2025-03-19T15:22:00+02:00\">2025-03-19<\/time><\/div>\n\n\n<div class=\"wp-block-group is-vertical is-layout-flex wp-container-core-group-is-layout-8cf370e7 wp-block-group-is-layout-flex\">\n<p>N\u00e9zem a szemeket.&nbsp;<\/p>\n\n\n\n<p>Mindegyik m\u00e1s.<\/p>\n\n\n\n<p>Pedig milyen egyszer\u0171 forma.<\/p>\n\n\n\n<p>T\u00fckre a l\u00e9leknek?<\/p>\n\n\n\n<p>T\u00fckre a sz\u00e9ps\u00e9gnek, a v\u00e1gynak.<\/p>\n\n\n\n<p>M\u00e9ly barn\u00e1j\u00e1val, tengerk\u00e9kj\u00e9vel. Z\u00f6ldj\u00e9vel.<\/p>\n\n\n\n<p>Mosoly\u00e1val, k\u00f6nnyeivel, szigor\u00e1val, biztat\u00e1s\u00e1val.<\/p>\n\n\n\n<p>A szem a legfontosabb.<\/p>\n<\/div>\n\n\n\n<p><\/p>\n\n\n\n<p><strong>N\u00e9zd<\/strong><\/p>\n\n\n\n<div class=\"wp-block-group is-vertical is-layout-flex wp-container-core-group-is-layout-8cf370e7 wp-block-group-is-layout-flex\">\n<p>N\u00e9zd a vil\u00e1got, mennyi borzalom.<\/p>\n\n\n\n<p>Mennyi keser, mennyi f\u00e1jdalom.<\/p>\n\n\n\n<p>Mennyi visz\u00e1ly, mennyi hordal\u00e9k.<\/p>\n\n\n\n<p>Tajt\u00e9k \u00e9s gy\u0171l\u00f6let.<\/p>\n\n\n\n<p>S a l\u00e9lek is er\u0151tlen, a test romland\u00f3.<\/p>\n\n\n\n<p>Kisiklott v\u00e1gyak, kisiklott \u00e9letek.<\/p>\n\n\n\n<p>Hiszen \u201e<em>a b\u0171n az embert szembe ford\u00edtotta Istennel<\/em>.\u201d<\/p>\n\n\n\n<p>B\u0171nh\u0151d\u00fcnk teh\u00e1t.<\/p>\n\n\n\n<p>S ritka a kegyelem a F\u00f6ld\u00f6n.<\/p>\n\n\n\n<p>Oda\u00e1t tal\u00e1n m\u00e1sk\u00e9pp lesz.<\/p>\n\n\n\n<p>Tal\u00e1n.<\/p>\n<\/div>\n\n\n\n<p><\/p>\n\n\n\n<p><strong>V\u00e1rok<\/strong><\/p>\n\n\n\n<div class=\"wp-block-group is-vertical is-layout-flex wp-container-core-group-is-layout-8cf370e7 wp-block-group-is-layout-flex\">\n<p>V\u00e1rok valam(k)it.<\/p>\n\n\n\n<p>Tal\u00e1n j\u00f6n, tal\u00e1n nem j\u00f6n.<\/p>\n\n\n\n<p>De j\u00f6nnie kell.<\/p>\n<\/div>\n\n\n\n<p><\/p>\n","protected":false},"excerpt":{"rendered":"<p>A szem N\u00e9zem a szemeket.&nbsp; Mindegyik m\u00e1s. Pedig milyen egyszer\u0171 forma. T\u00fckre a l\u00e9leknek? T\u00fckre a sz\u00e9ps\u00e9gnek, a v\u00e1gynak. M\u00e9ly barn\u00e1j\u00e1val, tengerk\u00e9kj\u00e9vel. Z\u00f6ldj\u00e9vel. Mosoly\u00e1val, k\u00f6nnyeivel, szigor\u00e1val, biztat\u00e1s\u00e1val. A szem a legfontosabb. N\u00e9zd N\u00e9zd a vil\u00e1got, mennyi borzalom. Mennyi keser, mennyi &hellip; <a href=\"https:\/\/opus-folyoirat.sk\/?page_id=3298\">Egy kattint\u00e1s ide a folytat\u00e1shoz&#8230;. <span class=\"meta-nav\">&rarr;<\/span><\/a><\/p>\n","protected":false},"author":4,"featured_media":0,"parent":0,"menu_order":0,"comment_status":"closed","ping_status":"closed","template":"","meta":{"footnotes":""},"class_list":["post-3298","page","type-page","status-publish","hentry"],"_links":{"self":[{"href":"https:\/\/opus-folyoirat.sk\/index.php?rest_route=\/wp\/v2\/pages\/3298","targetHints":{"allow":["GET"]}}],"collection":[{"href":"https:\/\/opus-folyoirat.sk\/index.php?rest_route=\/wp\/v2\/pages"}],"about":[{"href":"https:\/\/opus-folyoirat.sk\/index.php?rest_route=\/wp\/v2\/types\/page"}],"author":[{"embeddable":true,"href":"https:\/\/opus-folyoirat.sk\/index.php?rest_route=\/wp\/v2\/users\/4"}],"replies":[{"embeddable":true,"href":"https:\/\/opus-folyoirat.sk\/index.php?rest_route=%2Fwp%2Fv2%2Fcomments&post=3298"}],"version-history":[{"count":2,"href":"https:\/\/opus-folyoirat.sk\/index.php?rest_route=\/wp\/v2\/pages\/3298\/revisions"}],"predecessor-version":[{"id":3300,"href":"https:\/\/opus-folyoirat.sk\/index.php?rest_route=\/wp\/v2\/pages\/3298\/revisions\/3300"}],"wp:attachment":[{"href":"https:\/\/opus-folyoirat.sk\/index.php?rest_route=%2Fwp%2Fv2%2Fmedia&parent=3298"}],"curies":[{"name":"wp","href":"https:\/\/api.w.org\/{rel}","templated":true}]}}

Bakonyi István

<p><strong>A szem</strong></p>


<div class="has-text-align-right wp-block-post-date"><time datetime="2025-03-19T15:22:00+02:00">2025-03-19</time></div>


<div class="wp-block-group is-vertical is-layout-flex wp-container-core-group-is-layout-8cf370e7 wp-block-group-is-layout-flex">
<p>Nézem a szemeket.&nbsp;</p>



<p>Mindegyik más.</p>



<p>Pedig milyen egyszerű forma.</p>



<p>Tükre a léleknek?</p>



<p>Tükre a szépségnek, a vágynak.</p>



<p>Mély barnájával, tengerkékjével. Zöldjével.</p>



<p>Mosolyával, könnyeivel, szigorával, biztatásával.</p>



<p>A szem a legfontosabb.</p>
</div>



<p></p>



<p><strong>Nézd</strong></p>



<div class="wp-block-group is-vertical is-layout-flex wp-container-core-group-is-layout-8cf370e7 wp-block-group-is-layout-flex">
<p>Nézd a világot, mennyi borzalom.</p>



<p>Mennyi keser, mennyi fájdalom.</p>



<p>Mennyi viszály, mennyi hordalék.</p>



<p>Tajték és gyűlölet.</p>



<p>S a lélek is erőtlen, a test romlandó.</p>



<p>Kisiklott vágyak, kisiklott életek.</p>



<p>Hiszen „<em>a bűn az embert szembe fordította Istennel</em>.”</p>



<p>Bűnhődünk tehát.</p>



<p>S ritka a kegyelem a Földön.</p>



<p>Odaát talán másképp lesz.</p>



<p>Talán.</p>
</div>



<p></p>



<p><strong>Várok</strong></p>



<div class="wp-block-group is-vertical is-layout-flex wp-container-core-group-is-layout-8cf370e7 wp-block-group-is-layout-flex">
<p>Várok valam(k)it.</p>



<p>Talán jön, talán nem jön.</p>



<p>De jönnie kell.</p>
</div>



<p></p>

<p>A szem Nézem a szemeket.&nbsp; Mindegyik más. Pedig milyen egyszerű forma. Tükre a léleknek? Tükre a szépségnek, a vágynak. Mély barnájával, tengerkékjével. Zöldjével. Mosolyával, könnyeivel, szigorával, biztatásával. A szem a legfontosabb. Nézd Nézd a világot, mennyi borzalom. Mennyi keser, mennyi &hellip; <a href="https://opus-folyoirat.sk/?page_id=3298">Egy kattintás ide a folytatáshoz&#8230;. <span class="meta-nav">&rarr;</span></a></p>
