{"id":3315,"date":"2025-04-06T17:30:00","date_gmt":"2025-04-06T15:30:00","guid":{"rendered":"https:\/\/opus-folyoirat.sk\/?page_id=3315"},"modified":"2025-12-19T17:32:49","modified_gmt":"2025-12-19T15:32:49","slug":"nagy-dorottya-2","status":"publish","type":"page","link":"https:\/\/opus-folyoirat.sk\/?page_id=3315","title":{"rendered":"Nagy Dorottya"},"content":{"rendered":"<div class=\"has-text-align-right wp-block-post-date\"><time datetime=\"2025-04-06T17:30:00+02:00\">2025-04-06<\/time><\/div>\n\n\n<p><strong>viharmadaraim<\/strong><\/p>\n\n\n\n<div class=\"wp-block-group is-vertical is-layout-flex wp-container-core-group-is-layout-8cf370e7 wp-block-group-is-layout-flex\">\n<p>ti szabads\u00e1g\u00e9rt mindent odadob\u00f3 f\u00e9rfiak<\/p>\n\n\n\n<p>titeket szeretlek \u0151r\u00fcletig szeretlek<\/p>\n\n\n\n<p>feh\u00e9r madaraim viharmadaraim<\/p>\n\n\n\n<p>szikl\u00e1k sz\u00e9l\u00e9n \u00e1lltok&nbsp;<\/p>\n\n\n\n<p>hideg v\u00edzben \u00e1lltok<\/p>\n\n\n\n<p>ti csin\u00e1ltok bel\u0151lem \u00f6r\u00f6k rabot<\/p>\n\n\n\n<p>s rabs\u00e1gomat&nbsp;<\/p>\n\n\n\n<p>nem eresztem<\/p>\n<\/div>\n\n\n\n<p><\/p>\n\n\n\n<p><strong>sz\u00f6vetminta<\/strong><\/p>\n\n\n\n<div class=\"wp-block-group is-vertical is-layout-flex wp-container-core-group-is-layout-8cf370e7 wp-block-group-is-layout-flex\">\n<p>&#8222;a sz\u00f6vettan gy\u00f6ny\u00f6r\u0171 dolog&#8221;<\/p>\n\n\n\n<p>mondja professzor doktor ortop\u00e9dus<\/p>\n\n\n\n<p>a maga finom kautzkyarmandos hangj\u00e1n<\/p>\n\n\n\n<p>protokoll\u00e1ris mosollyal<\/p>\n\n\n\n<p>h\u00e1rom \u00e9s f\u00e9l \u00e9ves vagyok<\/p>\n\n\n\n<p>a k\u00f3rh\u00e1zban minden z\u00f6ld&nbsp;<\/p>\n\n\n\n<p>elviselhetetlen\u00fcl z\u00f6ld<\/p>\n\n\n\n<p>az orvosok ruh\u00e1i az \u00e1gyam<\/p>\n\n\n\n<p>a fal sz\u00edne is a z\u00f6ld bizonyos \u00e1rnyalata<\/p>\n\n\n\n<p>gurul\u00f3s \u00e1gyon visznek egy m\u00e1sik terembe<\/p>\n\n\n\n<p>nagyon er\u0151s l\u00e1mpa van felettem<\/p>\n\n\n\n<p>f\u00e1zom a leped\u0151 alatt&nbsp;<\/p>\n\n\n\n<p>f\u00e9mt\u00e1lc\u00e1kon hossz\u00fak\u00e1s dolgok<\/p>\n\n\n\n<p>f\u00e9lek t\u0151l\u00fck nagyon f\u00e9lek<\/p>\n\n\n\n<p>nem l\u00e1ttam elmenni any\u00e1t, de nincs m\u00e1r itt<\/p>\n\n\n\n<p>hason fekszem \u00e9bren vagyok<\/p>\n\n\n\n<p>valami\u00e9rt lefognak \u00e9s ord\u00edtani kezdek<\/p>\n\n\n\n<p>nem \u00e9rzem a f\u00e1jdalmat csak ord\u00edtok<\/p>\n\n\n\n<p>\u00fcv\u00f6lt\u00f6k v\u00e9gtelen\u00fcl sok\u00e1ig<\/p>\n\n\n\n<p>v\u00e9g\u00fcl elengednek \u00e9s visszavisznek a r\u00e1csos \u00e1gyba<\/p>\n\n\n\n<p>kis k\u00f6t\u00e9s van a l\u00e1bamon<\/p>\n\n\n\n<p>anya nincs sehol<\/p>\n\n\n\n<p>k\u00e9s\u0151bb otthon azt mondja sz\u00f6vetmint\u00e1t vettek<\/p>\n\n\n\n<p>\u00e9n nem tudom mi az a sz\u00f6vetminta<\/p>\n\n\n\n<p>de oda kellett adni<br><\/p>\n<\/div>\n\n\n\n<p><\/p>\n\n\n\n<p><strong>m\u00e1k<\/strong><\/p>\n\n\n\n<div class=\"wp-block-group is-vertical is-layout-flex wp-container-core-group-is-layout-8cf370e7 wp-block-group-is-layout-flex\">\n<p>kiny\u00edlik a zs\u00e1k a dar\u00e1l\u00f3ba finoman pereg a m\u00e1k<\/p>\n\n\n\n<p>sercegve sz\u00e9trepednek a sz\u00fcrk\u00e9k a k\u00e9kek<\/p>\n\n\n\n<p>kisajtolom az \u00fcnnep olaj\u00e1t amikor a szemedbe n\u00e9zek<\/p>\n\n\n\n<p>az istenek piknikezni mentek s n\u00e9zik az ember maga k\u00f6r\u00e9 mit teremt<\/p>\n\n\n\n<p>mormolok \u0151si var\u00e1zsig\u00e9ket szeret\u0151m\u00fcl h\u00edvom a v\u00e9gtelent<\/p>\n\n\n\n<p>mint fekete selyemk\u00f6nt\u00f6s kibomlanak f\u00e9nyes illatok<\/p>\n\n\n\n<p>\u00e9s tudom van valami szent abban ahogy a dar\u00e1l\u00f3 forog<\/p>\n\n\n\n<p>nem gyakorlok semmif\u00e9le vall\u00e1st csak ebben az \u00f6r\u00f6mben hiszek<\/p>\n\n\n\n<p>egy fordulattal m\u00e9g tov\u00e1bb tekerni \u00e9s nem k\u00f6sz\u00f6nni meg senkinek<\/p>\n<\/div>\n","protected":false},"excerpt":{"rendered":"<p>viharmadaraim ti szabads\u00e1g\u00e9rt mindent odadob\u00f3 f\u00e9rfiak titeket szeretlek \u0151r\u00fcletig szeretlek feh\u00e9r madaraim viharmadaraim szikl\u00e1k sz\u00e9l\u00e9n \u00e1lltok&nbsp; hideg v\u00edzben \u00e1lltok ti csin\u00e1ltok bel\u0151lem \u00f6r\u00f6k rabot s rabs\u00e1gomat&nbsp; nem eresztem sz\u00f6vetminta &#8222;a sz\u00f6vettan gy\u00f6ny\u00f6r\u0171 dolog&#8221; mondja professzor doktor ortop\u00e9dus a maga finom &hellip; <a href=\"https:\/\/opus-folyoirat.sk\/?page_id=3315\">Egy kattint\u00e1s ide a folytat\u00e1shoz&#8230;. <span class=\"meta-nav\">&rarr;<\/span><\/a><\/p>\n","protected":false},"author":4,"featured_media":0,"parent":0,"menu_order":0,"comment_status":"closed","ping_status":"closed","template":"","meta":{"footnotes":""},"class_list":["post-3315","page","type-page","status-publish","hentry"],"_links":{"self":[{"href":"https:\/\/opus-folyoirat.sk\/index.php?rest_route=\/wp\/v2\/pages\/3315","targetHints":{"allow":["GET"]}}],"collection":[{"href":"https:\/\/opus-folyoirat.sk\/index.php?rest_route=\/wp\/v2\/pages"}],"about":[{"href":"https:\/\/opus-folyoirat.sk\/index.php?rest_route=\/wp\/v2\/types\/page"}],"author":[{"embeddable":true,"href":"https:\/\/opus-folyoirat.sk\/index.php?rest_route=\/wp\/v2\/users\/4"}],"replies":[{"embeddable":true,"href":"https:\/\/opus-folyoirat.sk\/index.php?rest_route=%2Fwp%2Fv2%2Fcomments&post=3315"}],"version-history":[{"count":2,"href":"https:\/\/opus-folyoirat.sk\/index.php?rest_route=\/wp\/v2\/pages\/3315\/revisions"}],"predecessor-version":[{"id":3320,"href":"https:\/\/opus-folyoirat.sk\/index.php?rest_route=\/wp\/v2\/pages\/3315\/revisions\/3320"}],"wp:attachment":[{"href":"https:\/\/opus-folyoirat.sk\/index.php?rest_route=%2Fwp%2Fv2%2Fmedia&parent=3315"}],"curies":[{"name":"wp","href":"https:\/\/api.w.org\/{rel}","templated":true}]}}

<div class="has-text-align-right wp-block-post-date"><time datetime="2025-04-06T17:30:00+02:00">2025-04-06</time></div>


<p><strong>viharmadaraim</strong></p>



<div class="wp-block-group is-vertical is-layout-flex wp-container-core-group-is-layout-8cf370e7 wp-block-group-is-layout-flex">
<p>ti szabadságért mindent odadobó férfiak</p>



<p>titeket szeretlek őrületig szeretlek</p>



<p>fehér madaraim viharmadaraim</p>



<p>sziklák szélén álltok&nbsp;</p>



<p>hideg vízben álltok</p>



<p>ti csináltok belőlem örök rabot</p>



<p>s rabságomat&nbsp;</p>



<p>nem eresztem</p>
</div>



<p></p>



<p><strong>szövetminta</strong></p>



<div class="wp-block-group is-vertical is-layout-flex wp-container-core-group-is-layout-8cf370e7 wp-block-group-is-layout-flex">
<p>&#8222;a szövettan gyönyörű dolog&#8221;</p>



<p>mondja professzor doktor ortopédus</p>



<p>a maga finom kautzkyarmandos hangján</p>



<p>protokolláris mosollyal</p>



<p>három és fél éves vagyok</p>



<p>a kórházban minden zöld&nbsp;</p>



<p>elviselhetetlenül zöld</p>



<p>az orvosok ruhái az ágyam</p>



<p>a fal színe is a zöld bizonyos árnyalata</p>



<p>gurulós ágyon visznek egy másik terembe</p>



<p>nagyon erős lámpa van felettem</p>



<p>fázom a lepedő alatt&nbsp;</p>



<p>fémtálcákon hosszúkás dolgok</p>



<p>félek tőlük nagyon félek</p>



<p>nem láttam elmenni anyát, de nincs már itt</p>



<p>hason fekszem ébren vagyok</p>



<p>valamiért lefognak és ordítani kezdek</p>



<p>nem érzem a fájdalmat csak ordítok</p>



<p>üvöltök végtelenül sokáig</p>



<p>végül elengednek és visszavisznek a rácsos ágyba</p>



<p>kis kötés van a lábamon</p>



<p>anya nincs sehol</p>



<p>később otthon azt mondja szövetmintát vettek</p>



<p>én nem tudom mi az a szövetminta</p>



<p>de oda kellett adni<br></p>
</div>



<p></p>



<p><strong>mák</strong></p>



<div class="wp-block-group is-vertical is-layout-flex wp-container-core-group-is-layout-8cf370e7 wp-block-group-is-layout-flex">
<p>kinyílik a zsák a darálóba finoman pereg a mák</p>



<p>sercegve szétrepednek a szürkék a kékek</p>



<p>kisajtolom az ünnep olaját amikor a szemedbe nézek</p>



<p>az istenek piknikezni mentek s nézik az ember maga köré mit teremt</p>



<p>mormolok ősi varázsigéket szeretőmül hívom a végtelent</p>



<p>mint fekete selyemköntös kibomlanak fényes illatok</p>



<p>és tudom van valami szent abban ahogy a daráló forog</p>



<p>nem gyakorlok semmiféle vallást csak ebben az örömben hiszek</p>



<p>egy fordulattal még tovább tekerni és nem köszönni meg senkinek</p>
</div>

<p>viharmadaraim ti szabadságért mindent odadobó férfiak titeket szeretlek őrületig szeretlek fehér madaraim viharmadaraim sziklák szélén álltok&nbsp; hideg vízben álltok ti csináltok belőlem örök rabot s rabságomat&nbsp; nem eresztem szövetminta &#8222;a szövettan gyönyörű dolog&#8221; mondja professzor doktor ortopédus a maga finom &hellip; <a href="https://opus-folyoirat.sk/?page_id=3315">Egy kattintás ide a folytatáshoz&#8230;. <span class="meta-nav">&rarr;</span></a></p>
