{"id":3321,"date":"2025-04-09T17:32:00","date_gmt":"2025-04-09T15:32:00","guid":{"rendered":"https:\/\/opus-folyoirat.sk\/?page_id=3321"},"modified":"2025-12-19T17:34:07","modified_gmt":"2025-12-19T15:34:07","slug":"raso-attila","status":"publish","type":"page","link":"https:\/\/opus-folyoirat.sk\/?page_id=3321","title":{"rendered":"R\u00e1s\u00f3 Attila"},"content":{"rendered":"<div class=\"has-text-align-right wp-block-post-date\"><time datetime=\"2025-04-09T17:32:00+02:00\">2025-04-09<\/time><\/div>\n\n\n<p><strong>egy elm\u00fal\u00e1s b\u00e1ja<\/strong><\/p>\n\n\n\n<p>van aki megv\u00e1lik udvara<br>lehullott leveleit\u0151l \u00e9n magam<br>al\u00e1 s\u00f6pr\u00f6m a sz\u00e1raz fotoszint\u00e9zis-recepci\u00f3sokat \u00fagymond csod\u00e1jukra<br>j\u00e1rok r\u00e1juk nem l\u00e9pve<br>b\u00e1r sajn\u00e1lom sz\u00e9ndioxidot<br>m\u00e1r nem kaphatnak t\u0151lem<br>sem<br>agyam oxig\u00e9nt t\u0151l\u00fck de<br>kiv\u00e9teles elm\u00fal\u00e1st igen<br>ennyire sz\u00e9pnek m\u00e1s<br>nem tud \u00e1tadni hal\u00e1lt<br>itt \u00e9rzem igaz\u00e1n ez az \u00e9let rendje tud gy\u00f6ny\u00f6rk\u00f6dtetni s\u00f6t\u00e9t<br>f\u00e1zis\u00e1ban is<br>csup\u00e1n az\u00e9rt s\u00f6t\u00e9t mert ismeretlen esetleg ragyog\u00f3 is lehet oda\u00e1t ha van<\/p>\n\n\n\n<p>ha nincs akkor<br>teljes megnyugv\u00e1s \u00e9rz\u00e9kszerveink idegrendszer\u00fcnk lekapcsol\u00e1sa hol semmi sem f\u00e1j vagy b\u00e1j<br>az sem fekete sz\u00ednnel<br>rokon<br>mindennel<\/p>\n","protected":false},"excerpt":{"rendered":"<p>egy elm\u00fal\u00e1s b\u00e1ja van aki megv\u00e1lik udvaralehullott leveleit\u0151l \u00e9n magamal\u00e1 s\u00f6pr\u00f6m a sz\u00e1raz fotoszint\u00e9zis-recepci\u00f3sokat \u00fagymond csod\u00e1jukraj\u00e1rok r\u00e1juk nem l\u00e9pveb\u00e1r sajn\u00e1lom sz\u00e9ndioxidotm\u00e1r nem kaphatnak t\u0151lemsemagyam oxig\u00e9nt t\u0151l\u00fck dekiv\u00e9teles elm\u00fal\u00e1st igenennyire sz\u00e9pnek m\u00e1snem tud \u00e1tadni hal\u00e1ltitt \u00e9rzem igaz\u00e1n ez az \u00e9let rendje &hellip; <a href=\"https:\/\/opus-folyoirat.sk\/?page_id=3321\">Egy kattint\u00e1s ide a folytat\u00e1shoz&#8230;. <span class=\"meta-nav\">&rarr;<\/span><\/a><\/p>\n","protected":false},"author":4,"featured_media":0,"parent":0,"menu_order":0,"comment_status":"closed","ping_status":"closed","template":"","meta":{"footnotes":""},"class_list":["post-3321","page","type-page","status-publish","hentry"],"_links":{"self":[{"href":"https:\/\/opus-folyoirat.sk\/index.php?rest_route=\/wp\/v2\/pages\/3321","targetHints":{"allow":["GET"]}}],"collection":[{"href":"https:\/\/opus-folyoirat.sk\/index.php?rest_route=\/wp\/v2\/pages"}],"about":[{"href":"https:\/\/opus-folyoirat.sk\/index.php?rest_route=\/wp\/v2\/types\/page"}],"author":[{"embeddable":true,"href":"https:\/\/opus-folyoirat.sk\/index.php?rest_route=\/wp\/v2\/users\/4"}],"replies":[{"embeddable":true,"href":"https:\/\/opus-folyoirat.sk\/index.php?rest_route=%2Fwp%2Fv2%2Fcomments&post=3321"}],"version-history":[{"count":1,"href":"https:\/\/opus-folyoirat.sk\/index.php?rest_route=\/wp\/v2\/pages\/3321\/revisions"}],"predecessor-version":[{"id":3322,"href":"https:\/\/opus-folyoirat.sk\/index.php?rest_route=\/wp\/v2\/pages\/3321\/revisions\/3322"}],"wp:attachment":[{"href":"https:\/\/opus-folyoirat.sk\/index.php?rest_route=%2Fwp%2Fv2%2Fmedia&parent=3321"}],"curies":[{"name":"wp","href":"https:\/\/api.w.org\/{rel}","templated":true}]}}

Rásó Attila

<div class="has-text-align-right wp-block-post-date"><time datetime="2025-04-09T17:32:00+02:00">2025-04-09</time></div>


<p><strong>egy elmúlás bája</strong></p>



<p>van aki megválik udvara<br>lehullott leveleitől én magam<br>alá söpröm a száraz fotoszintézis-recepciósokat úgymond csodájukra<br>járok rájuk nem lépve<br>bár sajnálom széndioxidot<br>már nem kaphatnak tőlem<br>sem<br>agyam oxigént tőlük de<br>kivételes elmúlást igen<br>ennyire szépnek más<br>nem tud átadni halált<br>itt érzem igazán ez az élet rendje tud gyönyörködtetni sötét<br>fázisában is<br>csupán azért sötét mert ismeretlen esetleg ragyogó is lehet odaát ha van</p>



<p>ha nincs akkor<br>teljes megnyugvás érzékszerveink idegrendszerünk lekapcsolása hol semmi sem fáj vagy báj<br>az sem fekete színnel<br>rokon<br>mindennel</p>

<p>egy elmúlás bája van aki megválik udvaralehullott leveleitől én magamalá söpröm a száraz fotoszintézis-recepciósokat úgymond csodájukrajárok rájuk nem lépvebár sajnálom széndioxidotmár nem kaphatnak tőlemsemagyam oxigént tőlük dekivételes elmúlást igenennyire szépnek másnem tud átadni haláltitt érzem igazán ez az élet rendje &hellip; <a href="https://opus-folyoirat.sk/?page_id=3321">Egy kattintás ide a folytatáshoz&#8230;. <span class="meta-nav">&rarr;</span></a></p>
