{"id":3365,"date":"2025-08-12T01:46:09","date_gmt":"2025-08-11T23:46:09","guid":{"rendered":"https:\/\/opus-folyoirat.sk\/?page_id=3365"},"modified":"2025-12-23T01:50:03","modified_gmt":"2025-12-22T23:50:03","slug":"petrik-viktoria-5","status":"publish","type":"page","link":"https:\/\/opus-folyoirat.sk\/?page_id=3365","title":{"rendered":"Petrik Vikt\u00f3ria"},"content":{"rendered":"\n<div class=\"wp-block-group is-vertical is-layout-flex wp-container-core-group-is-layout-8cf370e7 wp-block-group-is-layout-flex\">\n<p><strong>Kyuka \u2013 Egy eml\u00e9kekb\u0151l \u00e9s \u00e9rz\u00e9sekb\u0151l fel\u00e9p\u00edtett t\u00f6rt\u00e9net, avagy formabont\u00f3 m\u0171v\u00e9szfilm g\u00f6r\u00f6g m\u00f3dra<\/strong><\/p>\n\n\n\n<p>Kritika a <em>Kyuka \u2013\u00a0Miel\u0151tt v\u00e9get \u00e9r a ny\u00e1r<\/em> c. filmr\u0151l<\/p>\n<\/div>\n\n\n<div class=\"has-text-align-right wp-block-post-date\"><time datetime=\"2025-08-12T01:46:09+02:00\">2025-08-12<\/time><\/div>\n\n\n<p>A g\u00f6r\u00f6g tengerpart fest\u0151i d\u00edszletei k\u00f6zt bontakozik ki Kostis Charamountanis finoman sz\u0151tt, melankolikus csal\u00e1di dr\u00e1m\u00e1ja, a Kyuka \u2013 Miel\u0151tt v\u00e9get \u00e9r a ny\u00e1r. A k\u00f6z\u00e9poszt\u00e1lybeli g\u00f6r\u00f6g csal\u00e1d nyaral\u00e1s\u00e1n kereszt\u00fcl nemcsak az emberi kapcsolatok feneketlen m\u00e9lys\u00e9geibe nyer\u00fcnk bepillant\u00e1st, hanem egy vizu\u00e1lisan mer\u00e9sz, de k\u00e9ts\u00e9gk\u00edv\u00fcl \u00e9rz\u00e9keny m\u0171v\u00e9szfilm t\u00e1rul a szem\u00fcnk el\u00e9.&nbsp;<\/p>\n\n\n\n<figure class=\"wp-block-gallery has-nested-images columns-default is-cropped wp-block-gallery-1 is-layout-flex wp-block-gallery-is-layout-flex\">\n<figure class=\"wp-block-image size-large\"><img loading=\"lazy\" decoding=\"async\" width=\"1000\" height=\"667\" data-id=\"3366\" src=\"https:\/\/opus-folyoirat.sk\/wp-content\/uploads\/2025\/12\/kyuka-2025-film-01.jpeg\" alt=\"\" class=\"wp-image-3366\" srcset=\"https:\/\/opus-folyoirat.sk\/wp-content\/uploads\/2025\/12\/kyuka-2025-film-01.jpeg 1000w, https:\/\/opus-folyoirat.sk\/wp-content\/uploads\/2025\/12\/kyuka-2025-film-01-300x200.jpeg 300w, https:\/\/opus-folyoirat.sk\/wp-content\/uploads\/2025\/12\/kyuka-2025-film-01-768x512.jpeg 768w, https:\/\/opus-folyoirat.sk\/wp-content\/uploads\/2025\/12\/kyuka-2025-film-01-450x300.jpeg 450w\" sizes=\"auto, (max-width: 1000px) 100vw, 1000px\" \/><\/figure>\n\n\n\n<figure class=\"wp-block-image size-large\"><img loading=\"lazy\" decoding=\"async\" width=\"1000\" height=\"667\" data-id=\"3367\" src=\"https:\/\/opus-folyoirat.sk\/wp-content\/uploads\/2025\/12\/kyuka-2025-film-04.jpeg\" alt=\"\" class=\"wp-image-3367\" srcset=\"https:\/\/opus-folyoirat.sk\/wp-content\/uploads\/2025\/12\/kyuka-2025-film-04.jpeg 1000w, https:\/\/opus-folyoirat.sk\/wp-content\/uploads\/2025\/12\/kyuka-2025-film-04-300x200.jpeg 300w, https:\/\/opus-folyoirat.sk\/wp-content\/uploads\/2025\/12\/kyuka-2025-film-04-768x512.jpeg 768w, https:\/\/opus-folyoirat.sk\/wp-content\/uploads\/2025\/12\/kyuka-2025-film-04-450x300.jpeg 450w\" sizes=\"auto, (max-width: 1000px) 100vw, 1000px\" \/><\/figure>\n<\/figure>\n\n\n\n<p>A t\u00f6rt\u00e9net k\u00f6z\u00e9ppontj\u00e1ban Babis, az egyed\u00fcl\u00e1ll\u00f3 apa \u00e1ll, aki kamasz ikergyermekeivel nosztalgikus ny\u00e1ri haj\u00f3kir\u00e1ndul\u00e1sra indul. A b\u00e9k\u00e9snek t\u0171n\u0151 utaz\u00e1s felsz\u00edne alatt azonban egyre jobban kibontakoz\u00f3 fesz\u00fclts\u00e9gek h\u00faz\u00f3dnak meg, amelyek v\u00e9g\u00fcl az \u00e9vek \u00f3ta nem l\u00e1tott \u00e9desanyjuk felbukkan\u00e1s\u00e1val tet\u0151z\u0151dnek be. De a&nbsp;Kyuka&nbsp;nem egy klasszikus \u00e9rtelemben vett t\u00f6rt\u00e9netmes\u00e9l\u0151 film, sokkal ink\u00e1bb hangulatokb\u00f3l, eml\u00e9kfoszl\u00e1nyokb\u00f3l \u00e9p\u00edtkez\u0151 halmaz, amely id\u0151nk\u00e9nt tal\u00e1n t\u00falzottan is a formabont\u00e1sra koncentr\u00e1l.<\/p>\n\n\n\n<figure class=\"wp-block-image size-full\"><img loading=\"lazy\" decoding=\"async\" width=\"1024\" height=\"576\" src=\"https:\/\/opus-folyoirat.sk\/wp-content\/uploads\/2025\/12\/mh3GR8zumrVrpiDYDEEFRqCnszJ-1024x576-1.jpeg\" alt=\"\" class=\"wp-image-3368\" srcset=\"https:\/\/opus-folyoirat.sk\/wp-content\/uploads\/2025\/12\/mh3GR8zumrVrpiDYDEEFRqCnszJ-1024x576-1.jpeg 1024w, https:\/\/opus-folyoirat.sk\/wp-content\/uploads\/2025\/12\/mh3GR8zumrVrpiDYDEEFRqCnszJ-1024x576-1-300x169.jpeg 300w, https:\/\/opus-folyoirat.sk\/wp-content\/uploads\/2025\/12\/mh3GR8zumrVrpiDYDEEFRqCnszJ-1024x576-1-768x432.jpeg 768w, https:\/\/opus-folyoirat.sk\/wp-content\/uploads\/2025\/12\/mh3GR8zumrVrpiDYDEEFRqCnszJ-1024x576-1-500x281.jpeg 500w\" sizes=\"auto, (max-width: 1024px) 100vw, 1024px\" \/><\/figure>\n\n\n\n<p>Charamountanis b\u00e1tran k\u00eds\u00e9rletezik arch\u00edv felv\u00e9telekkel, ism\u00e9tl\u00e9sekkel, szokatlan v\u00e1g\u00e1sokkal \u00e9s freeze-frame-ekkel. Ezek a szerkeszt\u00e9si megold\u00e1sok nem puszt\u00e1n eszt\u00e9tikai j\u00e1t\u00e9kok, hanem a szerepl\u0151k eml\u00e9keinek \u00e9s \u00e9rzelmeinek vizu\u00e1lis lek\u00e9pez\u00e9sei is. A k\u00e9pi vil\u00e1g \u00e9s a zene k\u00f6z\u00f6sen teremtik meg azt a nosztalgikus, ugyanakkor fojtottan m\u00e9lab\u00fas ny\u00e1ri hangulatot, amely a film eg\u00e9sz\u00e9t \u00e1titatja. <strong>Ahogy a k\u00f6z\u00e9ppontj\u00e1ban \u00e1ll\u00f3 k\u00fcl\u00f6nc csal\u00e1d tagjai, maga a film is a v\u00e9gletekig feszeng a k\u00fcl\u00f6n\u00f6s s\u00e9m\u00e1k k\u00f6z\u00f6tt<\/strong>. A v\u00e9geredm\u00e9ny pedig egy olyan film, amelyben hossz\u00fa ideig \u00fagy t\u0171nik, mintha semmi sem t\u00f6rt\u00e9nne, eg\u00e9szen addig, m\u00edg v\u00e9g\u00fcl minden egyszerre t\u00f6rt\u00e9nik meg.&nbsp;<\/p>\n\n\n\n<p>A sz\u00edn\u00e9szi alak\u00edt\u00e1sok kifejezetten hitelesek: Simeon Tsakiris m\u00e9rs\u00e9kelt j\u00e1t\u00e9kkal form\u00e1lja meg az \u00e9rzelmeit nehezen kimutatni k\u00e9pes ap\u00e1t, m\u00edg az Elsa Lekakou \u00e9s Konstantinos Georgopoulos k\u00f6z\u00f6tti testv\u00e9ri dinamika nemcsak hihet\u0151 \u00e9s sz\u00edvet melenget\u0151, hanem k\u00fcl\u00f6n\u00f6sen j\u00f3l megkompon\u00e1lt is. A kettej\u00fck k\u00f6z\u00f6tti k\u00e9mia nem is meglep\u0151, hiszen kor\u00e1bban m\u00e1r szerepeltek egy\u00fctt szint\u00e9n Charamountanis egyik r\u00f6vidfilmj\u00e9ben, amely \u00e9ppen ennek a nagyj\u00e1t\u00e9kfilmnek szolg\u00e1l el\u0151zm\u00e9nyek\u00e9nt, \u00e9s amelynek h\u00e1zivide\u00f3-st\u00edlus\u00fa k\u00e9psorai itt is felbukkannak.<\/p>\n\n\n\n<figure class=\"wp-block-embed is-type-video is-provider-youtube wp-block-embed-youtube wp-embed-aspect-16-9 wp-has-aspect-ratio\"><div class=\"wp-block-embed__wrapper\">\n<iframe loading=\"lazy\" title=\"Kyuka - Miel\u0151tt v\u00e9get \u00e9r a ny\u00e1r  (12) magyar feliratos el\u0151zetes\" width=\"584\" height=\"329\" src=\"https:\/\/www.youtube.com\/embed\/4AgcPVIJguU?feature=oembed\" frameborder=\"0\" allow=\"accelerometer; autoplay; clipboard-write; encrypted-media; gyroscope; picture-in-picture; web-share\" referrerpolicy=\"strict-origin-when-cross-origin\" allowfullscreen><\/iframe>\n<\/div><\/figure>\n\n\n\n<p>A film k\u00f6zponti t\u00e9m\u00e1i \u2013 a csal\u00e1di k\u00f6tel\u00e9kek, a titkol\u00f3z\u00e1s, a nosztalgia, a nemi szerepek \u00e9s a gyermekkori identit\u00e1skeres\u00e9s \u2013 \u00f3vatos visszafogotts\u00e1ggal jelennek meg, s a film lez\u00e1r\u00e1sa sz\u00e1nd\u00e9kosan nem is ad k\u00e9sz v\u00e1laszokat a n\u00e9z\u0151nek, ink\u00e1bb csak \u00e9rz\u00e9seket k\u00f6zvet\u00edt.<\/p>\n\n\n\n<p><strong>Mindent \u00f6sszevetve a <em>Kyuka<\/em> egy formailag mer\u00e9sz <\/strong>m\u0171v\u00e9szfilm, amely nem minden n\u00e9z\u0151 sz\u00e1m\u00e1ra lesz k\u00f6nnyen em\u00e9szthet\u0151, de aki nyitott a formabont\u00e1sra vagy a csal\u00e1di mikrodr\u00e1m\u00e1k visszafogott, m\u00e9gis \u00e9rzelmes megk\u00f6zel\u00edt\u00e9s\u00e9re, az k\u00e9ts\u00e9gk\u00edv\u00fcl egy k\u00fcl\u00f6nleges, m\u00e9lyen gy\u00f6kerez\u0151 t\u00f6rt\u00e9nettel fog tal\u00e1lkozni. A film 2024-ben deb\u00fct\u00e1lt a cannes-i ACID szekci\u00f3 nyit\u00f3filmjek\u00e9nt, \u00e9s 2025 nyar\u00e1n jelent meg a magyarorsz\u00e1gi filmv\u00e1sznakon, sokak sz\u00e1m\u00e1ra meglep\u0151 \u00e9lm\u00e9nyk\u00e9nt.&nbsp;<\/p>\n","protected":false},"excerpt":{"rendered":"<p>Kyuka \u2013 Egy eml\u00e9kekb\u0151l \u00e9s \u00e9rz\u00e9sekb\u0151l fel\u00e9p\u00edtett t\u00f6rt\u00e9net, avagy formabont\u00f3 m\u0171v\u00e9szfilm g\u00f6r\u00f6g m\u00f3dra Kritika a Kyuka \u2013\u00a0Miel\u0151tt v\u00e9get \u00e9r a ny\u00e1r c. filmr\u0151l A g\u00f6r\u00f6g tengerpart fest\u0151i d\u00edszletei k\u00f6zt bontakozik ki Kostis Charamountanis finoman sz\u0151tt, melankolikus csal\u00e1di dr\u00e1m\u00e1ja, a Kyuka &hellip; <a href=\"https:\/\/opus-folyoirat.sk\/?page_id=3365\">Egy kattint\u00e1s ide a folytat\u00e1shoz&#8230;. <span class=\"meta-nav\">&rarr;<\/span><\/a><\/p>\n","protected":false},"author":4,"featured_media":0,"parent":0,"menu_order":0,"comment_status":"closed","ping_status":"closed","template":"","meta":{"footnotes":""},"class_list":["post-3365","page","type-page","status-publish","hentry"],"_links":{"self":[{"href":"https:\/\/opus-folyoirat.sk\/index.php?rest_route=\/wp\/v2\/pages\/3365","targetHints":{"allow":["GET"]}}],"collection":[{"href":"https:\/\/opus-folyoirat.sk\/index.php?rest_route=\/wp\/v2\/pages"}],"about":[{"href":"https:\/\/opus-folyoirat.sk\/index.php?rest_route=\/wp\/v2\/types\/page"}],"author":[{"embeddable":true,"href":"https:\/\/opus-folyoirat.sk\/index.php?rest_route=\/wp\/v2\/users\/4"}],"replies":[{"embeddable":true,"href":"https:\/\/opus-folyoirat.sk\/index.php?rest_route=%2Fwp%2Fv2%2Fcomments&post=3365"}],"version-history":[{"count":1,"href":"https:\/\/opus-folyoirat.sk\/index.php?rest_route=\/wp\/v2\/pages\/3365\/revisions"}],"predecessor-version":[{"id":3369,"href":"https:\/\/opus-folyoirat.sk\/index.php?rest_route=\/wp\/v2\/pages\/3365\/revisions\/3369"}],"wp:attachment":[{"href":"https:\/\/opus-folyoirat.sk\/index.php?rest_route=%2Fwp%2Fv2%2Fmedia&parent=3365"}],"curies":[{"name":"wp","href":"https:\/\/api.w.org\/{rel}","templated":true}]}}