{"id":3384,"date":"2025-01-09T10:37:00","date_gmt":"2025-01-09T08:37:00","guid":{"rendered":"https:\/\/opus-folyoirat.sk\/?page_id=3384"},"modified":"2025-12-30T10:39:48","modified_gmt":"2025-12-30T08:39:48","slug":"isteni-homaly-vakito-vilagossagaban","status":"publish","type":"page","link":"https:\/\/opus-folyoirat.sk\/?page_id=3384","title":{"rendered":"\u201e\u2026isteni hom\u00e1ly vak\u00edt\u00f3 vil\u00e1goss\u00e1g\u00e1ban\u2026\u201d"},"content":{"rendered":"\n<p><em>Baka Gy\u00f6rgyi s az \u00c1tmozdul\u00f3 l\u00e9that\u00e1rok&nbsp;<\/em><\/p>\n\n\n<div class=\"has-text-align-right wp-block-post-date\"><time datetime=\"2025-01-09T10:37:00+02:00\">2025-01-09<\/time><\/div>\n\n\n<p>Advent \u00fczenete hagyom\u00e1nyosan a bels\u0151 csend fel\u00e9 fordul\u00e1st, a l\u00e9t b\u00e9k\u00e9s \u00f6sszhangj\u00e1nak (vissza)keres\u00e9s\u00e9t, lelk\u00fcnk meger\u0151s\u00edt\u00e9s\u00e9nek heteit k\u00edn\u00e1lja f\u00f6l. S h\u00e1t mindezek el\u00e9r\u00e9s\u00e9t legink\u00e1bb a versek k\u00edn\u00e1lj\u00e1k \u2013 az a k\u00f6lt\u00e9szet, mely szakr\u00e1lis, ezoterikus kiterjeszt\u00e9sekkel k\u00e9pes \u00e1ld\u00e1ssal enyh\u00edteni h\u00e9tk\u00f6znapi szorong\u00e1sainkat. Meg\u00f3v ak\u00e1r m\u00e9g ekkor is, a konzumkar\u00e1csonyok fesz\u00fclt \u201el\u00e9lekszeg\u00e9ny\u00edt\u0151\u201d \u00f6nf\u00e1raszt\u00e1s\u00e1t\u00f3l. Mondhatni, \u00e9pp ez\u00e9rt (is) a legjobb pillanatban \u00e9rkezik a k\u00f6nyvesboltok polcaira <em>Baka<\/em> <em>Gy\u00f6rgyi<\/em> \u00faj (imm\u00e1r tizedik) k\u00f6tete (<em>\u00c1tmozdul\u00f3 l\u00e9that\u00e1rok<\/em>); egy olyan versesk\u00f6nyv, melyet \u2013 ha csak \u00fagy nem, sz\u00f3l a szleng \u2013 utols\u00f3 sor\u00e1\u00e9rt kiv\u00e1ltk\u00e9pp \u00e9rdemes elolvasnunk. Na de nem \u00fagy, hogy most r\u00f6gt\u00f6n odalapozunk \u2013 el kell jutnunk addig a sorig, hogy teljes f\u00e9ny\u00e9ben meg\u00e9rezz\u00fck, engedj\u00fck \u00e1thatolni azt legbens\u0151bb val\u00f3nkig, l\u00e9t\u00fcnk legszem\u00e9lyesebb, tal\u00e1n m\u00e9g el\u0151tt\u00fcnk is ismeretlen tartom\u00e1ny\u00e1ig. Ahol \u201ea m\u00e9lys\u00e9gb\u0151l ki\u00e1lt\u00e1s po\u00e9tik\u00e1ja a l\u00e9tbizalom magaslati alk\u00edmi\u00e1j\u00e1t\u00f3l f\u00e9nyes\u00fcl; az \u00e9rz\u00e9ki vil\u00e1gban-l\u00e9thez a term\u00e9szet eredend\u0151 transzcendenci\u00e1ja csatol kozmikus t\u00e1vlatokat\u201d, \u00edrja a k\u00f6tet r\u00f6vidke elemz\u00e9s\u00e9ben <em>Halmai Tam\u00e1s<\/em>. Pontosan \u00e9s sz\u00e9pen \u2013 ahogyan a csillagok\u2026 &#8211; \u00fagy fogalmazva.&nbsp;<\/p>\n\n\n\n<figure class=\"wp-block-image size-full is-resized\"><img loading=\"lazy\" decoding=\"async\" width=\"512\" height=\"283\" src=\"https:\/\/opus-folyoirat.sk\/wp-content\/uploads\/2025\/12\/unnamed.png\" alt=\"\" class=\"wp-image-3385\" style=\"width:614px;height:auto\" srcset=\"https:\/\/opus-folyoirat.sk\/wp-content\/uploads\/2025\/12\/unnamed.png 512w, https:\/\/opus-folyoirat.sk\/wp-content\/uploads\/2025\/12\/unnamed-300x166.png 300w, https:\/\/opus-folyoirat.sk\/wp-content\/uploads\/2025\/12\/unnamed-500x276.png 500w\" sizes=\"auto, (max-width: 512px) 100vw, 512px\" \/><\/figure>\n\n\n\n<p>Persze, Baka Gy\u00f6rgyi eset\u00e9ben, eddigi \u00e9letm\u0171ve ismeret\u00e9ben ez kor\u00e1ntsem meglep\u0151. K\u00f6lt\u00e9szet\u00e9nek l\u00e9teleme a szakralit\u00e1s, a j\u00e9zusi t\u00f6rt\u00e9net megannyi pillanat\u00e1nak f\u00f6lfejt\u00e9se, mondatainak sz\u00e9tsz\u00e1laz\u00e1sa, a biblikus paradoxonok els\u0151dleges vagy rejtettebb \u00e1tad\u00e1sa a versbesz\u00e9d nyelv\u00e9n. A k\u00f6nt\u00f6s f\u00f6lemel\u00e9se a porb\u00f3l. A tizedik k\u00f6tet egy kicsit m\u00e9gis m\u00e1s. Egyfajta v\u00e9gleges b\u00facs\u00fa a l\u00e9tez\u00e9s \u2019aj\u00e1nd\u00e9kak\u00e9nt\u2019 kapott k\u00e9nyszeres \u201ehi\u00fas\u00e1g v\u00e1s\u00e1rai\u201d-t\u00f3l, az akarva-akaratlan \u2013 m\u00e1r a r\u00e9szv\u00e9tellel elfogadott r\u00e9szv\u00e9tlen h\u00e9tk\u00f6znapokkal egy\u00fctt j\u00e1r\u00f3 \u2013 puszt\u00edt\u00f3 pillanatokt\u00f3l. Nem menek\u00fclhetsz, mert minden\u00fcnnen s mintha id\u0151tlen id\u0151k \u00f3ta, \u00fagy \u00e1rad s \u00e1radnak r\u00e1nk a \u201e<em>Kifosztott cs\u00f6nd, gy\u00f6tr\u0151 s\u00f6t\u00e9ts\u00e9g, \u00fcres tekintetek<\/em>\u201d. S mintha hi\u00e1ba hirdetn\u00e9nk, hogy \u201e<em>feladhatatlan k\u00fczdelm\u00fcnk \/ a lelki szabads\u00e1gharc<\/em>\u201d \u2013 e v\u00e9gtelennek t\u0171n\u0151 \u00e9jszak\u00e1ban csak a k\u00e1rhozattal j\u00e1r\u00f3 k\u00eds\u00e9rt\u00e9s fokoz\u00f3dik: m\u00e1r nem egyetlen a vesz\u00e9lyforr\u00e1s, hiszen minden\u00fctt \u201e<em>k\u00edgy\u00f3b\u0151r\u00f6k csillognak a s\u00f6t\u00e9tben<\/em>\u201d.&nbsp;<\/p>\n\n\n<div class=\"wp-block-image\">\n<figure class=\"alignleft size-full is-resized\"><img loading=\"lazy\" decoding=\"async\" width=\"684\" height=\"912\" src=\"https:\/\/opus-folyoirat.sk\/wp-content\/uploads\/2025\/12\/201502_Portre_Baka_1.jpeg\" alt=\"\" class=\"wp-image-3386\" style=\"width:225px;height:auto\" srcset=\"https:\/\/opus-folyoirat.sk\/wp-content\/uploads\/2025\/12\/201502_Portre_Baka_1.jpeg 684w, https:\/\/opus-folyoirat.sk\/wp-content\/uploads\/2025\/12\/201502_Portre_Baka_1-225x300.jpeg 225w\" sizes=\"auto, (max-width: 684px) 100vw, 684px\" \/><\/figure><\/div>\n\n\n<p>Mit tehet\u00fcnk \u2013 mi m\u00e1st, mint visszamenni. Visszatal\u00e1lni. (Ha tehetj\u00fck.) Az <em>els\u0151<\/em> k\u00eds\u00e9rt\u00e9sig \u2013 s <em>j\u00f3l<\/em> d\u00f6nteni. Ez t\u00f6bb sz\u00f3lamban is \u00e1thallatszik Baka Gy\u00f6rgyi versbesz\u00e9d\u00e9b\u0151l, s\u0151t, k\u00fcl\u00f6n szimf\u00f3niak\u00e9nt jelenik meg, ha j\u00f3l hangoljuk \u00f6ssze a dallamt\u00f6red\u00e9keket. Ha felpillantva a \u201e<em>Csillagokat \u00f6lel\u0151 cs\u00f6ndben \/ megl\u00e1tjuk a kereszt sz\u00f6geit<\/em>\u201d. S halljuk a hangot: \u201e<em>v\u00e1rlak vissza l\u00e9legzetembe, \/ vissza nem fordul\u00f3 \/ arcod seb\u00e9t hordozom<\/em>\u201d S meg\u00e9rtj\u00fck, \u201e<em>a puszta sz\u00e9l\u00e9r\u0151l m\u00e9g visszan\u00e9zek<\/em>\u201d gesztusa mit jelent, hogy \u201e<em>visszavir\u00e1gzik \/ bennem a v\u00e1gy, j\u00f6v\u0151met vissza\u00e1lmodom<\/em>\u201d \u2026 \u201e<em>vissza eg\u00e9szen \/ az \u00e1rtatlan odaadotts\u00e1gig<\/em>\u201d \u2026 \u201e<em>vissza a sz\u00e9lringatta mez\u0151kre<\/em>\u201d s hogy \u201e<em>visszaadjam, amit elvesztett\u00e9l<\/em>\u201d. Mert a c\u00e9ltalan s l\u00e9lektelen \u00e9letutaz\u00e1s csup\u00e1n \u201e<em>visszahajl\u00e1s a rejt\u0151z\u0151 neml\u00e9tbe?<\/em>\u201d, k\u00e9rdezn\u00e9nk, s a v\u00e1lasz egyszer\u0171: \u201e<em>Akinek nincs sz\u00e1rnya \/ visszahull a semmibe<\/em>\u201d.&nbsp;<\/p>\n\n\n\n<p>De h\u00e1t <em>Szil\u00e1gyi Domokos<\/em>t\u00f3l tudjuk (s m\u00e1shonnan is, \u00fagy k\u00e9tezer \u00e9ve), hogy sz\u00e9gyen a sz\u00f3, ha nem v\u00edgasz; \u00edgy h\u00e1t nincs m\u00e1s teend\u0151: sz\u00f3lni kell, hiszen a nyelv az egyetlen kincsmindens\u00e9g\u00fcnk.&nbsp; Egyetlen k\u00e9rd\u00e9s vezeti a vers fel\u00e9 fordul\u00f3 Baka Gy\u00f6rgyit: \u201e<em>Elb\u00fajtat az anyanyelv, vagy \/ kit\u00e1rja ismeretlen m\u00e9lys\u00e9geim?<\/em>\u201d A helyes v\u00e1laszt egy sejtelem adja meg: \u201e<em>f\u00e1jdalmaimat, sebeimet \/ \u00e1thatja az \u00e1mulata \/ annak, hogy l\u00e9tezel<\/em>\u201d,&nbsp; s imm\u00e1r a k\u00fczd\u00e9s maga a c\u00e9l: \u201e<em>Naponk\u00e9nti \u00e1ldozatom rejtem \/ a cs\u00edr\u00e1z\u00f3 magokba, kivir\u00e1goztatva \/ nemzet\u00fcnket \u0151rz\u0151 anyanyelvem<\/em>\u201d. Hogy \u201e<em>meg\u0151rz\u0151 anyanyelv\u00fcnk \/ f\u00e9nyl\u0151n f\u00f6lragyogjon\u201d. <\/em>S<em> \u201eebben az \u00e9g\u0151 pirkadatban<\/em>\u201d \u00e9r\u00fcnk a k\u00f6tet utols\u00f3 sor\u00e1ig, \u00e1tjutva k\u00f6zben a m\u00e9lys\u00e9gek s magass\u00e1gok megannyi csapd\u00e1j\u00e1n, s meg\u00e9rtve, hogy egyik sem rejt <em>kevesebbet<\/em> a m\u00e1sikn\u00e1l a \u201ehi\u00fas\u00e1g v\u00e1s\u00e1rfi\u00e1b\u00f3l\u201d, m\u00e1r \u00e9rtj\u00fck a Hegyi besz\u00e9d els\u0151 sor\u00e1nak paradoxonj\u00e1t is \u2013 mert nem igaz, hogy nincs annak els\u0151, eredend\u0151, pontos \u00fczenete. Nem igaz, hogy a lelki szeg\u00e9nys\u00e9g aff\u00e9le egy\u00fcgy\u0171s\u00e9get fed; s m\u00e1s \u00e9rtetlen (f\u00e9lre)\u00e9rtelmez\u00e9s is csak a J\u00e9zust\u00f3l elfordul\u00f3k s\u00fcket f\u00fcleire vall; az adventi \u00e1h\u00edtat megcs\u00fafol\u00f3ira. Baka Gy\u00f6rgyi \u2013 ha lehet ezt mondani \u2013 pomp\u00e1s-po\u00e9tikus \u00e9rtelmez\u00e9ssel teszi egy\u00e9rtelm\u0171v\u00e9 az \u00e9rtetleneket zavarba hoz\u00f3 \u00fczenetet: \u201e<em>Boldogok a L\u00e9lek\u00e9rt szeg\u00e9nyek!<\/em>\u201d&nbsp;<\/p>\n\n\n\n<p>A tiszta forr\u00e1sb\u00f3l mer\u00edtett po\u00e9zist k\u00edn\u00e1lja Baka Gy\u00f6rgyi <em>tizedik<\/em> k\u00f6tete. S tal\u00e1n az sem puszta v\u00e9letlen, hogy \u00e9pp ebben \u00e9r \u00f6ssze a k\u00f6lt\u0151 szakralit\u00e1st faggat\u00f3 \u00e9letm\u0171-kereszt\u00fatja azzal a messzir\u0151l \u00e9rkez\u0151 k\u00e9rd\u00e9ssel, amit a \u201e<em>kisemmizettek \u00e9s meggy\u00f6t\u00f6rtek, \/ \u00f6r\u00f6kk\u00e9 f\u00e1z\u00f3k, \u00e9hesek, \u00e1rv\u00e1k, \/ mell\u00e9j\u00fck \u00e1llva, testv\u00e9rk\u00e9nt \u00f6lelve<\/em>\u201d \u0151ket \u0150 tett f\u00f6l, v\u00e9sett az emberkor \u00f6r\u00f6k eml\u00e9kezet\u00e9be: \u201e<em>Mert ha a z\u00f6ldell\u0151 f\u00e1val ezt teszik, mi t\u00f6rt\u00e9nik a sz\u00e1razzal?<\/em>\u201d<\/p>\n\n\n\n<p><em>(Baka Gy\u00f6rgyi: \u00c1tmozdul\u00f3 l\u00e9that\u00e1rok, Versek, C\u00e9drus M\u0171v\u00e9szeti Alap\u00edtv\u00e1ny, Budapest, 2023. 64.old.)<\/em><\/p>\n\n\n\n<p><em>Tam\u00e1si Orosz J\u00e1nos<\/em><\/p>\n","protected":false},"excerpt":{"rendered":"<p>Baka Gy\u00f6rgyi s az \u00c1tmozdul\u00f3 l\u00e9that\u00e1rok&nbsp; Advent \u00fczenete hagyom\u00e1nyosan a bels\u0151 csend fel\u00e9 fordul\u00e1st, a l\u00e9t b\u00e9k\u00e9s \u00f6sszhangj\u00e1nak (vissza)keres\u00e9s\u00e9t, lelk\u00fcnk meger\u0151s\u00edt\u00e9s\u00e9nek heteit k\u00edn\u00e1lja f\u00f6l. S h\u00e1t mindezek el\u00e9r\u00e9s\u00e9t legink\u00e1bb a versek k\u00edn\u00e1lj\u00e1k \u2013 az a k\u00f6lt\u00e9szet, mely szakr\u00e1lis, ezoterikus kiterjeszt\u00e9sekkel &hellip; <a href=\"https:\/\/opus-folyoirat.sk\/?page_id=3384\">Egy kattint\u00e1s ide a folytat\u00e1shoz&#8230;. <span class=\"meta-nav\">&rarr;<\/span><\/a><\/p>\n","protected":false},"author":4,"featured_media":0,"parent":0,"menu_order":0,"comment_status":"closed","ping_status":"closed","template":"","meta":{"footnotes":""},"class_list":["post-3384","page","type-page","status-publish","hentry"],"_links":{"self":[{"href":"https:\/\/opus-folyoirat.sk\/index.php?rest_route=\/wp\/v2\/pages\/3384","targetHints":{"allow":["GET"]}}],"collection":[{"href":"https:\/\/opus-folyoirat.sk\/index.php?rest_route=\/wp\/v2\/pages"}],"about":[{"href":"https:\/\/opus-folyoirat.sk\/index.php?rest_route=\/wp\/v2\/types\/page"}],"author":[{"embeddable":true,"href":"https:\/\/opus-folyoirat.sk\/index.php?rest_route=\/wp\/v2\/users\/4"}],"replies":[{"embeddable":true,"href":"https:\/\/opus-folyoirat.sk\/index.php?rest_route=%2Fwp%2Fv2%2Fcomments&post=3384"}],"version-history":[{"count":1,"href":"https:\/\/opus-folyoirat.sk\/index.php?rest_route=\/wp\/v2\/pages\/3384\/revisions"}],"predecessor-version":[{"id":3387,"href":"https:\/\/opus-folyoirat.sk\/index.php?rest_route=\/wp\/v2\/pages\/3384\/revisions\/3387"}],"wp:attachment":[{"href":"https:\/\/opus-folyoirat.sk\/index.php?rest_route=%2Fwp%2Fv2%2Fmedia&parent=3384"}],"curies":[{"name":"wp","href":"https:\/\/api.w.org\/{rel}","templated":true}]}}