{"id":3421,"date":"2025-04-15T11:16:00","date_gmt":"2025-04-15T09:16:00","guid":{"rendered":"https:\/\/opus-folyoirat.sk\/?page_id=3421"},"modified":"2025-12-30T11:18:46","modified_gmt":"2025-12-30T09:18:46","slug":"lepked-majd-vegul-lemarad-az-alom","status":"publish","type":"page","link":"https:\/\/opus-folyoirat.sk\/?page_id=3421","title":{"rendered":"\u2026l\u00e9pked, majd v\u00e9g\u00fcl lemarad az \u00e1lom\u2026"},"content":{"rendered":"\n<p><em>Sz\u00e1linger Bal\u00e1zs versv\u00e1logat\u00e1sa<\/em><\/p>\n\n\n<div class=\"has-text-align-right wp-block-post-date\"><time datetime=\"2025-04-15T11:16:00+02:00\">2025-04-15<\/time><\/div>\n\n\n<p>Gy\u00e1szmunka. Elenged\u00e9s. Sorsromkocsma. Eml\u00e9klevit\u00e1ci\u00f3. Dezill\u00fazi\u00f3. Ehhez hasonl\u00f3 p\u00f3tszavak jutnak eszembe <em>Sz\u00e1linger Bal\u00e1zs<\/em> sz\u00e1mlak\u00f6nyv\u00e9t (b\u00e1r ezt a k\u00f6rt \u0151 fizeti) olvasva, de emiatt senki, legkev\u00e9sb\u00e9 \u0151, ne gondoljon semmi rosszra. A k\u00f6lt\u0151 csak az igazat \u00edrja &#8211; \u00e1lmainkr\u00f3l, tetteinkr\u0151l, kifoszttat\u00e1sainkr\u00f3l \u00e9s sz\u00e9tfoszl\u00e1sunkr\u00f3l. Mondan\u00e1m, hogy Lao Ce, mondan\u00e1m, hogy Az \u00dat \u00e9s Er\u00e9ny k\u00f6nyve fekszik t\u0151le annyira nem messze, f\u00e9lig kinyitva egy t\u00e1volabbi polcon, de ezek a versek m\u00e9g nem \u00f6lelkeznek \u00f6ssze a b\u00f6lcsess\u00e9g sz\u00f3tlans\u00e1g\u00e1val; ezek m\u00e9g rem\u00e9lnek, \u00e1lmodnak, s\u00edrnak, jajgatnak, temetnek, \u00e9s egyre lakonikusabban szomor\u00faak. A k\u00f6tet c\u00edme &#8211; \u00c9s most kelletlen elrugaszkodom &#8211; \u00e9s c\u00edmlapja (Somogyi P\u00e9ter nagyon m\u00e9lyre hatol\u00f3 \u201eCapa-\u00e1tirata&#8221;) azonnali bizalmas viszonyt teremt az olvas\u00f3val; kiv\u00e9ve, mondjuk, a r\u00f3zsaf\u00fcz\u00e9rt. Mell\u00e9kmondat: az ir\u00f3nia l\u00e9nyege, ami\u00e9rt sokan nem szeretik, az, hogy b\u00e1josan mosolyog, mint egy dagerrot\u00edpia, de bel\u00e9nk hatolva olyan \u00e9lesen f\u00f3kusz\u00e1l, mint egy sug\u00e1rkezel\u00e9s. Nos, Sz\u00e1linger korunk egyik legjobb diagnoszt\u00e1ja.<\/p>\n\n\n\n<figure class=\"wp-block-image size-full\"><img loading=\"lazy\" decoding=\"async\" width=\"667\" height=\"538\" src=\"https:\/\/opus-folyoirat.sk\/wp-content\/uploads\/2025\/12\/c96f699726502a03e2690455b2b1.jpeg\" alt=\"\" class=\"wp-image-3422\" srcset=\"https:\/\/opus-folyoirat.sk\/wp-content\/uploads\/2025\/12\/c96f699726502a03e2690455b2b1.jpeg 667w, https:\/\/opus-folyoirat.sk\/wp-content\/uploads\/2025\/12\/c96f699726502a03e2690455b2b1-300x242.jpeg 300w, https:\/\/opus-folyoirat.sk\/wp-content\/uploads\/2025\/12\/c96f699726502a03e2690455b2b1-372x300.jpeg 372w\" sizes=\"auto, (max-width: 667px) 100vw, 667px\" \/><\/figure>\n\n\n\n<p>Aki most, e v\u00e1logat\u00e1ssal, beny\u00fajtja a sz\u00e1ml\u00e1t. Vagy ink\u00e1bb elk\u00e9sz\u00edti azt; \u00f6nbevall\u00e1s m\u00faltr\u00f3l, jelenr\u0151l, \u00e9s \u2026 \u201eAz utc\u00e1n \/ \u00f6tven \u00e9ve minden v\u00e1ltozatlan\u201d (A Szentegyh\u00e1z utcai csel) sz\u00f3val maradjunk egy sl\u00e1gervari\u00e1ci\u00f3n\u00e1l: a k\u00f6lt\u0151 verseiben a holnap \u00e9s a ma a tegnap jelene (v\u00f6. Id\u00e9tlen id\u0151kig). B\u00e1r, jut eszembe, ama film m\u00e9gsem pontos hivatkoz\u00e1s, hiszen ott a f\u0151szerepl\u0151 v\u00e9g\u00fcl \u2013 egy v\u00e9gtelennyi id\u0151 alatt \u2013 el\u0151ny\u00e9re v\u00e1ltozik, de Sz\u00e1linger verseiben a t\u00f6rt\u00e9n\u00e9s egyre kormosabb, t\u00f6ppedtebb, szik\u00e1rabb \u2013 ha lehet \u00fagy mondan\u00e1m: a t\u00f6rt\u00e9net Allegro Barbaro, a dallam viszont \u201eLilaak\u00e1c \u00e9s selyemfa hangos \/ T\u00e1rsul\u00e1s\u00e1ra\u201d (Het\u00e9s) alkalmas. \u00c9s t\u0171n\u0151d\u00e9sre, gondolkod\u00e1sra, gondolkodtat\u00e1sra; b\u00f6ng\u00e9ssz\u00fck a sz\u00e1ml\u00e1t, igen, minden itt van, t\u00e9nyleg ennyi az \u00fcd\u00edt\u0151, a szerv\u00edzd\u00edj benne van, halljuk a diszkr\u00e9tet, de nem a mi sz\u00e1ml\u00e1nk lenne, ha nem csapn\u00e1nk azt hozz\u00e1 a v\u00e9g\u00f6sszeghez. Igen, Sz\u00e1linger ehhez nagyon \u00e9rt \u2013 t\u00e1rgyszer\u0171en, sz\u00e9pen, eleg\u00e1nsan assz\u00f3zik; t\u00fckr\u00f6t tart, de abb\u00f3l penge csap\u00f3dik ki.&nbsp;<\/p>\n\n\n\n<p>Mivel ez, mint eml\u00edtettem, v\u00e1logatott versek k\u00f6tete, rem\u00e9lem, sok olvas\u00f3nak nem kell \u00e9les\u00edteni eml\u00e9kein, de a \u201ek\u00e9s\u0151n j\u00f6v\u0151knek\u201d hadd id\u00e9zzek fel n\u00e9h\u00e1ny ismert, vagy \u00e1ltalam is elb\u00fajt hasonlatot, metafor\u00e1t; igen, j\u00e1tsszunk most egy kicsit Sz\u00e1linger kott\u00e1j\u00e1b\u00f3l. Azzal kezdve: f\u00fcty\u00fclj\u00fck el vele egy\u00fctt ezt a k\u00e9t sort \u2013 \u201eVerebek, cineg\u00e9k a fa\u00e1gra ki\u00e1ll- \/ va tanultak az \u00e9gbe rep\u00fclni\u201d (Sose hallok olyan gy\u00f6ny\u00f6r\u0171 n\u00f3tasz\u00f3t) \u2013 a tal\u00e1n m\u00e9g ismert dallamra, s azonnal tudjuk, honnan a kezdet, az indul\u00e1s-indul\u00f3 a k\u00f6tetben. No persze, kellene egy refr\u00e9n, gondoljuk, de az is ott van \u2013 v\u00e9gig, az utols\u00f3 oldalakig, belerejtve a sz\u00f3k\u00f6z\u00f6kbe. Ilyen s ilyen pazar sorok m\u00f6g\u00e9, mint \u201em\u00e9rt lesz h\u0151s\u00fcnk a l\u00e9tt\u0151l meglopott, \/ s nyomai f\u00f6ldig feledett nyomok\u201d (\u00d3, a rem\u00e9nyteli \u00e9gbolt!), \u201eNem nemzi senki az \u00f6regeket: \/ Csak \u00fagy lesznek, szinte v\u00e9letlen\u00fcl\u201d (R\u00e9gvolt kir\u00e1lyok), \u201eDemokr\u00e1cia nev\u0171 \u00e9gitest \/ \u00daszik \u00e1t a K\u00f6zt\u00e1rsas\u00e1g \u00d6v\u00f6n\u201d (Demokr\u00e1cia), am\u00fagy az egyik definit\u00edv Sz\u00e1linger-vers ez, persze, tudn\u00e9k olyan politol\u00f3gust mondani, aki egy sz\u00f3t sem \u00e9rtene bel\u0151le, de haladjunk tov\u00e1bb, \u201eKineveztetek folytonos jelennek \/ N\u00e9h\u00e1ny \u00e9vtizedet \u2013 de ez a m\u00falt, \/ \u00c9ppen ez ellen sz\u00e1lltatok a s\u00edkra.\u201d (Rendszerv\u00e1lt\u00e1s_2.0), \u201eNem az az \u00e1ldott, ki jelent\u00e9ktelen, \/ S Ur\u00e1t keresve embert\u00e1rs\u00e1ba olvad?\u201d (Audiencia Benedekn\u00e9l), \u201eItt j\u00e1rt az \u00f6rd\u00f6g, de amit elvitt \/ Valaki fogta \u00e9s visszahozta\u201d (Bodzafordul\u00f3), \u201eFogolycsere ut\u00e1n a h\u00edd m\u00e9g ott marad kicsit.\u201d (egyezik a vers c\u00edm\u00e9vel), \u201eKev\u00e9s ember val\u00f3 ma m\u00e1r istennek.\u201d (A t\u00e1jsebenged\u00e9ly), \u201eS olykor k\u0151 al\u00f3l, koll\u00e9giumi szob\u00e1kb\u00f3l \/ El\u0151b\u00fajnak fura kis l\u00e1zad\u00f3k, \/ Akik nem ismerik a t\u00f6rt\u00e9nelmet.\u201d (J\u00f3 reggelt!) \u201eGyakorlatban viszont forog a f\u00f6ld, \/ \u00c9s b\u0171neinkr\u0151l lecs\u00faszik az \u00e1rny\u00e9k.\u201d (Vers).&nbsp;<\/p>\n\n\n\n<p>Az id\u00e9zetek persze hepehup\u00e1sak \u00edgy, kiragadva, de megid\u00e9zik a k\u00f6tet eg\u00e9sz\u00e9t s a szerkeszt\u00e9s egy ir\u00e1nyba halad\u00f3 k\u00f6ny\u00f6rtelen \u00edv\u00e9t. Sz\u00e1linger \u00e1ll\u00edtotta \u00f6ssze, remek\u00fcl; hallani s tudni v\u00e9lj\u00fck sz\u00e1nd\u00e9k\u00e1t. Mindv\u00e9gig mintha t\u00f6rt\u00e9nelemk\u00f6nyvet olvasn\u00e1nk, r\u00e9gi korok jelk\u00e9p-h\u0151seit l\u00e1tjuk magunk el\u0151tt, megsz\u00f3l\u00edttatnak, \u00e1m arcukra m\u00e1r r\u00e1\u00e9gett a k\u00e9s\u0151bbi korok p\u00e1tosza; a k\u00f6lt\u0151 let\u00f6r\u00f6ln\u00e9 azt, tal\u00e1n, de ink\u00e1bb csak megmutatja a szobrok, a m\u00falt, a dermedt id\u0151tlens\u00e9g m\u00e1s-\u00e1llag\u00fa patin\u00e1j\u00e1t, \u201eZajlik minden \u00e9rinthetetlen\u00fcl\u201d (Het\u00e9s), s persze a jelenr\u0151l s a jelenhez is van szava, de t\u00fckr\u00f6zteti azt a t\u00f6rt\u00e9nelemre, ha sejtetve, s halv\u00e1nyan is olykor, folyamatos sz\u00fcrk\u00fclet, folyamatos alkony festi, vonja be a k\u00e9peket, s v\u00e9gs\u0151 soron minden t\u00f6rt\u00e9nelem csak v\u00e9lt, \u201eS kiporolj\u00e1k, ha elt\u0171nik a n\u00e9p.\u201d (H\u00e9tf\u0151 \u00e9jjel az \u00dcll\u0151i \u00faton). Minden hivatkoz\u00e1s csak terel\u00e9s, csak szmog.<\/p>\n\n\n\n<p>Mint mondtam, irgalmatlan k\u00f6tet ez. Kem\u00e9ny, sz\u00f3kimond\u00f3 v\u00e1logat\u00e1s.&nbsp; Gy\u00e1szmunka? Elenged\u00e9s? Sorsromkocsma? Eml\u00e9klevit\u00e1ci\u00f3? Dezill\u00fazi\u00f3? Ki tudn\u00e1 megmondani. A szerkeszt\u00e9s ereje f\u00f6l\u00f6tt t\u0171n\u0151d\u0151m, \u00faj vers nincs (legal\u00e1bbis \u00fagy gondolom) a k\u00f6tetben, de a koncentr\u00e1ci\u00f3 mintha itt j\u00f3val er\u0151sebb lenne. No persze, a mihez k\u00e9pest sem elengedhet\u0151, a t\u00f6rt\u00e9net k\u00f6r\u00fcl\u00f6tt\u00fcnk s vel\u00fcnk egyre k\u00f6t\u00f6ttebb, z\u00e1rtabb, s meglehet, a k\u00f6lt\u0151 m\u00e1r k\u00e9sz\u00fcl\u0151dik a palackpost\u00e1k kor\u00e1hoz. A legfontosabb, hogy kezd jogosan helyet k\u00f6vetelni a magyar k\u00f6lt\u00e9szet egyik gyakori vonulat\u00e1ban \u2013 a dezill\u00fazi\u00f3k k\u00e1v\u00e9h\u00e1zi asztal\u00e1n\u00e1l. Hiszen forradalomr\u00f3l \u00edrni kicsit mindig k\u00f6nnyebb, mint azok veres\u00e9g\u00e9r\u0151l; s pl\u00e1ne, ha f\u00e1jni kezd a veres\u00e9g elmism\u00e1sol\u00e1sa. Vajda, Tompa s Arany \u00e1t\u00e9lte s meg\u00edrta ezt; s milyen er\u0151sen \u00edrt err\u0151l Babits, Karinthy, de lapozzunk k\u00f6nyveinkben, id\u00e9zz\u00fck f\u00f6l Zelk (T\u0171zb\u0151l mentett heged\u0171) \u00e9s Benj\u00e1min (Tengerek fogs\u00e1g\u00e1ban) k\u00f6nyveit, igen, a dezill\u00fazi\u00f3 gyakori von\u00e1sa a magyar sz\u00e9pirodalomnak \u2013 nem \u00e1rt ezt szem el\u0151tt tartani.&nbsp; Mondom, nem \u00e1rt. Ezt. Szem el\u0151tt tartani.<\/p>\n\n\n\n<p>Tal\u00e1n az eddigiekb\u0151l m\u00e1r kider\u00fclt: egy sz\u00e1momra nagyon kedves k\u00f6lt\u0151r\u0151l besz\u00e9lek. S ha m\u00e1r ezt megvallom, hab\u00e1r k\u00e9retlen\u00fcl, hadd id\u00e9zzem saj\u00e1t magam; hogyan is \u00edrtam \u00e9n r\u00f3la \u00fagy egy \u00e9vtizede, a K\u00f6zt\u00e1rsas\u00e1g c\u00edm\u0171 k\u00f6tet aprop\u00f3j\u00e1n. \u201eGondolatai, felismer\u00e9sei, a k\u00fcl\u00f6nb\u00f6z\u0151 helyzetek bels\u0151 \u00e9rt\u00e9kel\u00e9sei mind-mind sorra visszak\u00f6sz\u00f6nnek valahonnan; vagy bar\u00e1taim korai \u00edr\u00e1saib\u00f3l, vagy (bocs\u00e1nat, hogy m\u00e9g erre is utalok) saj\u00e1t versk\u00eds\u00e9rleteim hangulataib\u00f3l, m\u00e9g a hetvenes \u00e9vekb\u0151l. Neki m\u00e9g v\u00e1rnia kellett egy-m\u00e1sf\u00e9l \u00e9vtizedet a hasonl\u00f3 utak bej\u00e1r\u00e1s\u00e1ra, s h\u00e1t, ha m\u00e1r az eddigieket kiemeltem, fontos tov\u00e1bb r\u00e9szletezni: nem az\u00e9rt v\u00e1lt kedvencemm\u00e9, mert arr\u00f3l \u00edr, amit mi is felismert\u00fcnk, hanem az\u00e9rt, mert ugyanazt l\u00e9nyegileg ugyan\u00fagy fejti fel, m\u00e1s ritmussal, m\u00e1s sz\u00f3kinccsel, m\u00e1s verstant alkalmazva, ez\u00e9rt eg\u00e9szen m\u00e1s \u2013 na j\u00f3, jobb \u2013 k\u00f6lt\u00e9szetet teremtve, de h\u00e1t a t\u00e1j ugyanaz. \u00c9s valahol ez a l\u00e9nyeg, s\u0151t, ann\u00e1l sokkal t\u00f6bb \u2013 ez az \u00e9rtelme.\u201d<\/p>\n\n\n\n<p>J\u00f3 kis k\u00f6tet, \u00edrtam ezt is, anno. Nos, ez is j\u00f3 k\u00f6tet. Nagy. Nagyon j\u00f3 olvasni. De nagyon rossz meg\u00e9rteni minden szav\u00e1t. Err\u0151l persze \u0151 tehet a legkev\u00e9sb\u00e9. Ad\u00f3s vagyok m\u00e9g egy f\u00e9lmondat magyar\u00e1zat\u00e1val, mi\u00e9rt is mondtam, hogy ezt a k\u00f6rt \u0151 \u00e1llja? Nos, legut\u00f3bbi k\u00f6tet\u00e9t egy\u00e9ni v\u00e1llalkoz\u00f3k\u00e9nt adta ki, el\u0151fizet\u0151ket a k\u00f6z\u00f6ss\u00e9gi m\u00e9di\u00e1ban keresve, \u00e9s most is ezt az utat j\u00e1rja, eleg\u00e1ns k\u00f6sz\u00f6netnyilv\u00e1n\u00edt\u00e1ssal. Mert a k\u00f6tet h\u00e1romsz\u00e1zt\u00edz p\u00e9ld\u00e1ny\u00e1b\u00f3l sz\u00e1zat a kor\u00e1bbi el\u0151fizet\u0151inek post\u00e1zott, aj\u00e1nd\u00e9k gyan\u00e1nt &#8211;&nbsp; sz\u00e1mozott s al\u00e1\u00edrt bibliofilk\u00e9nt. Erre gondoltam, hogy lassan val\u00f3ban a palackposta lesz az egyetlen j\u00e1rhat\u00f3 \u00fat. S tartozom m\u00e9g az adatokkal. Sz\u00e1linger Bal\u00e1zs: \u00c9s most kelletlen elrugaszkodom, versek, Keszthely, 2023, szalingerbalazs.hu)&nbsp;<\/p>\n\n\n\n<p><em>Tam\u00e1si Orosz J\u00e1nos<\/em><\/p>\n","protected":false},"excerpt":{"rendered":"<p>Sz\u00e1linger Bal\u00e1zs versv\u00e1logat\u00e1sa Gy\u00e1szmunka. Elenged\u00e9s. Sorsromkocsma. Eml\u00e9klevit\u00e1ci\u00f3. Dezill\u00fazi\u00f3. Ehhez hasonl\u00f3 p\u00f3tszavak jutnak eszembe Sz\u00e1linger Bal\u00e1zs sz\u00e1mlak\u00f6nyv\u00e9t (b\u00e1r ezt a k\u00f6rt \u0151 fizeti) olvasva, de emiatt senki, legkev\u00e9sb\u00e9 \u0151, ne gondoljon semmi rosszra. A k\u00f6lt\u0151 csak az igazat \u00edrja &#8211; \u00e1lmainkr\u00f3l, &hellip; <a href=\"https:\/\/opus-folyoirat.sk\/?page_id=3421\">Egy kattint\u00e1s ide a folytat\u00e1shoz&#8230;. <span class=\"meta-nav\">&rarr;<\/span><\/a><\/p>\n","protected":false},"author":4,"featured_media":0,"parent":0,"menu_order":0,"comment_status":"closed","ping_status":"closed","template":"","meta":{"footnotes":""},"class_list":["post-3421","page","type-page","status-publish","hentry"],"_links":{"self":[{"href":"https:\/\/opus-folyoirat.sk\/index.php?rest_route=\/wp\/v2\/pages\/3421","targetHints":{"allow":["GET"]}}],"collection":[{"href":"https:\/\/opus-folyoirat.sk\/index.php?rest_route=\/wp\/v2\/pages"}],"about":[{"href":"https:\/\/opus-folyoirat.sk\/index.php?rest_route=\/wp\/v2\/types\/page"}],"author":[{"embeddable":true,"href":"https:\/\/opus-folyoirat.sk\/index.php?rest_route=\/wp\/v2\/users\/4"}],"replies":[{"embeddable":true,"href":"https:\/\/opus-folyoirat.sk\/index.php?rest_route=%2Fwp%2Fv2%2Fcomments&post=3421"}],"version-history":[{"count":1,"href":"https:\/\/opus-folyoirat.sk\/index.php?rest_route=\/wp\/v2\/pages\/3421\/revisions"}],"predecessor-version":[{"id":3423,"href":"https:\/\/opus-folyoirat.sk\/index.php?rest_route=\/wp\/v2\/pages\/3421\/revisions\/3423"}],"wp:attachment":[{"href":"https:\/\/opus-folyoirat.sk\/index.php?rest_route=%2Fwp%2Fv2%2Fmedia&parent=3421"}],"curies":[{"name":"wp","href":"https:\/\/api.w.org\/{rel}","templated":true}]}}