{"id":3517,"date":"2025-01-20T15:21:00","date_gmt":"2025-01-20T13:21:00","guid":{"rendered":"https:\/\/opus-folyoirat.sk\/?page_id=3517"},"modified":"2026-01-01T15:29:51","modified_gmt":"2026-01-01T13:29:51","slug":"a-szeretet-ereje","status":"publish","type":"page","link":"https:\/\/opus-folyoirat.sk\/?page_id=3517","title":{"rendered":"A szeretet ereje"},"content":{"rendered":"<div class=\"has-text-align-right wp-block-post-date\"><time datetime=\"2025-01-20T15:21:00+02:00\">2025-01-20<\/time><\/div>\n\n\n<div class=\"wp-block-group is-vertical is-layout-flex wp-container-core-group-is-layout-8cf370e7 wp-block-group-is-layout-flex\">\n<p>H\u00e1rom napja \u00e9hezett, egy falatot sem evett. Az illemhelyek adottak voltak a fel\u00fcletes tiszt\u00e1lkod\u00e1sra, \u00edgy m\u00e9g elviselhet\u0151 volt a k\u00f6zels\u00e9ge. Le\u00fclt egy padra, arc\u00e1t a kez\u00e9be temette, melyek felfogt\u00e1k kibuggyan\u00f3 k\u00f6nnyeit. T\u00f6prengett. Mit \u00e9r ez az \u00e9let? Kivert kutyak\u00e9nt, \u00e9lelem, p\u00e9nz, lak\u00e1s n\u00e9lk\u00fcl?&nbsp;<\/p>\n\n\n\n<p>Nem volt ez mindig \u00edgy. Volt lak\u00e1s, volt csal\u00e1d, volt kereset. Olykor m\u00e9g boldogs\u00e1g is. Minden odalett. Egyik napr\u00f3l a m\u00e1sikra. \u0150 sz\u00farta el, de nagyon.<\/p>\n\n\n\n<p>\u2013 Tess\u00e9k j\u00f3ember, vegye el \u2013 sz\u00f3lt egy \u00f6reg n\u00e9nike, s kez\u00e9ben egy h\u00faszast lobogtatott h\u0151s\u00fcnk orra el\u0151tt. &nbsp;<\/p>\n\n\n\n<p>Soha \u00e9let\u00e9ben nem \u00e9rzett ekkora megal\u00e1ztat\u00e1st, mint most. Nem szokott hozz\u00e1, hogy sajn\u00e1lj\u00e1k, hogy cs\u00f3r\u00f3nak n\u00e9zik. Pedig az. Visszavonhatatlanul. Pillanatok alatt d\u00f6nt\u00f6tt arr\u00f3l, hogy elfogadja, nincs m\u00e1s v\u00e1laszt\u00e1s. \u00c9hes volt, s az \u00e9hs\u00e9g nagy\u00far.<\/p>\n\n\n\n<p>\u2013 K\u00f6sz\u00f6n\u00f6m \u2013 motyogta alig hallhat\u00f3an.<\/p>\n\n\n\n<p>Fel sem n\u00e9zett, k\u00e9ptelen volt szemben\u00e9zni a sz\u00e1nakoz\u00f3 pillant\u00e1sokkal.<\/p>\n\n\n\n<p>Egy darabig m\u00e9g \u00fclt mozdulatlanul, majd felkelt, kez\u00e9be vette batyuj\u00e1t, s elindult, hogy \u00e9lelemre v\u00e1ltsa a h\u00faszast. Nem volt egyszer\u0171 dolog, de az\u00e9rt megoldotta. Futotta p\u00e1r kiflire, tejre.&nbsp;<\/p>\n\n\n\n<p>J\u00f3 \u00edz\u0171en falatozott. R\u00e1gnia sem kellett, a tej meg\u00e1ztatta sz\u00e1j\u00e1ban a p\u00e9ks\u00fctem\u00e9nyt, s csak nyelt, arra gondolva, vajon mikor jut ism\u00e9t falat a gyomr\u00e1ba. Elf\u00e1radt. Batyuj\u00e1t a pad sz\u00e9l\u00e9re tette, s p\u00e1rn\u00e1nak haszn\u00e1lva r\u00e1telepedett. Elaludt. Arra \u00e9bredt, hogy sz\u00f3longatj\u00e1k.&nbsp;<\/p>\n\n\n\n<p>\u2013 B\u00e1csi, keljen fel, esik az es\u0151!&nbsp;<\/p>\n\n\n\n<p>T\u00edz \u00e9v k\u00f6r\u00fcli fi\u00facska r\u00e1zogatta, s b\u00e1multa \u00e9rtetlen arccal, mert nem \u00e9rtette, mi\u00e9rt fekszik egy feln\u0151tt ember, es\u0151ben a szabad \u00e9g alatt.<\/p>\n\n\n\n<p>Fel\u00fclt. Motyogott valamit, ami k\u00f6sz\u00f6netnek is hangozhatott, pedig nem az volt. Sz\u00e9pet \u00e1lmodott, nagyon sz\u00e9pet. S most fel\u00e9bresztett\u00e9k. Morcos volt. Fel\u00fclt, s azon gondolkodott, hova is menjen, hogy meg\u00f3vja mag\u00e1t a megf\u00e1z\u00e1st\u00f3l. A k\u00f6zeli buszmeg\u00e1ll\u00f3 v\u00e1r\u00f3term\u00e9t v\u00e1lasztotta. Le\u00fclt \u00e9s n\u00e9zte a t\u00f6meget. T\u00f6meget, kiknek van otthonuk, csal\u00e1djuk. V\u00e1rta \u0151ket finom vacsora, meleg \u00e1gyik\u00f3, szeretet.<\/p>\n\n\n\n<p>Bes\u00f6t\u00e9tedett. Bement a mosd\u00f3ba, hogy k\u00f6nny\u00edtsen mag\u00e1n. Mire kiment, a teremben korom s\u00f6t\u00e9t volt. Bez\u00e1rt\u00e1k.&nbsp;<\/p>\n\n\n\n<p>\u2013 Ezt meg\u00fasztam \u2013motyogta az orra alatt.<\/p>\n\n\n\n<p>K\u00e9nyelembe helyezte mag\u00e1t a padon, s elaludt. Arra \u00e9bredt, hogy kattan a z\u00e1r az ajt\u00f3ban. Mozdulatlan maradt, h\u00e1tha nem veszik \u00e9szre. Nem volt szerencs\u00e9je.&nbsp;<\/p>\n\n\n\n<p>\u2013 Maga mit keres itt? \u2013 sz\u00f3lt r\u00e1 egy er\u00e9lyes hang, melynek tulajdonosa a p\u00e9nzt\u00e1ros volt, a maga sz\u00e1zt\u00edz kil\u00f3j\u00e1val.<\/p>\n\n\n\n<p>A hang fel\u00e9 fordult, fel\u00fclt.&nbsp;<\/p>\n\n\n\n<p>\u2013 Elaludtam, s bez\u00e1rtak \u2013 mondta suttogva, mert a zord teremben bizony megf\u00e1zott, torka bedagadt.&nbsp;<\/p>\n\n\n\n<p>\u2013 Ez nem sz\u00e1lloda, menjen innen, mert rend\u0151rt h\u00edvok! \u2013 s hogy nyomat\u00e9kot adjon szavainak, fogta a mobilj\u00e1t, s nyomogatta a gombokat.<\/p>\n\n\n\n<p>\u2013 Nem kell az\u00e9rt ennyire bedurvulni! \u2013 emelte fel b\u00e1tortalanul a hangj\u00e1t, k\u00f6zben szedte a c\u00f3km\u00f3kj\u00e1t, \u00e9s az ajt\u00f3 fel\u00e9 vette az ir\u00e1nyt. &nbsp; &nbsp; &nbsp; &nbsp; &nbsp; &nbsp; &nbsp; &nbsp; &nbsp; &nbsp; &nbsp; &nbsp; &nbsp; &nbsp; &nbsp; &nbsp; &nbsp; &nbsp; &nbsp; &nbsp; &nbsp; &nbsp; &nbsp; &nbsp; &nbsp; &nbsp; &nbsp; &nbsp; &nbsp; &nbsp; &nbsp; &nbsp; &nbsp; &nbsp; &nbsp; &nbsp; &nbsp; &nbsp; &nbsp; &nbsp; &nbsp; &nbsp;<\/p>\n\n\n\n<p>\u2013 \u00c9n is \u00edgy gondoltam \u2013 ki\u00e1ltott ut\u00e1na el\u00e9gedett vigyorral.<\/p>\n\n\n\n<p>Az utc\u00e1n alig lehetett l\u00e1tni, s\u0171r\u0171 k\u00f6d lepte el a v\u00e1rost. \u00c1lmos szemeit d\u00f6rzs\u00f6lgette, h\u00e1tha kitisztul a k\u00e9p, de hasztalan. \u00c1s\u00edtott egy nagyot \u00e9s elindult.&nbsp;<\/p>\n\n\n\n<p>Hatalmas csattan\u00e1s, f\u00e9kcsikorg\u00e1s r\u00e1zta fel \u00e1lm\u00e1b\u00f3l a k\u00f6zelben lak\u00f3kat. Lehetetlen volt l\u00e1tni, hogy mi is t\u00f6rt\u00e9nt, csak a hangfoszl\u00e1nyokb\u00f3l lehetett k\u00f6vetkeztetni, hogy nagy a baj.<\/p>\n\n\n\n<p>\u2013 Egyszer csak el\u0151ttem termett, nem l\u00e1ttam semmit, higgy\u00e9k el, nem tehetek r\u00f3la! \u2013 szabadkozott a g\u00e1zol\u00f3. K\u00f6zben k\u00f6nnyeit t\u00f6r\u00f6lgette, s fel-al\u00e1 j\u00e1rk\u00e1lva az orra alatt motyogott, mint aki teljesen megzavarodott.<\/p>\n\n\n\n<p>A k\u00f6r\u00fcl\u00f6tte \u00e1ll\u00f3k nem tudt\u00e1k kit is sajn\u00e1ljanak jobban, a f\u00f6ld\u00f6n eszm\u00e9letlen\u00fcl fekv\u0151 hajl\u00e9ktalant, vagy a mag\u00e1b\u00f3l teljesen kivetk\u0151z\u00f6tt, percek alatt idegronccs\u00e1 v\u00e1lt g\u00e1zol\u00f3t.<\/p>\n\n\n\n<p>P\u00e9nzt\u00e1rosunk is kitolta a k\u00e9p\u00e9t az esem\u00e9ny helysz\u00edn\u00e9re. Rezzen\u00e9stelen arccal n\u00e9zett arra a mozdulatlanul fekv\u0151 testre, akit bizonyos \u00e9rtelemben \u0151 kergetett az aut\u00f3 kerekei al\u00e1. Lelkiismeret-furdal\u00e1s n\u00e9lk\u00fcl visszaballagott az \u00edr\u00f3asztal\u00e1hoz, letette tereb\u00e9lyes h\u00e1ts\u00f3j\u00e1t a sz\u00e9kre, s j\u00f3\u00edz\u0171en nekil\u00e1tott falatozni. &nbsp;<\/p>\n\n\n\n<p>A ment\u0151 f\u00fcls\u00fcket\u00edt\u0151 szir\u00e9n\u00e1ja r\u00e1zta fel az embereket a dr\u00e1mai hangulatb\u00f3l. Az orvos nekil\u00e1tott a magatehetetlen ember \u00e9lesztget\u00e9s\u00e9hez. A hajl\u00e9ktalan csak fek\u00fcdt, mint akib\u0151l elsz\u00e1llt az \u00e9let. Hord\u00e1gyra tett\u00e9k, zsupsz, be a ment\u0151kocsiba, s amennyire a k\u00f6d engedte, hajtottak vele a k\u00f6zelben l\u00e9v\u0151 k\u00f3rh\u00e1zba.<\/p>\n\n\n\n<p>Fej\u00e9re \u00f3ri\u00e1si turb\u00e1n ker\u00fclt, arc\u00e1t z\u00faz\u00f3d\u00e1sok cs\u00faf\u00edtott\u00e1k. L\u00e1ba elt\u00f6r\u00f6tt, bord\u00e1ja \u00fagyszint\u00e9n. K\u00fczd\u00f6ttek \u00e9rte.<\/p>\n\n\n\n<p>A zseb\u00e9ben l\u00e9v\u0151 iratai alapj\u00e1n azonos\u00edtott\u00e1k. A rend \u0151rei felkerest\u00e9k az adott lakhelyet. Csenget\u00e9s\u00fckre egy h\u00fasz \u00e9v k\u00f6r\u00fcli l\u00e1ny nyitott ajt\u00f3t, karj\u00e1n f\u00e9l\u00e9ves kisfi\u00e1val.<\/p>\n\n\n\n<p>\u2013 Valami baj van? \u2013 k\u00e9rdezte r\u00e9m\u00fclten.<\/p>\n\n\n\n<p>\u2013 Csak nem a p\u00e1rommal t\u00f6rt\u00e9nt valami?&nbsp;<\/p>\n\n\n\n<p>Nem, nem a f\u00e9rje. Az apja. Az ember, aki elhagyta csal\u00e1dj\u00e1t, sz\u00fcleit, bar\u00e1tait egy m\u00e1sik n\u0151 miatt.&nbsp; Egy n\u0151 miatt, aki p\u00e1r h\u00f3nap alatt kiforgatta minden\u00e9b\u0151l, t\u00f6nkretette, majd miut\u00e1n munkan\u00e9lk\u00fcliv\u00e9 v\u00e1lt, kihaj\u00edtotta lak\u00e1s\u00e1b\u00f3l. Az apja b\u00fcszke ember volt, nem sz\u00f3lt senkinek sem arr\u00f3l, hogy hajl\u00e9ktalan lett. Hogy mit v\u00e1rt az \u00e9lett\u0151l az utc\u00e1n bolyongva? Csod\u00e1t. Hogy t\u00f6rt\u00e9nik valami, ami semmiss\u00e9 teszi az elm\u00falt h\u00f3napok alatt cselekedett \u0151r\u00fclts\u00e9geit. S most egy \u00e1gyon fek\u00fcdt mozdulatlanul, az \u00e9let\u00e9\u00e9rt harcolva.&nbsp;<\/p>\n\n\n\n<p>\u00c1gya mellett pedig felv\u00e1ltva fogja kez\u00e9t l\u00e1nya, feles\u00e9ge, sz\u00fclei, testv\u00e9rei. \u00c9s akit m\u00e9g sosem l\u00e1tott, a kis unok\u00e1ja.<\/p>\n\n\n\n<p>L\u00e1nya a nyolcadik h\u00f3napban volt, mikor sz\u00f3 n\u00e9lk\u00fcl lel\u00e9pett. Az\u00f3ta nem l\u00e1tta, nem hallott fel\u0151le.&nbsp;<\/p>\n\n\n\n<p>\u2013 Apu, ne hagyj itt benn\u00fcnket, a kicsinek sz\u00fcks\u00e9ge van a nagyapj\u00e1ra.&nbsp; &nbsp; Meg\u00edg\u00e9rem, soha nem fogjuk felemlegetni, amit ellen\u00fcnk tett\u00e9l, csak gy\u00f3gyulj meg, s gyere haza \u2013 sz\u00f3lt apj\u00e1hoz el-elcsukl\u00f3 hangon a l\u00e1ny.<\/p>\n\n\n\n<p>\u2013 K\u00f6sz\u00f6n\u00f6m \u2013 motyogott alig hallhat\u00f3an az apa.<\/p>\n\n\n\n<p>A l\u00e1ny el\u0151sz\u00f6r nem akart hinni a f\u00fcl\u00e9nek, de mikor r\u00e1pillantott apja f\u00e1jdalomt\u00f3l eltorzult arc\u00e1ra, \u00f6sszetal\u00e1lkozott a tekintet\u00fck. Percekig n\u00e9ztek egym\u00e1s szem\u00e9be, egy sz\u00f3t sem sz\u00f3ltak, m\u00e9gis \u00e9rtett\u00e9k egym\u00e1st. A l\u00e1ny egy cs\u00f3kot lehelt apja sebekt\u0151l \u00e9ktelenked\u0151 arc\u00e1ra, s kiment a teremb\u0151l. Kiment, hogy helyet adjon annak az asszonynak, akit megcsaltak, megal\u00e1ztak, v\u00e9g\u00fcl elhagytak. S most itt van, s v\u00e1rja azt a pillanatot, mikor megbocs\u00e1that.&nbsp;<\/p>\n\n\n\n<p>\u2013 Hogy vagy? \u2013 k\u00e9rdi az \u00e1gy\u00e1ba s\u00fcpped\u0151 f\u00e9rfit\u00f3l az asszony. Jobb k\u00e9rd\u00e9s nem jutott esz\u00e9be, zavarban volt.<\/p>\n\n\n\n<p>\u2013 Most, hogy l\u00e1tlak, sokkal jobban \u2013 suttogta, s kez\u00e9t feles\u00e9ge f\u00e9l\u00e9 ny\u00fajtva v\u00e1rta, hogy az asszony viszonozza a mozdulatot.&nbsp;<\/p>\n\n\n\n<p>\u2013 Bocs\u00e1ss meg ha tudsz, tudom, hogy nagyot v\u00e9tkeztem, de hidd el, tanultam bel\u0151le.&nbsp;<\/p>\n\n\n\n<p>\u2013 Itt vagyok, mert szeretlek. Ha jobban leszel, besz\u00e9lget\u00fcnk. Most ne t\u00f6r\u0151dj m\u00e1ssal, csak azzal, hogy meggy\u00f3gyulj. Be kell p\u00f3tolnod azt az id\u0151t, melyet nem az unok\u00e1d mellett t\u00f6lt\u00f6tt\u00e9l.<\/p>\n\n\n\n<p>\u2013 \u00dagy lesz \u2013suttogta. Elaludt. Az asszony maradt egy ideig, majd kiment.<\/p>\n\n\n\n<p>Le\u00fclt a padra, s elmerengett. Volt mir\u0151l t\u00f6prengenie. Vajon j\u00f3l cselekszik? Szereti ezt a megt\u00e9vedt embert, mi m\u00e1st tehetne, mint azt, amit tett. Ad m\u00e9g egy es\u00e9lyt a h\u00e1zass\u00e1guknak.<\/p>\n\n\n\n<p>Valaki meg\u00e9rintette a karj\u00e1t. L\u00e1nya az.&nbsp;<\/p>\n\n\n\n<p>\u2013 Valami baj van? \u2013 k\u00e9rdi f\u00e9lt\u0151 aggodalommal.<\/p>\n\n\n\n<p>\u2013 Semmi baj, csak gondolkodtam. J\u00f3 volna tudni, mit hoz a holnap.&nbsp;<\/p>\n\n\n\n<p>\u2013 Mindent megoldunk, megbesz\u00e9l\u00fcnk. B\u00edzz apuban, hidd el, megv\u00e1ltozik.<\/p>\n\n\n\n<p>Az asszony nem sz\u00f3lt semmit, csak nagyot s\u00f3hajtott. N\u00e9m\u00e1n \u00fcltek egym\u00e1s mellett, s v\u00e1rtak. V\u00e1rt\u00e1k az \u00fajabb vizsg\u00e1lat eredm\u00e9ny\u00e9t.<\/p>\n\n\n\n<p>&nbsp;Az orvos megnyugtatja a csal\u00e1dot, minden a lehet\u0151 legnagyobb rendben, p\u00e1r h\u00e9t m\u00falva hazamehet a megt\u00e9vedt b\u00e1r\u00e1ny.<\/p>\n\n\n\n<p>H\u0151s\u00fcnk napr\u00f3l napra jobban n\u00e9zett ki. Gy\u00f3gy\u00edtotta a csal\u00e1d szeretete, gondoskod\u00e1sa.<\/p>\n\n\n\n<p>Egy d\u00e9lut\u00e1n l\u00e1togat\u00f3ja \u00e9rkezett. Nem \u00e9rtette, mit akar t\u0151le ez a vadidegen ember.<\/p>\n\n\n\n<p>\u2013 Meg tud bocs\u00e1tani? \u2013 k\u00e9rdi elcsukl\u00f3 hangon az idegen.<\/p>\n\n\n\n<p>\u2013 Mit is kellene megbocs\u00e1tanom? \u2013 n\u00e9zett \u00e9rtetlen\u00fcl.<\/p>\n\n\n\n<p>\u2013 \u00c9n voltam, \u00e9n tettem ezt, nem akartam, higgyen nekem. K\u00f6d volt, nem l\u00e1ttam semmit. Az\u00f3ta teljesen kivagyok. Se \u00e9jjelem, se nappalom. Rettegek az \u00e9jszak\u00e1kt\u00f3l, ha lehunyom a szemem, \u00e1lland\u00f3an magam el\u0151tt l\u00e1tom, amint felv\u00e1g\u00f3dik a sz\u00e9lv\u00e9d\u0151re, hallom a csattan\u00e1st, f\u00e9kcsikorg\u00e1st. L\u00e1tom v\u00e9rben fetreng\u0151 test\u00e9t. Borzalom lett az \u00e9letem. J\u00f6ttem volna hamarabb, de k\u00e9ptelen voltam a lak\u00e1sb\u00f3l kimozdulni. \u2013 hadarta egy szuszra, mintha att\u00f3l tart, ha abba hagyja, k\u00e9ptelen lesz a folytat\u00e1sra.<\/p>\n\n\n\n<p>\u2013 Nyugodjon meg j\u00f3ember, nincs mi\u00e9rt haragudnom. Ellenkez\u0151leg. Egy cs\u0151dt\u00f6meg voltam, egy kivert kutya. Nem volt senkim \u00e9s semmim. Ma \u00e9n vagyok a vil\u00e1g legboldogabb embere. Visszakaptam a csal\u00e1domat, s ezt \u00d6nnek k\u00f6sz\u00f6nhetem. \u00d6r\u00f6kk\u00e9 h\u00e1l\u00e1s leszek \u00e9rte.<\/p>\n\n\n\n<p>Szeg\u00e9ny ember nem \u00e9rtett semmit. Bamb\u00e1n b\u00e1mult az \u00e1gy sz\u00e9l\u00e9n \u00fcl\u0151, boldog arccal \u00e1radoz\u00f3 betegre. Most mi van?<\/p>\n\n\n\n<p>\u2013 L\u00e1tom nem \u00e9rt semmit, \u00fclj\u00f6n le, s ha van ideje, mindent elmes\u00e9lek.<\/p>\n\n\n\n<p>\u00c9s mes\u00e9lt, kifullad\u00e1sig. J\u00f3 volt. Megk\u00f6nnyebb\u00fclt, azaz megk\u00f6nnyebb\u00fcltek. K\u00e9t boldog ember b\u00facs\u00fazott egym\u00e1st\u00f3l a l\u00e1togat\u00e1s v\u00e9gezt\u00e9vel.&nbsp;<\/p>\n\n\n\n<p>\u2013 Otthon, \u00e9des otthon! \u2013 lelkendezett, mikor v\u00e9gre hazaker\u00fclt a k\u00f3rh\u00e1zb\u00f3l. Mank\u00f3j\u00e1ra t\u00e1maszkodva k\u00f6rbej\u00e1rta az eg\u00e9sz h\u00e1zat. Ismerkedett. \u00daj volt minden. J\u00f3 volt otthon lenni.<\/p>\n\n\n\n<p>Feles\u00e9ge falnak t\u00e1maszkodva n\u00e9zte f\u00e9rje boldogs\u00e1gt\u00f3l ragyog\u00f3 arc\u00e1t, majd odament hozz\u00e1, s \u00e1t\u00f6lelte.&nbsp;<\/p>\n\n\n\n<p>Mindez t\u00edz \u00e9ve t\u00f6rt\u00e9nt, s k\u00f6sz\u00f6nik, az\u00f3ta j\u00f3l vannak.<\/p>\n<\/div>\n","protected":false},"excerpt":{"rendered":"<p>H\u00e1rom napja \u00e9hezett, egy falatot sem evett. Az illemhelyek adottak voltak a fel\u00fcletes tiszt\u00e1lkod\u00e1sra, \u00edgy m\u00e9g elviselhet\u0151 volt a k\u00f6zels\u00e9ge. Le\u00fclt egy padra, arc\u00e1t a kez\u00e9be temette, melyek felfogt\u00e1k kibuggyan\u00f3 k\u00f6nnyeit. T\u00f6prengett. Mit \u00e9r ez az \u00e9let? Kivert kutyak\u00e9nt, \u00e9lelem, &hellip; <a href=\"https:\/\/opus-folyoirat.sk\/?page_id=3517\">Egy kattint\u00e1s ide a folytat\u00e1shoz&#8230;. <span class=\"meta-nav\">&rarr;<\/span><\/a><\/p>\n","protected":false},"author":4,"featured_media":0,"parent":0,"menu_order":0,"comment_status":"closed","ping_status":"closed","template":"","meta":{"footnotes":""},"class_list":["post-3517","page","type-page","status-publish","hentry"],"_links":{"self":[{"href":"https:\/\/opus-folyoirat.sk\/index.php?rest_route=\/wp\/v2\/pages\/3517","targetHints":{"allow":["GET"]}}],"collection":[{"href":"https:\/\/opus-folyoirat.sk\/index.php?rest_route=\/wp\/v2\/pages"}],"about":[{"href":"https:\/\/opus-folyoirat.sk\/index.php?rest_route=\/wp\/v2\/types\/page"}],"author":[{"embeddable":true,"href":"https:\/\/opus-folyoirat.sk\/index.php?rest_route=\/wp\/v2\/users\/4"}],"replies":[{"embeddable":true,"href":"https:\/\/opus-folyoirat.sk\/index.php?rest_route=%2Fwp%2Fv2%2Fcomments&post=3517"}],"version-history":[{"count":1,"href":"https:\/\/opus-folyoirat.sk\/index.php?rest_route=\/wp\/v2\/pages\/3517\/revisions"}],"predecessor-version":[{"id":3519,"href":"https:\/\/opus-folyoirat.sk\/index.php?rest_route=\/wp\/v2\/pages\/3517\/revisions\/3519"}],"wp:attachment":[{"href":"https:\/\/opus-folyoirat.sk\/index.php?rest_route=%2Fwp%2Fv2%2Fmedia&parent=3517"}],"curies":[{"name":"wp","href":"https:\/\/api.w.org\/{rel}","templated":true}]}}