{"id":3524,"date":"2025-01-21T10:24:00","date_gmt":"2025-01-21T08:24:00","guid":{"rendered":"https:\/\/opus-folyoirat.sk\/?page_id=3524"},"modified":"2026-01-12T02:25:43","modified_gmt":"2026-01-12T00:25:43","slug":"z-nemeth-istvan-versei","status":"publish","type":"page","link":"https:\/\/opus-folyoirat.sk\/?page_id=3524","title":{"rendered":"Z. N\u00e9meth Istv\u00e1n versei"},"content":{"rendered":"<div class=\"wp-block-post-date\"><time datetime=\"2025-01-21T10:24:00+02:00\">2025-01-21<\/time><\/div>\n\n\n<p><strong>Pontf\u00e9ny<\/strong><\/p>\n\n\n\n<div class=\"wp-block-group is-vertical is-layout-flex wp-container-core-group-is-layout-8cf370e7 wp-block-group-is-layout-flex\">\n<p>A r\u00e9t v\u00f6r\u00f6s f\u00fcv\u00e9t<\/p>\n\n\n\n<p>t\u0171tengerr\u00e9 hegyezt\u00e9k<\/p>\n\n\n\n<p>szorgalmas kezek.<\/p>\n<\/div>\n\n\n\n<p><\/p>\n\n\n\n<div class=\"wp-block-group is-vertical is-layout-flex wp-container-core-group-is-layout-8cf370e7 wp-block-group-is-layout-flex\">\n<p>Ujjad hegy\u00e9n l\u00e1ngok,<\/p>\n\n\n\n<p>\u00fcres zsebbel l\u00e9psz, a kavicsok<\/p>\n\n\n\n<p>zongorabillenty\u0171k.<\/p>\n<\/div>\n\n\n\n<p><\/p>\n\n\n\n<div class=\"wp-block-group is-vertical is-layout-flex wp-container-core-group-is-layout-8cf370e7 wp-block-group-is-layout-flex\">\n<p>Oltalmaz csillagkab\u00e1tod,<\/p>\n\n\n\n<p>\u00f3vatosan l\u00e9pkedsz, m\u00e9gis<\/p>\n\n\n\n<p>f\u00e1jni fog az \u00e1tkel\u00e9s.<\/p>\n<\/div>\n\n\n\n<p><\/p>\n\n\n\n<div class=\"wp-block-group is-vertical is-layout-flex wp-container-core-group-is-layout-8cf370e7 wp-block-group-is-layout-flex\">\n<p>P\u00e1r bar\u00e1t maradt csak<\/p>\n\n\n\n<p>talpon, p\u00e1ran \u00e9gbe sz\u00e1lltak,<\/p>\n\n\n\n<p>a t\u00f6bbi megbolondult.<\/p>\n<\/div>\n\n\n\n<p><br><\/p>\n\n\n\n<p><\/p>\n\n\n\n<p><strong>Egy ilyen<\/strong><\/p>\n\n\n\n<div class=\"wp-block-group is-vertical is-layout-flex wp-container-core-group-is-layout-8cf370e7 wp-block-group-is-layout-flex\">\n<p>h\u00f3ba \u00edrtad h\u00e1t igaz<\/p>\n\n\n\n<p>pont a v\u00e9g\u00e9n m\u00e1ris olvad<\/p>\n\n\n\n<p>nem olvassa senki sem<\/p>\n<\/div>\n\n\n\n<p><\/p>\n\n\n\n<div class=\"wp-block-group is-vertical is-layout-flex wp-container-core-group-is-layout-8cf370e7 wp-block-group-is-layout-flex\">\n<p>k\u0151be v\u00e9sted honlapod<\/p>\n\n\n\n<p>nem j\u00e1r nekik ennyi sem<\/p>\n\n\n\n<p>sz\u00e9tcsikorg\u00f3 mondatok<\/p>\n<\/div>\n\n\n\n<p><\/p>\n\n\n\n<div class=\"wp-block-group is-vertical is-layout-flex wp-container-core-group-is-layout-8cf370e7 wp-block-group-is-layout-flex\">\n<p>sz\u00e9lbe sz\u00f3rtad \u00edgy \u00f6r\u00f6k<\/p>\n\n\n\n<p>ha m\u00e1r gyeng\u00fcl visszafordul<\/p>\n\n\n\n<p>sz\u00e1llni k\u00e9pes j\u00e1rni nem<\/p>\n<\/div>\n\n\n\n<p><br><\/p>\n\n\n\n<p><strong>ha felj\u00f6nnek<\/strong><\/p>\n\n\n\n<div class=\"wp-block-group is-vertical is-layout-flex wp-container-core-group-is-layout-8cf370e7 wp-block-group-is-layout-flex\">\n<p>b\u00e1dog ablakp\u00e1rk\u00e1nyodra<\/p>\n\n\n\n<p>csipegetni j\u00e1rnak \u00e9jjel<\/p>\n\n\n\n<p>hints el\u00e9j\u00fck t\u00fczes morzs\u00e1t<\/p>\n\n\n\n<p>att\u00f3l mind megt\u00e1ltosodnak<\/p>\n<\/div>\n\n\n\n<p><\/p>\n\n\n\n<div class=\"wp-block-group is-vertical is-layout-flex wp-container-core-group-is-layout-8cf370e7 wp-block-group-is-layout-flex\">\n<p>megf\u00fcrdetik hajnal\u00e1lmod<\/p>\n\n\n\n<p>hajad dr\u00f3tsz\u00e1ltenger\u00e9ben<\/p>\n\n\n\n<p>sz\u00edvedig is elhaj\u00f3znak<\/p>\n\n\n\n<p>hogy a k\u00f6lcs\u00f6nk\u00e9rt id\u0151ben<\/p>\n<\/div>\n\n\n\n<p><\/p>\n\n\n\n<div class=\"wp-block-group is-vertical is-layout-flex wp-container-core-group-is-layout-8cf370e7 wp-block-group-is-layout-flex\">\n<p>legl\u00e9nyeged el ne vesszen<\/p>\n\n\n\n<p>amit \u00f6r\u00f6ktint\u00e1val meg\u00edrtak<\/p>\n\n\n\n<p>fekszel k\u00f6nyvk\u00e9nt b\u0151rk\u00f6t\u00e9sben<\/p>\n\n\n\n<p>ny\u00edlj ki benn\u00fck ha felj\u00f6nnek<\/p>\n<\/div>\n\n\n\n<p><\/p>\n\n\n\n<div class=\"wp-block-group is-vertical is-layout-flex wp-container-core-group-is-layout-8cf370e7 wp-block-group-is-layout-flex\">\n<p>s b\u00e1dog ablakp\u00e1rk\u00e1nyodra<\/p>\n\n\n\n<p>csipegetni j\u00e1rnak \u00e9jjel<\/p>\n\n\n\n<p>hints el\u00e9j\u00fck t\u00fczes morzs\u00e1t<\/p>\n\n\n\n<p>att\u00f3l mind megt\u00e1ltosodnak<br><\/p>\n\n\n\n<p class=\"has-text-align-right\">(Megjelent az Opus 2024\/4-es sz\u00e1m\u00e1ban)<\/p>\n<\/div>\n","protected":false},"excerpt":{"rendered":"<p>Pontf\u00e9ny A r\u00e9t v\u00f6r\u00f6s f\u00fcv\u00e9t t\u0171tengerr\u00e9 hegyezt\u00e9k szorgalmas kezek. Ujjad hegy\u00e9n l\u00e1ngok, \u00fcres zsebbel l\u00e9psz, a kavicsok zongorabillenty\u0171k. Oltalmaz csillagkab\u00e1tod, \u00f3vatosan l\u00e9pkedsz, m\u00e9gis f\u00e1jni fog az \u00e1tkel\u00e9s. P\u00e1r bar\u00e1t maradt csak talpon, p\u00e1ran \u00e9gbe sz\u00e1lltak, a t\u00f6bbi megbolondult. Egy ilyen &hellip; <a href=\"https:\/\/opus-folyoirat.sk\/?page_id=3524\">Egy kattint\u00e1s ide a folytat\u00e1shoz&#8230;. <span class=\"meta-nav\">&rarr;<\/span><\/a><\/p>\n","protected":false},"author":4,"featured_media":0,"parent":0,"menu_order":0,"comment_status":"closed","ping_status":"closed","template":"","meta":{"footnotes":""},"class_list":["post-3524","page","type-page","status-publish","hentry"],"_links":{"self":[{"href":"https:\/\/opus-folyoirat.sk\/index.php?rest_route=\/wp\/v2\/pages\/3524","targetHints":{"allow":["GET"]}}],"collection":[{"href":"https:\/\/opus-folyoirat.sk\/index.php?rest_route=\/wp\/v2\/pages"}],"about":[{"href":"https:\/\/opus-folyoirat.sk\/index.php?rest_route=\/wp\/v2\/types\/page"}],"author":[{"embeddable":true,"href":"https:\/\/opus-folyoirat.sk\/index.php?rest_route=\/wp\/v2\/users\/4"}],"replies":[{"embeddable":true,"href":"https:\/\/opus-folyoirat.sk\/index.php?rest_route=%2Fwp%2Fv2%2Fcomments&post=3524"}],"version-history":[{"count":2,"href":"https:\/\/opus-folyoirat.sk\/index.php?rest_route=\/wp\/v2\/pages\/3524\/revisions"}],"predecessor-version":[{"id":3526,"href":"https:\/\/opus-folyoirat.sk\/index.php?rest_route=\/wp\/v2\/pages\/3524\/revisions\/3526"}],"wp:attachment":[{"href":"https:\/\/opus-folyoirat.sk\/index.php?rest_route=%2Fwp%2Fv2%2Fmedia&parent=3524"}],"curies":[{"name":"wp","href":"https:\/\/api.w.org\/{rel}","templated":true}]}}

Z. Németh István versei

<div class="wp-block-post-date"><time datetime="2025-01-21T10:24:00+02:00">2025-01-21</time></div>


<p><strong>Pontfény</strong></p>



<div class="wp-block-group is-vertical is-layout-flex wp-container-core-group-is-layout-8cf370e7 wp-block-group-is-layout-flex">
<p>A rét vörös füvét</p>



<p>tűtengerré hegyezték</p>



<p>szorgalmas kezek.</p>
</div>



<p></p>



<div class="wp-block-group is-vertical is-layout-flex wp-container-core-group-is-layout-8cf370e7 wp-block-group-is-layout-flex">
<p>Ujjad hegyén lángok,</p>



<p>üres zsebbel lépsz, a kavicsok</p>



<p>zongorabillentyűk.</p>
</div>



<p></p>



<div class="wp-block-group is-vertical is-layout-flex wp-container-core-group-is-layout-8cf370e7 wp-block-group-is-layout-flex">
<p>Oltalmaz csillagkabátod,</p>



<p>óvatosan lépkedsz, mégis</p>



<p>fájni fog az átkelés.</p>
</div>



<p></p>



<div class="wp-block-group is-vertical is-layout-flex wp-container-core-group-is-layout-8cf370e7 wp-block-group-is-layout-flex">
<p>Pár barát maradt csak</p>



<p>talpon, páran égbe szálltak,</p>



<p>a többi megbolondult.</p>
</div>



<p><br></p>



<p></p>



<p><strong>Egy ilyen</strong></p>



<div class="wp-block-group is-vertical is-layout-flex wp-container-core-group-is-layout-8cf370e7 wp-block-group-is-layout-flex">
<p>hóba írtad hát igaz</p>



<p>pont a végén máris olvad</p>



<p>nem olvassa senki sem</p>
</div>



<p></p>



<div class="wp-block-group is-vertical is-layout-flex wp-container-core-group-is-layout-8cf370e7 wp-block-group-is-layout-flex">
<p>kőbe vésted honlapod</p>



<p>nem jár nekik ennyi sem</p>



<p>szétcsikorgó mondatok</p>
</div>



<p></p>



<div class="wp-block-group is-vertical is-layout-flex wp-container-core-group-is-layout-8cf370e7 wp-block-group-is-layout-flex">
<p>szélbe szórtad így örök</p>



<p>ha már gyengül visszafordul</p>



<p>szállni képes járni nem</p>
</div>



<p><br></p>



<p><strong>ha feljönnek</strong></p>



<div class="wp-block-group is-vertical is-layout-flex wp-container-core-group-is-layout-8cf370e7 wp-block-group-is-layout-flex">
<p>bádog ablakpárkányodra</p>



<p>csipegetni járnak éjjel</p>



<p>hints eléjük tüzes morzsát</p>



<p>attól mind megtáltosodnak</p>
</div>



<p></p>



<div class="wp-block-group is-vertical is-layout-flex wp-container-core-group-is-layout-8cf370e7 wp-block-group-is-layout-flex">
<p>megfürdetik hajnalálmod</p>



<p>hajad drótszáltengerében</p>



<p>szívedig is elhajóznak</p>



<p>hogy a kölcsönkért időben</p>
</div>



<p></p>



<div class="wp-block-group is-vertical is-layout-flex wp-container-core-group-is-layout-8cf370e7 wp-block-group-is-layout-flex">
<p>leglényeged el ne vesszen</p>



<p>amit öröktintával megírtak</p>



<p>fekszel könyvként bőrkötésben</p>



<p>nyílj ki bennük ha feljönnek</p>
</div>



<p></p>



<div class="wp-block-group is-vertical is-layout-flex wp-container-core-group-is-layout-8cf370e7 wp-block-group-is-layout-flex">
<p>s bádog ablakpárkányodra</p>



<p>csipegetni járnak éjjel</p>



<p>hints eléjük tüzes morzsát</p>



<p>attól mind megtáltosodnak<br></p>



<p class="has-text-align-right">(Megjelent az Opus 2024/4-es számában)</p>
</div>

<p>Pontfény A rét vörös füvét tűtengerré hegyezték szorgalmas kezek. Ujjad hegyén lángok, üres zsebbel lépsz, a kavicsok zongorabillentyűk. Oltalmaz csillagkabátod, óvatosan lépkedsz, mégis fájni fog az átkelés. Pár barát maradt csak talpon, páran égbe szálltak, a többi megbolondult. Egy ilyen &hellip; <a href="https://opus-folyoirat.sk/?page_id=3524">Egy kattintás ide a folytatáshoz&#8230;. <span class="meta-nav">&rarr;</span></a></p>
