{"id":3538,"date":"2025-02-25T12:46:00","date_gmt":"2025-02-25T10:46:00","guid":{"rendered":"https:\/\/opus-folyoirat.sk\/?page_id=3538"},"modified":"2026-01-12T02:48:59","modified_gmt":"2026-01-12T00:48:59","slug":"pavol-janik-versei","status":"publish","type":"page","link":"https:\/\/opus-folyoirat.sk\/?page_id=3538","title":{"rendered":"Pavol Jan\u00edk versei"},"content":{"rendered":"\n<div class=\"wp-block-group is-vertical is-layout-flex wp-container-core-group-is-layout-8cf370e7 wp-block-group-is-layout-flex\">\n<p><strong>New York<\/strong><\/p>\n\n\n\n<p><em>(New York)<\/em><\/p>\n<\/div>\n\n\n<div class=\"has-text-align-right wp-block-post-date\"><time datetime=\"2025-02-25T12:46:00+02:00\">2025-02-25<\/time><\/div>\n\n\n<div class=\"wp-block-group is-vertical is-layout-flex wp-container-core-group-is-layout-8cf370e7 wp-block-group-is-layout-flex\">\n<p><br>Az \u00f6b\u00f6l v\u00edzszintes t\u00fckr\u00e9ben<\/p>\n\n\n\n<p>a v\u00e1ros szarvai l\u00e1tszanak<\/p>\n\n\n\n<p>a csillagos eget szurk\u00e1lj\u00e1k egyre.&nbsp;<\/p>\n<\/div>\n\n\n\n<p><\/p>\n\n\n\n<div class=\"wp-block-group is-vertical is-layout-flex wp-container-core-group-is-layout-8cf370e7 wp-block-group-is-layout-flex\">\n<p>F\u00e9nyek garmad\u00e1ja villog<\/p>\n\n\n\n<p>\u00e9s fennakadnak a z\u00e1tonyon<\/p>\n\n\n\n<p>a flitter-cs\u00f3nakok<\/p>\n\n\n\n<p>ideges l\u00e1baid el\u00e9 sodr\u00f3dnak<\/p>\n\n\n\n<p>ide a fed\u00e9lk\u00f6z fel\u00e9 \u00fasznak<\/p>\n\n\n\n<p>csillog\u00f3 brok\u00e1t est\u00e9lyi \u00f6lt\u00f6zetben.<\/p>\n<\/div>\n\n\n\n<p><\/p>\n\n\n\n<div class=\"wp-block-group is-vertical is-layout-flex wp-container-core-group-is-layout-8cf370e7 wp-block-group-is-layout-flex\">\n<p>\u00e9s l\u00e1thatod bizony elveszt\u00fcnk<\/p>\n\n\n\n<p>t\u0171k\u00e9nt bujdosunk sztaniol csomagol\u00e1sunk<\/p>\n\n\n\n<p>labirintus\u00e1ban<\/p>\n<\/div>\n\n\n\n<p><\/p>\n\n\n\n<div class=\"wp-block-group is-vertical is-layout-flex wp-container-core-group-is-layout-8cf370e7 wp-block-group-is-layout-flex\">\n<p>Vegy\u00fck h\u00e1t a t\u00e9nyeket&nbsp;<\/p>\n\n\n\n<p>most ak\u00e1r saj\u00e1t magunkra szabva &#8211; &nbsp;<\/p>\n\n\n\n<p>mint a hihetetlen hossz\u00fa limuzinokat<\/p>\n\n\n\n<p>a Central park virgonc m\u00f3kusait<\/p>\n\n\n\n<p>\u00e9s a szabads\u00e1g tetem\u00e9nek vasszobr\u00e1t<\/p>\n<\/div>\n\n\n\n<p><br><br>New Yorkban am\u00fagy is esteledik<\/p>\n\n\n\n<p><\/p>\n\n\n\n<div class=\"wp-block-group is-vertical is-layout-flex wp-container-core-group-is-layout-8cf370e7 wp-block-group-is-layout-flex\">\n<p>A nagyv\u00e1ros mint ezerkar\u00fa kandel\u00e1ber<\/p>\n\n\n\n<p>Einstein t\u00e9tel\u00e9t a f\u00e9ny sebess\u00e9g\u00e9r\u0151l<\/p>\n\n\n\n<p>est\u00e9nk\u00e9nt felr\u00f3ja a v\u00edzt\u00fck\u00f6rre<\/p>\n<\/div>\n\n\n\n<p><\/p>\n\n\n\n<div class=\"wp-block-group is-vertical is-layout-flex wp-container-core-group-is-layout-8cf370e7 wp-block-group-is-layout-flex\">\n<p>M\u00e9g ez\u00fcst\u00f6sen villan egyet<\/p>\n\n\n\n<p>az \u00e9g v\u00e1szn\u00e1n<\/p>\n\n\n\n<p>a hollywodi v\u00e9r\u00f6z\u00f6n<\/p>\n<\/div>\n\n\n\n<p><\/p>\n\n\n\n<p>Meddig \u00e9r el a m\u00e1rv\u00e1ny \u00e9s \u00fcveg birodalma?<br>Merre c\u00e9loznak a karcs\u00fa felh\u0151karcol\u00f3k rak\u00e9t\u00e1i?<\/p>\n\n\n\n<p><\/p>\n\n\n\n<div class=\"wp-block-group is-vertical is-layout-flex wp-container-core-group-is-layout-8cf370e7 wp-block-group-is-layout-flex\">\n<p>Az Isten hot-dogot v\u00e1s\u00e1rol&nbsp;<\/p>\n\n\n\n<p>a hatvan emeletes utca alagsor\u00e1ban<\/p>\n\n\n\n<p>Az isten itt n\u00e9ger<\/p>\n\n\n\n<p>aki beleszeretett a beton sz\u00fcrke unalm\u00e1ba<\/p>\n<\/div>\n\n\n\n<div class=\"wp-block-group is-vertical is-layout-flex wp-container-core-group-is-layout-8cf370e7 wp-block-group-is-layout-flex\">\n<p>\u00c9s a leg\u00fajabb rabszolga nemzed\u00e9k<\/p>\n\n\n\n<p>\u00f6nmag\u00e1b\u00f3l fi\u00fagyermeket hoz a vil\u00e1gra<\/p>\n\n\n\n<p>aki most egy papundekli dobozban fekszik<\/p>\n<\/div>\n\n\n\n<p><br><\/p>\n\n\n\n<div class=\"wp-block-group is-vertical is-layout-flex wp-container-core-group-is-layout-8cf370e7 wp-block-group-is-layout-flex\">\n<p><strong>\u00d6r\u00f6m\u00f3da<\/strong><\/p>\n\n\n\n<p><em>(\u00d3da na rados\u0165)<\/em><\/p>\n<\/div>\n\n\n\n<p>Hov\u00e1 t\u0171ntek a r\u00e9gi versek?<br>Mire is voltak?<br>Kiknek sz\u00e1m\u00edtottak?<\/p>\n\n\n\n<div class=\"wp-block-group is-vertical is-layout-flex wp-container-core-group-is-layout-8cf370e7 wp-block-group-is-layout-flex\">\n<p>Valahol m\u00e9g benn\u00fcnk<br>lappang&nbsp;<\/p>\n\n\n\n<p>az id\u0151z\u00edtett n\u00fcrnbergi bomba,<br>a frankfurti porn\u00f3-mozi,<br>a coca-cola \u00e9s szemben a Moulin Rouge<br>Lenin k\u00e9pe egy Marseille-i kirakatban&nbsp;<\/p>\n\n\n\n<p>C\u00f4te d\u2019 Azur kifakult k\u00e9peslapja&nbsp;<\/p>\n\n\n\n<p>Pisa ferde tornya<\/p>\n\n\n\n<p>a firenzei \u00e9j<\/p>\n\n\n\n<p>a bolognai buzik<\/p>\n\n\n\n<p>a Szent M\u00e1rk t\u00e9r hajnali galambjai<\/p>\n\n\n\n<p>az agyonfestett arc\u00fa v\u00e1mos n\u0151<\/p>\n\n\n\n<p>B\u00e9cs \u00e9s D\u00e9v\u00e9ny-\u00fajfalu k\u00f6z\u00f6tt a vonaton<\/p>\n<\/div>\n\n\n\n<p><\/p>\n\n\n\n<div class=\"wp-block-group is-vertical is-layout-flex wp-container-core-group-is-layout-8cf370e7 wp-block-group-is-layout-flex\">\n<p>Hol vannak m\u00e9g r\u00e9gi versek?<\/p>\n\n\n\n<p>hiszen m\u00e1r senki sem \u00edr ilyeneket<\/p>\n\n\n\n<p>amik val\u00f3ban senkit sem is szolg\u00e1ltak<\/p>\n\n\n\n<p>Eur\u00f3p\u00e1ban m\u00e1r kikapcsolt\u00e1k az \u00e1ramot<\/p>\n\n\n\n<p>s\u00f6t\u00e9ts\u00e9g t\u00e1madt mint egykor az id\u0151k elej\u00e9n<\/p>\n\n\n\n<p>gondolatban szob\u00e1nk mennyezet\u00e9n gyalogolunk<\/p>\n\n\n\n<p>m\u00edg a gyermekeink \u00e1lmukban kinevetnek<\/p>\n\n\n\n<p>de az \u00e9let kapuj\u00e1ban sosem t\u00e9r\u00edtik meg a bel\u00e9pti d\u00edjat<\/p>\n\n\n\n<p>ami sohasem \u00e9rt sokat, de valamennyit tal\u00e1n<\/p>\n\n\n\n<p>\u00c9s sosem fizet\u0151dik ki a hal\u00e1l<\/p>\n<\/div>\n\n\n\n<p class=\"has-text-align-right\"><em>Ford\u00edtotta G\u00e1gyor P\u00e9ter<\/em><\/p>\n","protected":false},"excerpt":{"rendered":"<p>New York (New York) Az \u00f6b\u00f6l v\u00edzszintes t\u00fckr\u00e9ben a v\u00e1ros szarvai l\u00e1tszanak a csillagos eget szurk\u00e1lj\u00e1k egyre.&nbsp; F\u00e9nyek garmad\u00e1ja villog \u00e9s fennakadnak a z\u00e1tonyon a flitter-cs\u00f3nakok ideges l\u00e1baid el\u00e9 sodr\u00f3dnak ide a fed\u00e9lk\u00f6z fel\u00e9 \u00fasznak csillog\u00f3 brok\u00e1t est\u00e9lyi \u00f6lt\u00f6zetben. \u00e9s &hellip; <a href=\"https:\/\/opus-folyoirat.sk\/?page_id=3538\">Egy kattint\u00e1s ide a folytat\u00e1shoz&#8230;. <span class=\"meta-nav\">&rarr;<\/span><\/a><\/p>\n","protected":false},"author":4,"featured_media":0,"parent":0,"menu_order":0,"comment_status":"closed","ping_status":"closed","template":"","meta":{"footnotes":""},"class_list":["post-3538","page","type-page","status-publish","hentry"],"_links":{"self":[{"href":"https:\/\/opus-folyoirat.sk\/index.php?rest_route=\/wp\/v2\/pages\/3538","targetHints":{"allow":["GET"]}}],"collection":[{"href":"https:\/\/opus-folyoirat.sk\/index.php?rest_route=\/wp\/v2\/pages"}],"about":[{"href":"https:\/\/opus-folyoirat.sk\/index.php?rest_route=\/wp\/v2\/types\/page"}],"author":[{"embeddable":true,"href":"https:\/\/opus-folyoirat.sk\/index.php?rest_route=\/wp\/v2\/users\/4"}],"replies":[{"embeddable":true,"href":"https:\/\/opus-folyoirat.sk\/index.php?rest_route=%2Fwp%2Fv2%2Fcomments&post=3538"}],"version-history":[{"count":2,"href":"https:\/\/opus-folyoirat.sk\/index.php?rest_route=\/wp\/v2\/pages\/3538\/revisions"}],"predecessor-version":[{"id":3540,"href":"https:\/\/opus-folyoirat.sk\/index.php?rest_route=\/wp\/v2\/pages\/3538\/revisions\/3540"}],"wp:attachment":[{"href":"https:\/\/opus-folyoirat.sk\/index.php?rest_route=%2Fwp%2Fv2%2Fmedia&parent=3538"}],"curies":[{"name":"wp","href":"https:\/\/api.w.org\/{rel}","templated":true}]}}

Pavol Janík versei

<div class="wp-block-group is-vertical is-layout-flex wp-container-core-group-is-layout-8cf370e7 wp-block-group-is-layout-flex">
<p><strong>New York</strong></p>



<p><em>(New York)</em></p>
</div>


<div class="has-text-align-right wp-block-post-date"><time datetime="2025-02-25T12:46:00+02:00">2025-02-25</time></div>


<div class="wp-block-group is-vertical is-layout-flex wp-container-core-group-is-layout-8cf370e7 wp-block-group-is-layout-flex">
<p><br>Az öböl vízszintes tükrében</p>



<p>a város szarvai látszanak</p>



<p>a csillagos eget szurkálják egyre.&nbsp;</p>
</div>



<p></p>



<div class="wp-block-group is-vertical is-layout-flex wp-container-core-group-is-layout-8cf370e7 wp-block-group-is-layout-flex">
<p>Fények garmadája villog</p>



<p>és fennakadnak a zátonyon</p>



<p>a flitter-csónakok</p>



<p>ideges lábaid elé sodródnak</p>



<p>ide a fedélköz felé úsznak</p>



<p>csillogó brokát estélyi öltözetben.</p>
</div>



<p></p>



<div class="wp-block-group is-vertical is-layout-flex wp-container-core-group-is-layout-8cf370e7 wp-block-group-is-layout-flex">
<p>és láthatod bizony elvesztünk</p>



<p>tűként bujdosunk sztaniol csomagolásunk</p>



<p>labirintusában</p>
</div>



<p></p>



<div class="wp-block-group is-vertical is-layout-flex wp-container-core-group-is-layout-8cf370e7 wp-block-group-is-layout-flex">
<p>Vegyük hát a tényeket&nbsp;</p>



<p>most akár saját magunkra szabva &#8211; &nbsp;</p>



<p>mint a hihetetlen hosszú limuzinokat</p>



<p>a Central park virgonc mókusait</p>



<p>és a szabadság tetemének vasszobrát</p>
</div>



<p><br><br>New Yorkban amúgy is esteledik</p>



<p></p>



<div class="wp-block-group is-vertical is-layout-flex wp-container-core-group-is-layout-8cf370e7 wp-block-group-is-layout-flex">
<p>A nagyváros mint ezerkarú kandeláber</p>



<p>Einstein tételét a fény sebességéről</p>



<p>esténként felrója a víztükörre</p>
</div>



<p></p>



<div class="wp-block-group is-vertical is-layout-flex wp-container-core-group-is-layout-8cf370e7 wp-block-group-is-layout-flex">
<p>Még ezüstösen villan egyet</p>



<p>az ég vásznán</p>



<p>a hollywodi vérözön</p>
</div>



<p></p>



<p>Meddig ér el a márvány és üveg birodalma?<br>Merre céloznak a karcsú felhőkarcolók rakétái?</p>



<p></p>



<div class="wp-block-group is-vertical is-layout-flex wp-container-core-group-is-layout-8cf370e7 wp-block-group-is-layout-flex">
<p>Az Isten hot-dogot vásárol&nbsp;</p>



<p>a hatvan emeletes utca alagsorában</p>



<p>Az isten itt néger</p>



<p>aki beleszeretett a beton szürke unalmába</p>
</div>



<div class="wp-block-group is-vertical is-layout-flex wp-container-core-group-is-layout-8cf370e7 wp-block-group-is-layout-flex">
<p>És a legújabb rabszolga nemzedék</p>



<p>önmagából fiúgyermeket hoz a világra</p>



<p>aki most egy papundekli dobozban fekszik</p>
</div>



<p><br></p>



<div class="wp-block-group is-vertical is-layout-flex wp-container-core-group-is-layout-8cf370e7 wp-block-group-is-layout-flex">
<p><strong>Örömóda</strong></p>



<p><em>(Óda na radosť)</em></p>
</div>



<p>Hová tűntek a régi versek?<br>Mire is voltak?<br>Kiknek számítottak?</p>



<div class="wp-block-group is-vertical is-layout-flex wp-container-core-group-is-layout-8cf370e7 wp-block-group-is-layout-flex">
<p>Valahol még bennünk<br>lappang&nbsp;</p>



<p>az időzített nürnbergi bomba,<br>a frankfurti pornó-mozi,<br>a coca-cola és szemben a Moulin Rouge<br>Lenin képe egy Marseille-i kirakatban&nbsp;</p>



<p>Côte d’ Azur kifakult képeslapja&nbsp;</p>



<p>Pisa ferde tornya</p>



<p>a firenzei éj</p>



<p>a bolognai buzik</p>



<p>a Szent Márk tér hajnali galambjai</p>



<p>az agyonfestett arcú vámos nő</p>



<p>Bécs és Dévény-újfalu között a vonaton</p>
</div>



<p></p>



<div class="wp-block-group is-vertical is-layout-flex wp-container-core-group-is-layout-8cf370e7 wp-block-group-is-layout-flex">
<p>Hol vannak még régi versek?</p>



<p>hiszen már senki sem ír ilyeneket</p>



<p>amik valóban senkit sem is szolgáltak</p>



<p>Európában már kikapcsolták az áramot</p>



<p>sötétség támadt mint egykor az idők elején</p>



<p>gondolatban szobánk mennyezetén gyalogolunk</p>



<p>míg a gyermekeink álmukban kinevetnek</p>



<p>de az élet kapujában sosem térítik meg a belépti díjat</p>



<p>ami sohasem ért sokat, de valamennyit talán</p>



<p>És sosem fizetődik ki a halál</p>
</div>



<p class="has-text-align-right"><em>Fordította Gágyor Péter</em></p>

<p>New York (New York) Az öböl vízszintes tükrében a város szarvai látszanak a csillagos eget szurkálják egyre.&nbsp; Fények garmadája villog és fennakadnak a zátonyon a flitter-csónakok ideges lábaid elé sodródnak ide a fedélköz felé úsznak csillogó brokát estélyi öltözetben. és &hellip; <a href="https://opus-folyoirat.sk/?page_id=3538">Egy kattintás ide a folytatáshoz&#8230;. <span class="meta-nav">&rarr;</span></a></p>
