{"id":3543,"date":"2023-03-17T10:52:00","date_gmt":"2023-03-17T08:52:00","guid":{"rendered":"https:\/\/opus-folyoirat.sk\/?page_id=3543"},"modified":"2026-01-12T02:55:22","modified_gmt":"2026-01-12T00:55:22","slug":"pavol-janik","status":"publish","type":"page","link":"https:\/\/opus-folyoirat.sk\/?page_id=3543","title":{"rendered":"Pavol Jan\u00edk"},"content":{"rendered":"\n<div class=\"wp-block-group is-vertical is-layout-flex wp-container-core-group-is-layout-8cf370e7 wp-block-group-is-layout-flex\">\n<p><strong>H\u00edr hazulr\u00f3l<\/strong><\/p>\n\n\n\n<p><em>(Z domova)<\/em><\/p>\n<\/div>\n\n\n<div class=\"has-text-align-right wp-block-post-date\"><time datetime=\"2023-03-17T10:52:00+02:00\">2023-03-17<\/time><\/div>\n\n\n<div class=\"wp-block-group is-vertical is-layout-flex wp-container-core-group-is-layout-8cf370e7 wp-block-group-is-layout-flex\">\n<p>J\u00f6n a tavasz<\/p>\n\n\n\n<p>a sz\u00e1raz medenc\u00e9kben<\/p>\n\n\n\n<p>k\u00f6nny\u0171 es\u0151k hever\u00e9sznek<\/p>\n<\/div>\n\n\n\n<p><\/p>\n\n\n\n<p>P\u00e1r ember m\u00e9g<br>mag\u00e1n felejtett t\u00e9likab\u00e1tban \u00e1csorog.<\/p>\n\n\n\n<p><br><\/p>\n\n\n\n<div class=\"wp-block-group is-vertical is-layout-flex wp-container-core-group-is-layout-8cf370e7 wp-block-group-is-layout-flex\">\n<p><strong>Alkalmi sorok<\/strong><\/p>\n\n\n\n<p><em>(Pr\u00edle\u017eitostn\u00e1)<\/em><\/p>\n<\/div>\n\n\n\n<div class=\"wp-block-group is-vertical is-layout-flex wp-container-core-group-is-layout-8cf370e7 wp-block-group-is-layout-flex\">\n<p>kedvelem az alkalmi verseket<\/p>\n\n\n\n<p>elt\u00fcnedez\u0151 illatuk van<\/p>\n\n\n\n<p>elvak\u00edt\u00f3 sz\u00ednek bolyonganak a sz\u00e9lj\u00e1r\u00e1sban<\/p>\n\n\n\n<p>kedvelem szavaik \u0151szintes\u00e9g\u00e9t<br>val\u00f3di s\u00f3hajaikat<br>v\u00e1ratlan felki\u00e1lt\u00e1sok \u00f6z\u00f6n\u00e9t<br>Valamennyi v\u00edzes\u00e9s az \u00e9jszak\u00e1kban<br>\u00e9s toronyzene<br>Legink\u00e1bb azt kedvelem benn\u00fck<\/p>\n\n\n\n<p>amikor e hom\u00e1lyos jelens\u00e9g a mi t\u00e1j\u00e9kunkon j\u00e1r<\/p>\n\n\n\n<p>b\u00e1mulom b\u00e9rlak\u00e1sunk vil\u00e1g\u00e1t<\/p>\n\n\n\n<p>\u00e9s l\u00e1bujjhegyen<br>a h\u00e1l\u00f3szob\u00e1ba settenkedem<\/p>\n\n\n\n<p>csak hogy mell\u00e9d heverhessek<\/p>\n\n\n\n<p>mert szeretem az alkalmi verseket<\/p>\n\n\n\n<p>a siet\u0151s szavak f\u00fcz\u00e9r\u00e9t<\/p>\n\n\n\n<p>a v\u00e1ratlan hangok csend\u00fcl\u00e9s\u00e9t<\/p>\n\n\n\n<p>a hirtelen felki\u00e1lt\u00e1sokat.<\/p>\n<\/div>\n\n\n\n<p><br><\/p>\n\n\n\n<div class=\"wp-block-group is-vertical is-layout-flex wp-container-core-group-is-layout-8cf370e7 wp-block-group-is-layout-flex\">\n<p><strong>A <\/strong><strong>f\u00f6ld asszonyi vonzereje<\/strong><\/p>\n\n\n\n<p><em>(<\/em><em>\u017densk\u00e1 zemsk\u00e1 pr\u00ed\u0165a\u017elivos\u0165<\/em><em>)<\/em><\/p>\n<\/div>\n\n\n\n<div class=\"wp-block-group is-vertical is-layout-flex wp-container-core-group-is-layout-8cf370e7 wp-block-group-is-layout-flex\">\n<p>Az asszony mikor a l\u00e1ba a f\u00f6ldre l\u00e9pett<\/p>\n\n\n\n<p>r\u00f6gt\u00f6n vonz\u00e1st teremtett<\/p>\n\n\n\n<p>ilyen a j\u00f3l \u00e1tgondolt<\/p>\n\n\n\n<p>asszonyi diplom\u00e1cia<\/p>\n\n\n\n<p>ilyen a f\u00f6ldi l\u00e9t<\/p>\n\n\n\n<p>ami az asszonyra fektette a f\u00e9rfit<\/p>\n\n\n\n<p>hogy megteremtse a f\u00f6ldi paradicsomot<\/p>\n\n\n\n<p>mert vonz a gravit\u00e1ci\u00f3<\/p>\n\n\n\n<p>ak\u00e1r a par\u00e1zsb\u00f3l a s\u00fclt gesztenye illata<\/p>\n\n\n\n<p>de oda szor\u00edt a vonzer\u0151 is<\/p>\n\n\n\n<p>a der\u00e9k\u00f6v\u00fcnk \u00e9ke<br>Az abrosz gyan\u00e1nt<\/p>\n\n\n\n<p>kiter\u00edtett vonz\u00e1s<\/p>\n\n\n\n<p>a magas fesz\u00fclts\u00e9g<\/p>\n\n\n\n<p>mely kifesz\u00edt<\/p>\n\n\n\n<p>\u00e9s \u00e1ramk\u00f6reink egy\u00fctt \u00e1ramlanak<\/p>\n\n\n\n<p>ez pog\u00e1ny hitvall\u00e1sunk<\/p>\n\n\n\n<p>katekizmusa<\/p>\n\n\n\n<p>m\u00edg a f\u00e9rfi az asszony domborzat\u00e1t<\/p>\n\n\n\n<p>s\u00edkk\u00e1 simogatja<br>aki megn\u0151s\u00fcl<br>az hajnalcsillagg\u00e1 sz\u00e9p\u00fcl<\/p>\n\n\n\n<p>de az asszony kez\u00e9ben maradnak a lapok<\/p>\n\n\n\n<p>mindig az asszony d\u00f6nt<\/p>\n\n\n\n<p>ez\u00e9rt a neh\u00e9z vizsga pillanatokon<\/p>\n\n\n\n<p>sem nyugszik meg az \u00f6r\u00f6kk\u00e9 nyugtalan<\/p>\n\n\n\n<p>asszonyi vonzalom.<\/p>\n<\/div>\n\n\n\n<p><br><\/p>\n\n\n\n<div class=\"wp-block-group is-vertical is-layout-flex wp-container-core-group-is-layout-8cf370e7 wp-block-group-is-layout-flex\">\n<p><strong>Minden el\u0151zetes h\u00edj\u00e1n&nbsp;<\/strong><\/p>\n\n\n\n<p><em>(Bez pr\u00edpravy)<\/em><\/p>\n<\/div>\n\n\n\n<div class=\"wp-block-group is-vertical is-layout-flex wp-container-core-group-is-layout-8cf370e7 wp-block-group-is-layout-flex\">\n<p>Vers csak egy pet\u00e1k\u00e9rt<\/p>\n\n\n\n<p>legyen az val\u00f3di vert fabatka<\/p>\n\n\n\n<p>vagyis egy pet\u00e1k<\/p>\n\n\n\n<p>alatta szerelmetes \u00fczenetek halmaza<\/p>\n\n\n\n<p>\u00e9s erdei falevelek&nbsp;<\/p>\n\n\n\n<p>m\u00e1r az els\u0151 asszony&nbsp;<\/p>\n\n\n\n<p>szerelmes levele is ott volt<\/p>\n\n\n\n<p>azon az \u00e1gon<\/p>\n<\/div>\n\n\n\n<p><\/p>\n\n\n\n<p class=\"has-text-align-right\"><em>G\u00e1gyor P\u00e9ter ford\u00edt\u00e1sai<\/em><\/p>\n","protected":false},"excerpt":{"rendered":"<p>H\u00edr hazulr\u00f3l (Z domova) J\u00f6n a tavasz a sz\u00e1raz medenc\u00e9kben k\u00f6nny\u0171 es\u0151k hever\u00e9sznek P\u00e1r ember m\u00e9gmag\u00e1n felejtett t\u00e9likab\u00e1tban \u00e1csorog. Alkalmi sorok (Pr\u00edle\u017eitostn\u00e1) kedvelem az alkalmi verseket elt\u00fcnedez\u0151 illatuk van elvak\u00edt\u00f3 sz\u00ednek bolyonganak a sz\u00e9lj\u00e1r\u00e1sban kedvelem szavaik \u0151szintes\u00e9g\u00e9tval\u00f3di s\u00f3hajaikatv\u00e1ratlan felki\u00e1lt\u00e1sok \u00f6z\u00f6n\u00e9tValamennyi &hellip; <a href=\"https:\/\/opus-folyoirat.sk\/?page_id=3543\">Egy kattint\u00e1s ide a folytat\u00e1shoz&#8230;. <span class=\"meta-nav\">&rarr;<\/span><\/a><\/p>\n","protected":false},"author":4,"featured_media":0,"parent":0,"menu_order":0,"comment_status":"closed","ping_status":"closed","template":"","meta":{"footnotes":""},"class_list":["post-3543","page","type-page","status-publish","hentry"],"_links":{"self":[{"href":"https:\/\/opus-folyoirat.sk\/index.php?rest_route=\/wp\/v2\/pages\/3543","targetHints":{"allow":["GET"]}}],"collection":[{"href":"https:\/\/opus-folyoirat.sk\/index.php?rest_route=\/wp\/v2\/pages"}],"about":[{"href":"https:\/\/opus-folyoirat.sk\/index.php?rest_route=\/wp\/v2\/types\/page"}],"author":[{"embeddable":true,"href":"https:\/\/opus-folyoirat.sk\/index.php?rest_route=\/wp\/v2\/users\/4"}],"replies":[{"embeddable":true,"href":"https:\/\/opus-folyoirat.sk\/index.php?rest_route=%2Fwp%2Fv2%2Fcomments&post=3543"}],"version-history":[{"count":1,"href":"https:\/\/opus-folyoirat.sk\/index.php?rest_route=\/wp\/v2\/pages\/3543\/revisions"}],"predecessor-version":[{"id":3544,"href":"https:\/\/opus-folyoirat.sk\/index.php?rest_route=\/wp\/v2\/pages\/3543\/revisions\/3544"}],"wp:attachment":[{"href":"https:\/\/opus-folyoirat.sk\/index.php?rest_route=%2Fwp%2Fv2%2Fmedia&parent=3543"}],"curies":[{"name":"wp","href":"https:\/\/api.w.org\/{rel}","templated":true}]}}

Pavol Janík

<div class="wp-block-group is-vertical is-layout-flex wp-container-core-group-is-layout-8cf370e7 wp-block-group-is-layout-flex">
<p><strong>Hír hazulról</strong></p>



<p><em>(Z domova)</em></p>
</div>


<div class="has-text-align-right wp-block-post-date"><time datetime="2023-03-17T10:52:00+02:00">2023-03-17</time></div>


<div class="wp-block-group is-vertical is-layout-flex wp-container-core-group-is-layout-8cf370e7 wp-block-group-is-layout-flex">
<p>Jön a tavasz</p>



<p>a száraz medencékben</p>



<p>könnyű esők heverésznek</p>
</div>



<p></p>



<p>Pár ember még<br>magán felejtett télikabátban ácsorog.</p>



<p><br></p>



<div class="wp-block-group is-vertical is-layout-flex wp-container-core-group-is-layout-8cf370e7 wp-block-group-is-layout-flex">
<p><strong>Alkalmi sorok</strong></p>



<p><em>(Príležitostná)</em></p>
</div>



<div class="wp-block-group is-vertical is-layout-flex wp-container-core-group-is-layout-8cf370e7 wp-block-group-is-layout-flex">
<p>kedvelem az alkalmi verseket</p>



<p>eltünedező illatuk van</p>



<p>elvakító színek bolyonganak a széljárásban</p>



<p>kedvelem szavaik őszinteségét<br>valódi sóhajaikat<br>váratlan felkiáltások özönét<br>Valamennyi vízesés az éjszakákban<br>és toronyzene<br>Leginkább azt kedvelem bennük</p>



<p>amikor e homályos jelenség a mi tájékunkon jár</p>



<p>bámulom bérlakásunk világát</p>



<p>és lábujjhegyen<br>a hálószobába settenkedem</p>



<p>csak hogy melléd heverhessek</p>



<p>mert szeretem az alkalmi verseket</p>



<p>a sietős szavak füzérét</p>



<p>a váratlan hangok csendülését</p>



<p>a hirtelen felkiáltásokat.</p>
</div>



<p><br></p>



<div class="wp-block-group is-vertical is-layout-flex wp-container-core-group-is-layout-8cf370e7 wp-block-group-is-layout-flex">
<p><strong>A </strong><strong>föld asszonyi vonzereje</strong></p>



<p><em>(</em><em>Ženská zemská príťažlivosť</em><em>)</em></p>
</div>



<div class="wp-block-group is-vertical is-layout-flex wp-container-core-group-is-layout-8cf370e7 wp-block-group-is-layout-flex">
<p>Az asszony mikor a lába a földre lépett</p>



<p>rögtön vonzást teremtett</p>



<p>ilyen a jól átgondolt</p>



<p>asszonyi diplomácia</p>



<p>ilyen a földi lét</p>



<p>ami az asszonyra fektette a férfit</p>



<p>hogy megteremtse a földi paradicsomot</p>



<p>mert vonz a gravitáció</p>



<p>akár a parázsból a sült gesztenye illata</p>



<p>de oda szorít a vonzerő is</p>



<p>a derékövünk éke<br>Az abrosz gyanánt</p>



<p>kiterített vonzás</p>



<p>a magas feszültség</p>



<p>mely kifeszít</p>



<p>és áramköreink együtt áramlanak</p>



<p>ez pogány hitvallásunk</p>



<p>katekizmusa</p>



<p>míg a férfi az asszony domborzatát</p>



<p>síkká simogatja<br>aki megnősül<br>az hajnalcsillaggá szépül</p>



<p>de az asszony kezében maradnak a lapok</p>



<p>mindig az asszony dönt</p>



<p>ezért a nehéz vizsga pillanatokon</p>



<p>sem nyugszik meg az örökké nyugtalan</p>



<p>asszonyi vonzalom.</p>
</div>



<p><br></p>



<div class="wp-block-group is-vertical is-layout-flex wp-container-core-group-is-layout-8cf370e7 wp-block-group-is-layout-flex">
<p><strong>Minden előzetes híján&nbsp;</strong></p>



<p><em>(Bez prípravy)</em></p>
</div>



<div class="wp-block-group is-vertical is-layout-flex wp-container-core-group-is-layout-8cf370e7 wp-block-group-is-layout-flex">
<p>Vers csak egy petákért</p>



<p>legyen az valódi vert fabatka</p>



<p>vagyis egy peták</p>



<p>alatta szerelmetes üzenetek halmaza</p>



<p>és erdei falevelek&nbsp;</p>



<p>már az első asszony&nbsp;</p>



<p>szerelmes levele is ott volt</p>



<p>azon az ágon</p>
</div>



<p></p>



<p class="has-text-align-right"><em>Gágyor Péter fordításai</em></p>

<p>Hír hazulról (Z domova) Jön a tavasz a száraz medencékben könnyű esők heverésznek Pár ember mégmagán felejtett télikabátban ácsorog. Alkalmi sorok (Príležitostná) kedvelem az alkalmi verseket eltünedező illatuk van elvakító színek bolyonganak a széljárásban kedvelem szavaik őszinteségétvalódi sóhajaikatváratlan felkiáltások özönétValamennyi &hellip; <a href="https://opus-folyoirat.sk/?page_id=3543">Egy kattintás ide a folytatáshoz&#8230;. <span class="meta-nav">&rarr;</span></a></p>
