{"id":3564,"date":"2025-03-27T17:37:00","date_gmt":"2025-03-27T15:37:00","guid":{"rendered":"https:\/\/opus-folyoirat.sk\/?page_id=3564"},"modified":"2026-01-13T17:41:11","modified_gmt":"2026-01-13T15:41:11","slug":"fellinger-karoly-2","status":"publish","type":"page","link":"https:\/\/opus-folyoirat.sk\/?page_id=3564","title":{"rendered":"Fellinger K\u00e1roly"},"content":{"rendered":"\n<p><strong>Kajszibarack<\/strong><\/p>\n\n\n<div class=\"has-text-align-right wp-block-post-date\"><time datetime=\"2025-03-27T17:37:00+02:00\">2025-03-27<\/time><\/div>\n\n\n<div class=\"wp-block-group is-vertical is-layout-flex wp-container-core-group-is-layout-8cf370e7 wp-block-group-is-layout-flex\">\n<p>J\u00e1nos mes\u00e9lte, gyerekkor\u00e1ban az&nbsp;<\/p>\n\n\n\n<p>\u00f6ccs\u00e9vel, Imr\u00e9vel elj\u00e1rt&nbsp;Madar\u00e1sz<\/p>\n\n\n\n<p>Mariska n\u00e9nihez kajszibarackot&nbsp;<\/p>\n\n\n\n<p>szedni a magas f\u00e1r\u00f3l, kapott \u00e9rte<\/p>\n<\/div>\n\n\n\n<p><\/p>\n\n\n\n<div class=\"wp-block-group is-vertical is-layout-flex wp-container-core-group-is-layout-8cf370e7 wp-block-group-is-layout-flex\">\n<p>h\u00e1rom koron\u00e1t, ami j\u00f3l j\u00f6tt b\u00facs\u00fa&nbsp;<\/p>\n\n\n\n<p>idej\u00e9n, de mivel Mariska n\u00e9ni&nbsp;<\/p>\n\n\n\n<p>kertje v\u00e9g\u00e9ben kapt\u00e1rak sorj\u00e1ztak,<\/p>\n\n\n\n<p>s az \u00e9rett gy\u00fcm\u00f6lcs\u00f6kb\u0151l&nbsp;szorgos m\u00e9hek<\/p>\n<\/div>\n\n\n\n<p><\/p>\n\n\n\n<div class=\"wp-block-group is-vertical is-layout-flex wp-container-core-group-is-layout-8cf370e7 wp-block-group-is-layout-flex\">\n<p>lakm\u00e1roztak, J\u00e1nosnak in\u00e1ba sz\u00e1llt<\/p>\n\n\n\n<p>a b\u00e1tors\u00e1ga. De a h\u00e1ziasszony&nbsp;<\/p>\n\n\n\n<p>mindenre gondolt, elh\u00fazta el\u0151tt\u00fck<\/p>\n\n\n\n<p>a m\u00e9zesmadzagot, azt mondta b\u00f6lcsen,<\/p>\n<\/div>\n\n\n\n<p><\/p>\n\n\n\n<div class=\"wp-block-group is-vertical is-layout-flex wp-container-core-group-is-layout-8cf370e7 wp-block-group-is-layout-flex\">\n<p>el\u00e1rulja, melyik kajszibarack a&nbsp;<\/p>\n\n\n\n<p>legfinomabb, azt b\u00e1tran megehetik,<\/p>\n\n\n\n<p>r\u00e1ad\u00e1snak a p\u00e9nz mell\u00e9, l\u00e1ss\u00e1k, hogy&nbsp;<\/p>\n\n\n\n<p>j\u00f3sz\u00edv\u0171&nbsp;\u00f6regasszonnyal van dolguk.<\/p>\n<\/div>\n\n\n\n<p><\/p>\n\n\n\n<div class=\"wp-block-group is-vertical is-layout-flex wp-container-core-group-is-layout-8cf370e7 wp-block-group-is-layout-flex\">\n<p>Kigy\u00falt&nbsp;a f\u00e9ny az alag\u00fat v\u00e9g\u00e9n, mint<\/p>\n\n\n\n<p>este a szerelmes l\u00e1ny ablak\u00e1ban&nbsp;<\/p>\n\n\n\n<p>hagyott pisl\u00e1kol\u00f3 gyertya, a titok<\/p>\n\n\n\n<p>\u00e9vgy\u0171r\u0171it egyenk\u00e9nt felpr\u00f3b\u00e1lta<\/p>\n<\/div>\n\n\n\n<p><\/p>\n\n\n\n<div class=\"wp-block-group is-vertical is-layout-flex wp-container-core-group-is-layout-8cf370e7 wp-block-group-is-layout-flex\">\n<p>ujjaira J\u00e1nos, kider\u00fclt,&nbsp;a le-<\/p>\n\n\n\n<p>hullott barackok mellett, a f\u00e1r\u00f3l m\u00e9g<\/p>\n\n\n\n<p>megehetik azt, amibe a m\u00e9hek&nbsp;<\/p>\n\n\n\n<p>a szed\u00e9s el\u0151tt&nbsp;m\u00e1r belek\u00f3stoltak.<\/p>\n<\/div>\n\n\n\n<p><\/p>\n\n\n\n<div class=\"wp-block-group is-vertical is-layout-flex wp-container-core-group-is-layout-8cf370e7 wp-block-group-is-layout-flex\">\n<p>Mert Madar\u00e1sz Mariska n\u00e9ni t\u00e9nyleg&nbsp;<\/p>\n\n\n\n<p>nem hazudott, J\u00e1nos \u00e9s \u00f6ccse szerint&nbsp;<\/p>\n\n\n\n<p>nem is tudott volna, nem vitte r\u00e1 a&nbsp;<\/p>\n\n\n\n<p>l\u00e9lek, \u0151 mindig csak mag\u00e1ra gondolt.<\/p>\n<\/div>\n","protected":false},"excerpt":{"rendered":"<p>Kajszibarack J\u00e1nos mes\u00e9lte, gyerekkor\u00e1ban az&nbsp; \u00f6ccs\u00e9vel, Imr\u00e9vel elj\u00e1rt&nbsp;Madar\u00e1sz Mariska n\u00e9nihez kajszibarackot&nbsp; szedni a magas f\u00e1r\u00f3l, kapott \u00e9rte h\u00e1rom koron\u00e1t, ami j\u00f3l j\u00f6tt b\u00facs\u00fa&nbsp; idej\u00e9n, de mivel Mariska n\u00e9ni&nbsp; kertje v\u00e9g\u00e9ben kapt\u00e1rak sorj\u00e1ztak, s az \u00e9rett gy\u00fcm\u00f6lcs\u00f6kb\u0151l&nbsp;szorgos m\u00e9hek lakm\u00e1roztak, J\u00e1nosnak in\u00e1ba &hellip; <a href=\"https:\/\/opus-folyoirat.sk\/?page_id=3564\">Egy kattint\u00e1s ide a folytat\u00e1shoz&#8230;. <span class=\"meta-nav\">&rarr;<\/span><\/a><\/p>\n","protected":false},"author":4,"featured_media":0,"parent":0,"menu_order":0,"comment_status":"closed","ping_status":"closed","template":"","meta":{"footnotes":""},"class_list":["post-3564","page","type-page","status-publish","hentry"],"_links":{"self":[{"href":"https:\/\/opus-folyoirat.sk\/index.php?rest_route=\/wp\/v2\/pages\/3564","targetHints":{"allow":["GET"]}}],"collection":[{"href":"https:\/\/opus-folyoirat.sk\/index.php?rest_route=\/wp\/v2\/pages"}],"about":[{"href":"https:\/\/opus-folyoirat.sk\/index.php?rest_route=\/wp\/v2\/types\/page"}],"author":[{"embeddable":true,"href":"https:\/\/opus-folyoirat.sk\/index.php?rest_route=\/wp\/v2\/users\/4"}],"replies":[{"embeddable":true,"href":"https:\/\/opus-folyoirat.sk\/index.php?rest_route=%2Fwp%2Fv2%2Fcomments&post=3564"}],"version-history":[{"count":1,"href":"https:\/\/opus-folyoirat.sk\/index.php?rest_route=\/wp\/v2\/pages\/3564\/revisions"}],"predecessor-version":[{"id":3565,"href":"https:\/\/opus-folyoirat.sk\/index.php?rest_route=\/wp\/v2\/pages\/3564\/revisions\/3565"}],"wp:attachment":[{"href":"https:\/\/opus-folyoirat.sk\/index.php?rest_route=%2Fwp%2Fv2%2Fmedia&parent=3564"}],"curies":[{"name":"wp","href":"https:\/\/api.w.org\/{rel}","templated":true}]}}

Fellinger Károly

<p><strong>Kajszibarack</strong></p>


<div class="has-text-align-right wp-block-post-date"><time datetime="2025-03-27T17:37:00+02:00">2025-03-27</time></div>


<div class="wp-block-group is-vertical is-layout-flex wp-container-core-group-is-layout-8cf370e7 wp-block-group-is-layout-flex">
<p>János mesélte, gyerekkorában az&nbsp;</p>



<p>öccsével, Imrével eljárt&nbsp;Madarász</p>



<p>Mariska nénihez kajszibarackot&nbsp;</p>



<p>szedni a magas fáról, kapott érte</p>
</div>



<p></p>



<div class="wp-block-group is-vertical is-layout-flex wp-container-core-group-is-layout-8cf370e7 wp-block-group-is-layout-flex">
<p>három koronát, ami jól jött búcsú&nbsp;</p>



<p>idején, de mivel Mariska néni&nbsp;</p>



<p>kertje végében kaptárak sorjáztak,</p>



<p>s az érett gyümölcsökből&nbsp;szorgos méhek</p>
</div>



<p></p>



<div class="wp-block-group is-vertical is-layout-flex wp-container-core-group-is-layout-8cf370e7 wp-block-group-is-layout-flex">
<p>lakmároztak, Jánosnak inába szállt</p>



<p>a bátorsága. De a háziasszony&nbsp;</p>



<p>mindenre gondolt, elhúzta előttük</p>



<p>a mézesmadzagot, azt mondta bölcsen,</p>
</div>



<p></p>



<div class="wp-block-group is-vertical is-layout-flex wp-container-core-group-is-layout-8cf370e7 wp-block-group-is-layout-flex">
<p>elárulja, melyik kajszibarack a&nbsp;</p>



<p>legfinomabb, azt bátran megehetik,</p>



<p>ráadásnak a pénz mellé, lássák, hogy&nbsp;</p>



<p>jószívű&nbsp;öregasszonnyal van dolguk.</p>
</div>



<p></p>



<div class="wp-block-group is-vertical is-layout-flex wp-container-core-group-is-layout-8cf370e7 wp-block-group-is-layout-flex">
<p>Kigyúlt&nbsp;a fény az alagút végén, mint</p>



<p>este a szerelmes lány ablakában&nbsp;</p>



<p>hagyott pislákoló gyertya, a titok</p>



<p>évgyűrűit egyenként felpróbálta</p>
</div>



<p></p>



<div class="wp-block-group is-vertical is-layout-flex wp-container-core-group-is-layout-8cf370e7 wp-block-group-is-layout-flex">
<p>ujjaira János, kiderült,&nbsp;a le-</p>



<p>hullott barackok mellett, a fáról még</p>



<p>megehetik azt, amibe a méhek&nbsp;</p>



<p>a szedés előtt&nbsp;már belekóstoltak.</p>
</div>



<p></p>



<div class="wp-block-group is-vertical is-layout-flex wp-container-core-group-is-layout-8cf370e7 wp-block-group-is-layout-flex">
<p>Mert Madarász Mariska néni tényleg&nbsp;</p>



<p>nem hazudott, János és öccse szerint&nbsp;</p>



<p>nem is tudott volna, nem vitte rá a&nbsp;</p>



<p>lélek, ő mindig csak magára gondolt.</p>
</div>

<p>Kajszibarack János mesélte, gyerekkorában az&nbsp; öccsével, Imrével eljárt&nbsp;Madarász Mariska nénihez kajszibarackot&nbsp; szedni a magas fáról, kapott érte három koronát, ami jól jött búcsú&nbsp; idején, de mivel Mariska néni&nbsp; kertje végében kaptárak sorjáztak, s az érett gyümölcsökből&nbsp;szorgos méhek lakmároztak, Jánosnak inába &hellip; <a href="https://opus-folyoirat.sk/?page_id=3564">Egy kattintás ide a folytatáshoz&#8230;. <span class="meta-nav">&rarr;</span></a></p>
