{"id":3578,"date":"2025-04-18T11:55:00","date_gmt":"2025-04-18T09:55:00","guid":{"rendered":"https:\/\/opus-folyoirat.sk\/?page_id=3578"},"modified":"2026-01-13T17:56:51","modified_gmt":"2026-01-13T15:56:51","slug":"hajdu-laszlo-2","status":"publish","type":"page","link":"https:\/\/opus-folyoirat.sk\/?page_id=3578","title":{"rendered":"Hajd\u00fa L\u00e1szl\u00f3"},"content":{"rendered":"\n<p><strong>Tal\u00e1lkoz\u00e1sok<\/strong><\/p>\n\n\n<div class=\"has-text-align-right wp-block-post-date\"><time datetime=\"2025-04-18T11:55:00+02:00\">2025-04-18<\/time><\/div>\n\n\n<p><strong>Els\u0151<\/strong><\/p>\n\n\n\n<div class=\"wp-block-group is-vertical is-layout-flex wp-container-core-group-is-layout-8cf370e7 wp-block-group-is-layout-flex\">\n<p>Gyerekk\u00e9nt azt gondoltam, zsid\u00f3k csak a Bibli\u00e1ban l\u00e9teznek. A hetvenes \u00e9vekben mindenki titkolta vall\u00e1s\u00e1t. T\u00e9v\u00e9t k\u00e9s\u0151bb vett\u00fcnk, moziba hat\u00e9vesen nem j\u00e1rtam, hogy h\u00e1bor\u00fas filmekben l\u00e1thassak zsid\u00f3t.<\/p>\n\n\n\n<p>\u2013 Menj\u00fcnk el a zsid\u00f3temet\u0151h\u00f6z! \u2013 sz\u00f3l\u00edtotta fel az utc\u00e1ban lak\u00f3 sr\u00e1cokat K\u00e1llai Sanyi, aki legid\u0151sebbk\u00e9nt volt a t\u00f6rzs f\u0151n\u00f6ke. G\u00f6nd\u00f6r haja alapj\u00e1n nem illett r\u00e1 az apacsok t\u00f6rzsf\u0151n\u00f6ke szerep.&nbsp;<\/p>\n\n\n\n<p>\u2013 Zsid\u00f3temet\u0151h\u00f6z? \u2013 k\u00e9rdeztem vissza elh\u0171lve. \u2013 Olyan is van?&nbsp;<\/p>\n\n\n\n<p>\u2013 Ja, fater mutatta, amikor voltunk a putriban cefr\u00e9\u00e9rt.&nbsp;<\/p>\n\n\n\n<p>A v\u00e1rosban putrinak azt a r\u00e9szt nevezt\u00e9k, ahol a cig\u00e1nyok is laktak.<\/p>\n\n\n\n<p>\u2013 Akkor csak igaz, t\u00e9nyleg kihaltak, mint a mondai h\u0151s\u00f6k \u00e9s itt vannak eltemetve \u2013 gondoltam.<\/p>\n\n\n\n<p>Mind a n\u00e9gyen, f\u00e9lmeztelen\u00fcl, indi\u00e1nnak \u00f6lt\u00f6zve levonultunk az als\u00f3v\u00e1rosba. K\u00fcl\u00f6n\u00f6s oromzat\u00fa \u00e9p\u00fclet \u00e1llt a magas t\u00e9glafallal k\u00f6rbeker\u00edtett temet\u0151 sark\u00e1ban.&nbsp;<\/p>\n\n\n\n<p>\u2013 N\u00e9zz\u00e9tek, milyen sz\u00e9p \u2013 mondta Sanyi, mi pedig a deszkakapu r\u00e9sein \u00e1t belest\u00fcnk a ravataloz\u00f3ba, ahol egy ragyog\u00f3, szurokfekete hint\u00f3 \u00e1llt.<\/p>\n\n\n\n<p>\u2013 No, h\u00e1t mit keresnek itt az indi\u00e1nok? \u2013 sz\u00f3lt r\u00e1nk egy holl\u00f3haj\u00fa fiatalasszony, megtisztelve tolld\u00edszeinket.<\/p>\n\n\n\n<p>\u2013 Semmit! \u2013 v\u00e1gta r\u00e1 bandavez\u00e9r\u00fcnk, mik\u00f6zben \u00f3dalogva pr\u00f3b\u00e1ltunk elvonulni. A fut\u00e1s m\u00e9ltatlan a b\u00f6lcs Winettouhoz.<\/p>\n\n\n\n<p>\u2013 K\u00e9rtek fl\u00f3dnit? \u2013 k\u00e9rdezte a n\u0151, t\u00f6kmagt\u00f3l tele sz\u00e1jjal, amit az otthonk\u00e1ja zseb\u00e9b\u0151l szemezgetett. M\u00e1sik kez\u00e9t domborod\u00f3 pocakj\u00e1n tartotta.<\/p>\n\n\n\n<p>\u2013 A bolond n\u0151! \u2013 s\u00fagta Sanyi, aki valahonnan ismerte. \u2013 Furcsa dalokat szokott \u00e9nekelni. Az \u00f3r\u00e1s a f\u00e9rje.&nbsp;<\/p>\n\n\n\n<p>\u2013 A Gr\u00fcnbaum?<\/p>\n\n\n\n<p>\u2013 Ja.<\/p>\n\n\n\n<p>&nbsp;F\u00e9lve l\u00e9pt\u00fcnk be a temet\u0151gondnoki lak\u00e1s kapuj\u00e1n.&nbsp; Az impoz\u00e1nsnak l\u00e1tsz\u00f3 polg\u00e1rh\u00e1z, kir\u00edtt a szomsz\u00e9dos v\u00e1lyogh\u00e1zak k\u00f6z\u00fcl. Az ajt\u00f3f\u00e9lf\u00e1kra egy k\u00fcl\u00f6n\u00f6s f\u00e9mdarab volt sz\u00f6gelve.&nbsp;<\/p>\n\n\n\n<p>\u2013 Ne k\u00e9ress\u00e9tek magatokat, vegyetek!<\/p>\n\n\n\n<p>Csak r\u00f6vid ideig szab\u00f3dtunk az \u00e1rnyas torn\u00e1con a vessz\u0151b\u0151l fonott karossz\u00e9kekben. A di\u00f3, a m\u00e1k, a szilvalekv\u00e1r \u00e9s az alig \u00e9rezhet\u0151 t\u00e9szta csod\u00e1s elegye mennyei \u00e9lm\u00e9nyt ny\u00fajtott \u00edzlel\u0151bimb\u00f3inknak.<\/p>\n\n\n\n<p>\u2013 K\u00f6sz\u00f6nj\u00fck sz\u00e9pen Gr\u00fcnbaum n\u00e9ni! Mikor j\u00f6n a kisbaba?&nbsp;<\/p>\n<\/div>\n\n\n\n<p><\/p>\n\n\n\n<p><strong>M\u00e1sodik<\/strong><\/p>\n\n\n\n<div class=\"wp-block-group is-vertical is-layout-flex wp-container-core-group-is-layout-8cf370e7 wp-block-group-is-layout-flex\">\n<p>Tizenegy \u00e9vesen kaptam az els\u0151 kar\u00f3r\u00e1mat, ami az egy\u00e9ves garanciaid\u0151 lej\u00e1rta ut\u00e1ni els\u0151 napon annak rendje-m\u00f3dja szerint el is romlott. Ut\u00e1na pedig havonta.<\/p>\n\n\n\n<p>\u201eGr\u00fcnbaum J\u00f3zsef \u00d3r\u00e1s\u201d ez volt fel\u00edrva a F\u0151 utc\u00e1ra ny\u00edl\u00f3 m\u0171helyajt\u00f3 f\u00f6l\u00e9. A pult m\u00f6g\u00f6tt \u00fclt a kopaszod\u00f3 mester, aki a lupe m\u00f6g\u00fcl hunyorogva n\u00e9zett \u00e9s ny\u00fajtotta a kez\u00e9t.<\/p>\n\n\n\n<p>\u2013 Na, mit hozt\u00e1l kiskom\u00e1m?<\/p>\n\n\n\n<p>Az \u00f3r\u00e1sm\u0171helyb\u0151l ny\u00edl\u00f3 ajt\u00f3n lehetett a h\u00e1z t\u00f6bbi r\u00e9sz\u00e9be eljutni, amin szint\u00e9n ott d\u00edszelgett egy f\u00e9mdarab. Nem mertem megk\u00e9rdezni, mi lehet az. Aki k\u00edv\u00e1ncsi, hamar meg\u00f6regszik.<\/p>\n\n\n\n<p>\u2013 Nini az indi\u00e1n! Mennyit n\u0151tt! \u2013 mondta a n\u0151 aki a m\u0171helybe l\u00e9pett. Egy hat\u00e9ves kisl\u00e1nyt vezetett k\u00e9zen fogva. M\u00e1sik kez\u00e9vel t\u00f6kmagozott.<\/p>\n\n\n\n<p>\u2013 Meggy\u00f3gyult\u00e1l, S\u00e1ri? \u2013 k\u00e9rdeztem.<\/p>\n\n\n\n<p>\u2013 Ja, h\u00e1t ti ismeritek egym\u00e1st! \u2013 csacsogott az anyuka, Rita n\u00e9ni.<\/p>\n\n\n\n<p>S\u00e1rival egy\u00fctt voltunk k\u00f3rh\u00e1zban a szomsz\u00e9d v\u00e1rosban, idegenk\u00e9nt egym\u00e1sra utalva.<\/p>\n\n\n\n<p>\u2013 Ap\u00e1d\u00e9k vittek minket is a Moszkviccsal l\u00e1togatni \u2013 jegyzete meg J\u00f3ska b\u00e1csi.<\/p>\n\n\n\n<p>\u2013 Mennyi lesz? \u2013 k\u00e9rdeztem amikor az \u00f3r\u00e1s \u00e1tny\u00fajtotta a m\u0171b\u0151r sz\u00edjas kar\u00f3r\u00e1t.<\/p>\n\n\n\n<p>\u2013 Majd ap\u00e1ddal egyeztet\u00fcnk, most menjetek egyetek egy kis fl\u00f3dnit.<\/p>\n<\/div>\n\n\n\n<p><\/p>\n\n\n\n<p><strong>Harmadik<\/strong><\/p>\n\n\n\n<div class=\"wp-block-group is-vertical is-layout-flex wp-container-core-group-is-layout-8cf370e7 wp-block-group-is-layout-flex\">\n<p>\u2013 Hol lehet \u00f3r\u00e1t jav\u00edttatni? \u2013 k\u00e9rdeztem egy ismer\u0151st, mert sok minden megv\u00e1ltozott a harminc \u00e9v alatt, am\u00edg nem laktunk otthon<\/p>\n\n\n\n<p>\u2013 Vidd el a Gr\u00fcnbaum J\u00f3sk\u00e1nak! \u2013 v\u00e1laszolta a megk\u00e9rdezett.<\/p>\n\n\n\n<p>\u2013 \u0150 m\u00e9g dolgozik? \u2013 k\u00e9rdeztem, mert a r\u00e9gi \u00f3r\u00e1sm\u0171hely hely\u00e9n m\u00e1r r\u00e9g\u00f3ta a Z\u00f6ldfa kocsma m\u0171k\u00f6d\u00f6tt.&nbsp;<\/p>\n\n\n\n<p>\u2013 Megint \u0151 a temet\u0151gondnok is, megtal\u00e1lod.<\/p>\n\n\n\n<p>Bel\u00e9ptem h\u00e1zba, ahol indi\u00e1nk\u00e9nt m\u00e1r j\u00e1rtam, a r\u00e9gr\u0151l ismert c\u00e9gt\u00e1bla m\u00f6g\u00e9. A verand\u00e1r\u00f3l ny\u00edlt a m\u0171hely, amelynek ajtaj\u00e1n, a szok\u00e1sos mez\u00fcze fogadott<\/p>\n\n\n\n<p>Alig ismertem fel, az \u00f6sszeesett embert, aki a pult m\u00f6g\u00f6tt kuporgott. Reszketeg, b\u00fctyk\u00f6s ujjaival olyan \u00f3r\u00e1t pr\u00f3b\u00e1lt megrepar\u00e1lni, ami id\u0151sebb volt a nagyap\u00e1mn\u00e1l is.&nbsp;<\/p>\n\n\n\n<p>\u2013 Rita! N\u00e9zd ki j\u00f6tt hozz\u00e1nk!&nbsp;<\/p>\n\n\n\n<p>\u2013 A Tiszai Laci! \u00c9ppen most lett k\u00e9sz a fl\u00f3dni! \u2013 csapta \u00f6ssze a kez\u00e9t a dereshaj\u00fa asszony.<\/p>\n\n\n\n<p>A f\u00e9rje \u00e1tny\u00falt az asztalon, a kvarc\u00f3r\u00e1m\u00e9rt. A gyakorlott k\u00e9z kett\u0151t pattintott \u00e9s m\u00e1r ny\u00fajtotta is vissza a vekkert. A munkad\u00edjra vonatkoz\u00f3 k\u00e9rd\u00e9semre, csak lemond\u00f3n legyintett \u2013 Vegyen rendes \u00f3r\u00e1t!<\/p>\n\n\n\n<p>\u2013 J\u00f6jj\u00f6n, mes\u00e9ljen! \u2013 intett maga el\u00e9 \u00e9s kitess\u00e9kelt a di\u00f3fa al\u00e1 a f\u00e9l \u00e9vsz\u00e1zados karossz\u00e9kekbe.<\/p>\n\n\n\n<p>Egy \u00f3r\u00e1t \u00fccs\u00f6r\u00f6gt\u00fcnk alig szavakkal is \u00e9rtve egym\u00e1st.<\/p>\n\n\n\n<p>\u2013 Agydaganat. Egy h\u00f3napot mondanak az orvosok \u2013 s\u00fagta a f\u00fclembe a meg\u0151sz\u00fclt Rita n\u00e9ni mik\u00f6zben egy selyempap\u00edrba csomagolt fl\u00f3dni pakkot nyomott a kezembe.&nbsp;<\/p>\n\n\n\n<p>\u2013 R\u00e1kos vagyok, nem s\u00fcket! \u2013 p\u00f6r\u00f6lt Gr\u00fcnbaum \u00e9s egy bicsk\u00e1t vett el\u0151 a zseb\u00e9b\u0151l. Az ajt\u00f3f\u00e9lf\u00e1hoz l\u00e9pett, kipattintotta a k\u00e9t szeget, ami a mez\u00fcze tokot r\u00f6gz\u00edtette.<\/p>\n\n\n\n<p>\u2013 L\u00e1ttam, mindig n\u00e9zegette, most m\u00e1r v\u00e9delmezze mag\u00e1t.<\/p>\n\n\n\n<p>Az utc\u00e1n jutott eszembe, S\u00e1ri fel\u0151l nem is \u00e9rdekl\u0151dtem.<\/p>\n<\/div>\n\n\n\n<p><em>Csongr\u00e1d 2023.12.02<\/em><\/p>\n","protected":false},"excerpt":{"rendered":"<p>Tal\u00e1lkoz\u00e1sok Els\u0151 Gyerekk\u00e9nt azt gondoltam, zsid\u00f3k csak a Bibli\u00e1ban l\u00e9teznek. A hetvenes \u00e9vekben mindenki titkolta vall\u00e1s\u00e1t. T\u00e9v\u00e9t k\u00e9s\u0151bb vett\u00fcnk, moziba hat\u00e9vesen nem j\u00e1rtam, hogy h\u00e1bor\u00fas filmekben l\u00e1thassak zsid\u00f3t. \u2013 Menj\u00fcnk el a zsid\u00f3temet\u0151h\u00f6z! \u2013 sz\u00f3l\u00edtotta fel az utc\u00e1ban lak\u00f3 sr\u00e1cokat &hellip; <a href=\"https:\/\/opus-folyoirat.sk\/?page_id=3578\">Egy kattint\u00e1s ide a folytat\u00e1shoz&#8230;. <span class=\"meta-nav\">&rarr;<\/span><\/a><\/p>\n","protected":false},"author":4,"featured_media":0,"parent":0,"menu_order":0,"comment_status":"closed","ping_status":"closed","template":"","meta":{"footnotes":""},"class_list":["post-3578","page","type-page","status-publish","hentry"],"_links":{"self":[{"href":"https:\/\/opus-folyoirat.sk\/index.php?rest_route=\/wp\/v2\/pages\/3578","targetHints":{"allow":["GET"]}}],"collection":[{"href":"https:\/\/opus-folyoirat.sk\/index.php?rest_route=\/wp\/v2\/pages"}],"about":[{"href":"https:\/\/opus-folyoirat.sk\/index.php?rest_route=\/wp\/v2\/types\/page"}],"author":[{"embeddable":true,"href":"https:\/\/opus-folyoirat.sk\/index.php?rest_route=\/wp\/v2\/users\/4"}],"replies":[{"embeddable":true,"href":"https:\/\/opus-folyoirat.sk\/index.php?rest_route=%2Fwp%2Fv2%2Fcomments&post=3578"}],"version-history":[{"count":1,"href":"https:\/\/opus-folyoirat.sk\/index.php?rest_route=\/wp\/v2\/pages\/3578\/revisions"}],"predecessor-version":[{"id":3579,"href":"https:\/\/opus-folyoirat.sk\/index.php?rest_route=\/wp\/v2\/pages\/3578\/revisions\/3579"}],"wp:attachment":[{"href":"https:\/\/opus-folyoirat.sk\/index.php?rest_route=%2Fwp%2Fv2%2Fmedia&parent=3578"}],"curies":[{"name":"wp","href":"https:\/\/api.w.org\/{rel}","templated":true}]}}

Hajdú László

<p><strong>Találkozások</strong></p>


<div class="has-text-align-right wp-block-post-date"><time datetime="2025-04-18T11:55:00+02:00">2025-04-18</time></div>


<p><strong>Első</strong></p>



<div class="wp-block-group is-vertical is-layout-flex wp-container-core-group-is-layout-8cf370e7 wp-block-group-is-layout-flex">
<p>Gyerekként azt gondoltam, zsidók csak a Bibliában léteznek. A hetvenes években mindenki titkolta vallását. Tévét később vettünk, moziba hatévesen nem jártam, hogy háborús filmekben láthassak zsidót.</p>



<p>– Menjünk el a zsidótemetőhöz! – szólította fel az utcában lakó srácokat Kállai Sanyi, aki legidősebbként volt a törzs főnöke. Göndör haja alapján nem illett rá az apacsok törzsfőnöke szerep.&nbsp;</p>



<p>– Zsidótemetőhöz? – kérdeztem vissza elhűlve. – Olyan is van?&nbsp;</p>



<p>– Ja, fater mutatta, amikor voltunk a putriban cefréért.&nbsp;</p>



<p>A városban putrinak azt a részt nevezték, ahol a cigányok is laktak.</p>



<p>– Akkor csak igaz, tényleg kihaltak, mint a mondai hősök és itt vannak eltemetve – gondoltam.</p>



<p>Mind a négyen, félmeztelenül, indiánnak öltözve levonultunk az alsóvárosba. Különös oromzatú épület állt a magas téglafallal körbekerített temető sarkában.&nbsp;</p>



<p>– Nézzétek, milyen szép – mondta Sanyi, mi pedig a deszkakapu résein át belestünk a ravatalozóba, ahol egy ragyogó, szurokfekete hintó állt.</p>



<p>– No, hát mit keresnek itt az indiánok? – szólt ránk egy hollóhajú fiatalasszony, megtisztelve tolldíszeinket.</p>



<p>– Semmit! – vágta rá bandavezérünk, miközben ódalogva próbáltunk elvonulni. A futás méltatlan a bölcs Winettouhoz.</p>



<p>– Kértek flódnit? – kérdezte a nő, tökmagtól tele szájjal, amit az otthonkája zsebéből szemezgetett. Másik kezét domborodó pocakján tartotta.</p>



<p>– A bolond nő! – súgta Sanyi, aki valahonnan ismerte. – Furcsa dalokat szokott énekelni. Az órás a férje.&nbsp;</p>



<p>– A Grünbaum?</p>



<p>– Ja.</p>



<p>&nbsp;Félve léptünk be a temetőgondnoki lakás kapuján.&nbsp; Az impozánsnak látszó polgárház, kirítt a szomszédos vályogházak közül. Az ajtófélfákra egy különös fémdarab volt szögelve.&nbsp;</p>



<p>– Ne kéressétek magatokat, vegyetek!</p>



<p>Csak rövid ideig szabódtunk az árnyas tornácon a vesszőből fonott karosszékekben. A dió, a mák, a szilvalekvár és az alig érezhető tészta csodás elegye mennyei élményt nyújtott ízlelőbimbóinknak.</p>



<p>– Köszönjük szépen Grünbaum néni! Mikor jön a kisbaba?&nbsp;</p>
</div>



<p></p>



<p><strong>Második</strong></p>



<div class="wp-block-group is-vertical is-layout-flex wp-container-core-group-is-layout-8cf370e7 wp-block-group-is-layout-flex">
<p>Tizenegy évesen kaptam az első karórámat, ami az egyéves garanciaidő lejárta utáni első napon annak rendje-módja szerint el is romlott. Utána pedig havonta.</p>



<p>„Grünbaum József Órás” ez volt felírva a Fő utcára nyíló műhelyajtó fölé. A pult mögött ült a kopaszodó mester, aki a lupe mögül hunyorogva nézett és nyújtotta a kezét.</p>



<p>– Na, mit hoztál kiskomám?</p>



<p>Az órásműhelyből nyíló ajtón lehetett a ház többi részébe eljutni, amin szintén ott díszelgett egy fémdarab. Nem mertem megkérdezni, mi lehet az. Aki kíváncsi, hamar megöregszik.</p>



<p>– Nini az indián! Mennyit nőtt! – mondta a nő aki a műhelybe lépett. Egy hatéves kislányt vezetett kézen fogva. Másik kezével tökmagozott.</p>



<p>– Meggyógyultál, Sári? – kérdeztem.</p>



<p>– Ja, hát ti ismeritek egymást! – csacsogott az anyuka, Rita néni.</p>



<p>Sárival együtt voltunk kórházban a szomszéd városban, idegenként egymásra utalva.</p>



<p>– Apádék vittek minket is a Moszkviccsal látogatni – jegyzete meg Jóska bácsi.</p>



<p>– Mennyi lesz? – kérdeztem amikor az órás átnyújtotta a műbőr szíjas karórát.</p>



<p>– Majd apáddal egyeztetünk, most menjetek egyetek egy kis flódnit.</p>
</div>



<p></p>



<p><strong>Harmadik</strong></p>



<div class="wp-block-group is-vertical is-layout-flex wp-container-core-group-is-layout-8cf370e7 wp-block-group-is-layout-flex">
<p>– Hol lehet órát javíttatni? – kérdeztem egy ismerőst, mert sok minden megváltozott a harminc év alatt, amíg nem laktunk otthon</p>



<p>– Vidd el a Grünbaum Jóskának! – válaszolta a megkérdezett.</p>



<p>– Ő még dolgozik? – kérdeztem, mert a régi órásműhely helyén már régóta a Zöldfa kocsma működött.&nbsp;</p>



<p>– Megint ő a temetőgondnok is, megtalálod.</p>



<p>Beléptem házba, ahol indiánként már jártam, a régről ismert cégtábla mögé. A verandáról nyílt a műhely, amelynek ajtaján, a szokásos mezüze fogadott</p>



<p>Alig ismertem fel, az összeesett embert, aki a pult mögött kuporgott. Reszketeg, bütykös ujjaival olyan órát próbált megreparálni, ami idősebb volt a nagyapámnál is.&nbsp;</p>



<p>– Rita! Nézd ki jött hozzánk!&nbsp;</p>



<p>– A Tiszai Laci! Éppen most lett kész a flódni! – csapta össze a kezét a dereshajú asszony.</p>



<p>A férje átnyúlt az asztalon, a kvarcórámért. A gyakorlott kéz kettőt pattintott és már nyújtotta is vissza a vekkert. A munkadíjra vonatkozó kérdésemre, csak lemondón legyintett – Vegyen rendes órát!</p>



<p>– Jöjjön, meséljen! – intett maga elé és kitessékelt a diófa alá a fél évszázados karosszékekbe.</p>



<p>Egy órát ücsörögtünk alig szavakkal is értve egymást.</p>



<p>– Agydaganat. Egy hónapot mondanak az orvosok – súgta a fülembe a megőszült Rita néni miközben egy selyempapírba csomagolt flódni pakkot nyomott a kezembe.&nbsp;</p>



<p>– Rákos vagyok, nem süket! – pörölt Grünbaum és egy bicskát vett elő a zsebéből. Az ajtófélfához lépett, kipattintotta a két szeget, ami a mezüze tokot rögzítette.</p>



<p>– Láttam, mindig nézegette, most már védelmezze magát.</p>



<p>Az utcán jutott eszembe, Sári felől nem is érdeklődtem.</p>
</div>



<p><em>Csongrád 2023.12.02</em></p>

<p>Találkozások Első Gyerekként azt gondoltam, zsidók csak a Bibliában léteznek. A hetvenes években mindenki titkolta vallását. Tévét később vettünk, moziba hatévesen nem jártam, hogy háborús filmekben láthassak zsidót. – Menjünk el a zsidótemetőhöz! – szólította fel az utcában lakó srácokat &hellip; <a href="https://opus-folyoirat.sk/?page_id=3578">Egy kattintás ide a folytatáshoz&#8230;. <span class="meta-nav">&rarr;</span></a></p>
