{"id":3583,"date":"2025-04-19T18:00:00","date_gmt":"2025-04-19T16:00:00","guid":{"rendered":"https:\/\/opus-folyoirat.sk\/?page_id=3583"},"modified":"2026-01-13T18:01:30","modified_gmt":"2026-01-13T16:01:30","slug":"ferenczi-akos","status":"publish","type":"page","link":"https:\/\/opus-folyoirat.sk\/?page_id=3583","title":{"rendered":"Ferenczi \u00c1kos"},"content":{"rendered":"\n<div class=\"wp-block-group is-vertical is-layout-flex wp-container-core-group-is-layout-8cf370e7 wp-block-group-is-layout-flex\">\n<p><strong>Ideje mennem<\/strong><\/p>\n\n\n\n<p><em>(Pet\u0151cz Andr\u00e1s \u2013 Az \u00f6regember c\u00edm\u0171 novell\u00e1ja alapj\u00e1n)<\/em><\/p>\n<\/div>\n\n\n<div class=\"has-text-align-right wp-block-post-date\"><time datetime=\"2025-04-19T18:00:00+02:00\">2025-04-19<\/time><\/div>\n\n\n<p>V\u00e1rom a d\u00e9lut\u00e1nt. Akkor j\u00f6n be a gyerek. Persze m\u00e1r nem gyerek, id\u00e9n volt a huszonnyolcadik sz\u00fclet\u00e9snapja, de nekem akkor is gyerek, am\u00edg csak \u00e9lek. Am\u00edg \u00e9lek, \u00e9s az m\u00e1r nem sok, rem\u00e9lem. Agyi infarktus \u2013 mondta az orvos. A program m\u00e9g fut bent, de a g\u00e9p m\u00e1r nem m\u0171k\u00f6dik. Azt is mondta, hogy a g\u00e9njeimben hordoztam a vesz\u00e9lyt. Sz\u00f3val ez az \u00f6r\u00f6ks\u00e9gem. \u00c9s most fekszem a k\u00f3rh\u00e1zi \u00e1gyon, pont, mint az \u00f6regember tette r\u00e9gen.<\/p>\n\n\n\n<p>Az \u00f6regember m\u00e1r elm\u00falt nyolcvan, amikor megkapta apai \u00f6r\u00f6ks\u00e9g\u00e9t, \u00e9n m\u00e9g csak hetvenn\u00e9gy vagyok. Eml\u00e9kszem, ott fek\u00fcdt az \u00e1gyon, a k\u00f3rh\u00e1zban, abban a v\u00e1rosban, ahol akkor laktunk. Most \u00e9n fekszem, de ez egy m\u00e1sik \u00e1gy, m\u00e1sik k\u00f3rh\u00e1z, m\u00e1sik v\u00e1ros, egy m\u00e1sik \u00f6regember, csak a cs\u00f6nd, ami ugyanaz. A cs\u00f6nd mindig ugyanaz.<\/p>\n\n\n\n<p>D\u00e9lut\u00e1n j\u00f6n a gyerek, addig v\u00e1rok, fekszem, nyugodtan. N\u00e9zek ki magamb\u00f3l. A szoba sark\u00e1ban t\u00e9v\u00e9, megy eg\u00e9sz nap. N\u00e9ha n\u00e9zem. Amikor zen\u00e9s, t\u00e1ncos m\u0171sor van. Olyankor bet\u00f6lti a szob\u00e1t a hangok vibr\u00e1l\u00e1sa, a f\u00e9ny vill\u00f3dz\u00e1sa. Az j\u00f3, azt szeretem. A h\u00edreket ut\u00e1lom. Vagy nem is, csak unom, nem \u00e9rdekel. Ezt nem \u00f6r\u00f6k\u00f6ltem meg az \u00f6regembert\u0151l. Csak a n\u00e9ma, mozdulatlan fekv\u00e9st, az \u00e1lland\u00f3 v\u00e1rakoz\u00e1st. A gyerekre. Amikor bej\u00f6n, olyankor egyfolyt\u00e1ban mosolygok, persze \u0151 ezt nem l\u00e1tja, az arcom is leb\u00e9nult. L\u00e1tom rajta az agg\u00f3d\u00e1st, a tan\u00e1cstalans\u00e1got, hi\u00e1ba pr\u00f3b\u00e1lja szak\u00e1lla m\u00f6g\u00e9 rejteni. Mondan\u00e1m, ne sajn\u00e1ljon, ennek \u00edgy kellett lennie.&nbsp;<\/p>\n\n\n\n<p>B\u00e9ke van bennem, b\u00e9ke \u00e9s unalom. No meg a v\u00e1rakoz\u00e1s, a gyerekre. Az eml\u00e9kek v\u00e1ltakozva bukkannak fel a hossz\u00fa mag\u00e1nyban. Egyik pillanatban m\u00e9g az \u00f6regember j\u00e1r az eszemben, ahogy kifejti v\u00e9lem\u00e9ny\u00e9t valakir\u0151l, d\u00fch\u00f6ngve, csapkodva. K\u00f6nnyen indulatba j\u00f6tt. B\u00e1r nem vallotta be, tal\u00e1n a korai betegs\u00e9g\u00e9t\u0151l v\u00e1lt hirtelenn\u00e9. Alig m\u00falt negyven\u00e9ves, amikor lesz\u00e1zal\u00e9kolt\u00e1k. Onnant\u00f3l csak \u00f6regembernek h\u00edvatta mag\u00e1t. Velem is. Nehezen szoktam meg, igaz\u00e1n tal\u00e1n sohasem.<\/p>\n\n\n\n<p>A k\u00f6vetkez\u0151 pillanatan elhalv\u00e1nyul ap\u00e1m k\u00e9pe \u00e9s a gyerek jelenik meg. \u00c9rdekes, csak a boldog pillanatok sejlenek fel, a neh\u00e9zs\u00e9gek, amikor beteg volt, amikor \u00e9pp nem besz\u00e9lt\u00fcnk egym\u00e1ssal, azok b\u00e9k\u00e9n hagynak. Eszembe jutott, amikor els\u0151 alkalommal vittem a Roma meccs\u00e9re, az Olimpiai Stadionba. J\u00f3 meccs volt. \u00c9n a gyerek arc\u00e1t n\u00e9ztem, ahogy lelkesen kiab\u00e1lt, \u00e9nekelte a csapatindul\u00f3t a t\u00f6meggel. Mozdulatlan mag\u00e1nyomban ezek a eml\u00e9kek l\u00e1togatnak meg. Bek\u00f6sz\u00f6nnek, azt\u00e1n elillannak.<\/p>\n\n\n\n<p>J\u00f6n a n\u0151v\u00e9rke, lemosdat, megborotv\u00e1l, k\u00f6zben besz\u00e9l hozz\u00e1m \u2013 J\u00f6n a fia Carlo b\u00e1csi, j\u00f3l kell kin\u00e9znie! Megk\u00f6sz\u00f6nn\u00e9m neki, de nem megy, a g\u00e9p m\u00e1r nem m\u0171k\u00f6dik. V\u00e1rom a gyereket, v\u00e1rom, hogy l\u00e1ssam. Csak a sajn\u00e1latot, a f\u00e9lt\u00e9st ne l\u00e1tn\u00e1m az arc\u00e1n. Szenved. Azt hiszem, ideje lenne mennem.&nbsp;<\/p>\n","protected":false},"excerpt":{"rendered":"<p>Ideje mennem (Pet\u0151cz Andr\u00e1s \u2013 Az \u00f6regember c\u00edm\u0171 novell\u00e1ja alapj\u00e1n) V\u00e1rom a d\u00e9lut\u00e1nt. Akkor j\u00f6n be a gyerek. Persze m\u00e1r nem gyerek, id\u00e9n volt a huszonnyolcadik sz\u00fclet\u00e9snapja, de nekem akkor is gyerek, am\u00edg csak \u00e9lek. Am\u00edg \u00e9lek, \u00e9s az m\u00e1r &hellip; <a href=\"https:\/\/opus-folyoirat.sk\/?page_id=3583\">Egy kattint\u00e1s ide a folytat\u00e1shoz&#8230;. <span class=\"meta-nav\">&rarr;<\/span><\/a><\/p>\n","protected":false},"author":4,"featured_media":0,"parent":0,"menu_order":0,"comment_status":"closed","ping_status":"closed","template":"","meta":{"footnotes":""},"class_list":["post-3583","page","type-page","status-publish","hentry"],"_links":{"self":[{"href":"https:\/\/opus-folyoirat.sk\/index.php?rest_route=\/wp\/v2\/pages\/3583","targetHints":{"allow":["GET"]}}],"collection":[{"href":"https:\/\/opus-folyoirat.sk\/index.php?rest_route=\/wp\/v2\/pages"}],"about":[{"href":"https:\/\/opus-folyoirat.sk\/index.php?rest_route=\/wp\/v2\/types\/page"}],"author":[{"embeddable":true,"href":"https:\/\/opus-folyoirat.sk\/index.php?rest_route=\/wp\/v2\/users\/4"}],"replies":[{"embeddable":true,"href":"https:\/\/opus-folyoirat.sk\/index.php?rest_route=%2Fwp%2Fv2%2Fcomments&post=3583"}],"version-history":[{"count":2,"href":"https:\/\/opus-folyoirat.sk\/index.php?rest_route=\/wp\/v2\/pages\/3583\/revisions"}],"predecessor-version":[{"id":3586,"href":"https:\/\/opus-folyoirat.sk\/index.php?rest_route=\/wp\/v2\/pages\/3583\/revisions\/3586"}],"wp:attachment":[{"href":"https:\/\/opus-folyoirat.sk\/index.php?rest_route=%2Fwp%2Fv2%2Fmedia&parent=3583"}],"curies":[{"name":"wp","href":"https:\/\/api.w.org\/{rel}","templated":true}]}}

Ferenczi Ákos

<div class="wp-block-group is-vertical is-layout-flex wp-container-core-group-is-layout-8cf370e7 wp-block-group-is-layout-flex">
<p><strong>Ideje mennem</strong></p>



<p><em>(Petőcz András – Az öregember című novellája alapján)</em></p>
</div>


<div class="has-text-align-right wp-block-post-date"><time datetime="2025-04-19T18:00:00+02:00">2025-04-19</time></div>


<p>Várom a délutánt. Akkor jön be a gyerek. Persze már nem gyerek, idén volt a huszonnyolcadik születésnapja, de nekem akkor is gyerek, amíg csak élek. Amíg élek, és az már nem sok, remélem. Agyi infarktus – mondta az orvos. A program még fut bent, de a gép már nem működik. Azt is mondta, hogy a génjeimben hordoztam a veszélyt. Szóval ez az örökségem. És most fekszem a kórházi ágyon, pont, mint az öregember tette régen.</p>



<p>Az öregember már elmúlt nyolcvan, amikor megkapta apai örökségét, én még csak hetvennégy vagyok. Emlékszem, ott feküdt az ágyon, a kórházban, abban a városban, ahol akkor laktunk. Most én fekszem, de ez egy másik ágy, másik kórház, másik város, egy másik öregember, csak a csönd, ami ugyanaz. A csönd mindig ugyanaz.</p>



<p>Délután jön a gyerek, addig várok, fekszem, nyugodtan. Nézek ki magamból. A szoba sarkában tévé, megy egész nap. Néha nézem. Amikor zenés, táncos műsor van. Olyankor betölti a szobát a hangok vibrálása, a fény villódzása. Az jó, azt szeretem. A híreket utálom. Vagy nem is, csak unom, nem érdekel. Ezt nem örököltem meg az öregembertől. Csak a néma, mozdulatlan fekvést, az állandó várakozást. A gyerekre. Amikor bejön, olyankor egyfolytában mosolygok, persze ő ezt nem látja, az arcom is lebénult. Látom rajta az aggódást, a tanácstalanságot, hiába próbálja szakálla mögé rejteni. Mondanám, ne sajnáljon, ennek így kellett lennie.&nbsp;</p>



<p>Béke van bennem, béke és unalom. No meg a várakozás, a gyerekre. Az emlékek váltakozva bukkannak fel a hosszú magányban. Egyik pillanatban még az öregember jár az eszemben, ahogy kifejti véleményét valakiről, dühöngve, csapkodva. Könnyen indulatba jött. Bár nem vallotta be, talán a korai betegségétől vált hirtelenné. Alig múlt negyvenéves, amikor leszázalékolták. Onnantól csak öregembernek hívatta magát. Velem is. Nehezen szoktam meg, igazán talán sohasem.</p>



<p>A következő pillanatan elhalványul apám képe és a gyerek jelenik meg. Érdekes, csak a boldog pillanatok sejlenek fel, a nehézségek, amikor beteg volt, amikor épp nem beszéltünk egymással, azok békén hagynak. Eszembe jutott, amikor első alkalommal vittem a Roma meccsére, az Olimpiai Stadionba. Jó meccs volt. Én a gyerek arcát néztem, ahogy lelkesen kiabált, énekelte a csapatindulót a tömeggel. Mozdulatlan magányomban ezek a emlékek látogatnak meg. Beköszönnek, aztán elillannak.</p>



<p>Jön a nővérke, lemosdat, megborotvál, közben beszél hozzám – Jön a fia Carlo bácsi, jól kell kinéznie! Megköszönném neki, de nem megy, a gép már nem működik. Várom a gyereket, várom, hogy lássam. Csak a sajnálatot, a féltést ne látnám az arcán. Szenved. Azt hiszem, ideje lenne mennem.&nbsp;</p>

<p>Ideje mennem (Petőcz András – Az öregember című novellája alapján) Várom a délutánt. Akkor jön be a gyerek. Persze már nem gyerek, idén volt a huszonnyolcadik születésnapja, de nekem akkor is gyerek, amíg csak élek. Amíg élek, és az már &hellip; <a href="https://opus-folyoirat.sk/?page_id=3583">Egy kattintás ide a folytatáshoz&#8230;. <span class="meta-nav">&rarr;</span></a></p>
