{"id":3615,"date":"2025-04-24T21:26:00","date_gmt":"2025-04-24T19:26:00","guid":{"rendered":"https:\/\/opus-folyoirat.sk\/?page_id=3615"},"modified":"2026-01-13T21:28:41","modified_gmt":"2026-01-13T19:28:41","slug":"szollath-mihaly","status":"publish","type":"page","link":"https:\/\/opus-folyoirat.sk\/?page_id=3615","title":{"rendered":"Szoll\u00e1th Mih\u00e1ly"},"content":{"rendered":"\n<p class=\"has-medium-font-size\"><strong>Sz\u00ednk\u00e9pek a Pannon-tenger aljzat\u00e1r\u00f3l&nbsp;<\/strong><\/p>\n\n\n<div class=\"has-text-align-right wp-block-post-date\"><time datetime=\"2025-04-24T21:26:00+02:00\">2025-04-24<\/time><\/div>\n\n\n<p><strong>1 (k\u00e9k vir\u00e1g)<\/strong><\/p>\n\n\n\n<p>k\u00e9k vir\u00e1g ny\u00edlik e s\u00edron<br>sz\u00e1ra k\u0151lap f\u00f6l\u00e9 hajlik<br>a gy\u00f6nge \u00e1gon hajnalka<br>himb\u00e1l halv\u00e1ny pora elhull<\/p>\n\n\n\n<p>id\u0151tlen sz\u00e9lcsend percegi<br>a m\u00e9rhetetlen t\u00e1vols\u00e1g<br>lassan sz\u00fcrk\u00fcl\u0151 pollen\u00e9t<br>zene nem sz\u00f3l t\u00e1ncot nem rop<\/p>\n\n\n\n<p>m\u00e9g gondolatban sem senki<br>illetlen lenne \u2013 ki tudja<br>ki\u00e9 e s\u00edr ki fekszik itt<br>lehetn\u00e9k \u00e9n is vagy apa<\/p>\n\n\n\n<p>vagy idegen ki \u00e9lt\u00e9ben<br>holt\u00e1ban l\u00e1thatatlanul<br>rejtve maradt \u2013<\/p>\n\n\n\n<p>*<\/p>\n\n\n\n<p><strong>2 (piros lett)<\/strong><\/p>\n\n\n\n<p>piros lett arca mindene\u00a0<br>gyakran kiserkent a v\u00e9re\u00a0<br>v\u00e1ratlanul is eredt meg\u00a0<br>\u00fct\u00e9st ki\u00e1llni ifj\u00fa m\u00e9g\u00a0<\/p>\n\n\n\n<p>piros maszat lett mindene\u00a0<br>gondolni e puszt\u00e1n b\u00e1rmit\u00a0<br>lehet mert a szikkaszt\u00f3 sz\u00e9l\u00a0<br>\u00fagyis mindent elhord sz\u00e9tf\u00fa\u00a0<\/p>\n\n\n\n<p>a v\u00e9r\u00edz \u00f6rd\u00f6gszek\u00e9ren\u00a0<br>g\u00f6rd\u00fcl v\u00e9gtelen\u00fcl tova\u00a0<br>dal nem zeng s\u00fcv\u00edt\u0151 t\u00e1ncot\u00a0<br>az \u00e9les \u00e9gen homok j\u00e1r\u00a0<\/p>\n\n\n\n<p>s\u00edr nem domborul f\u00f6l\u00e9je\u00a0<br>e tengeraljzat tombolva\u00a0<br>szikkasztja sz\u00e9t \u2013<\/p>\n\n\n\n<p>*<\/p>\n\n\n\n<p><strong>3 (v\u00f6r\u00f6s pipacs)<\/strong><\/p>\n\n\n\n<p>e f\u00f6ld\u00f6n ez volt a szok\u00e1s<br>vessz\u0151 vagy hus\u00e1ng \u00fctlegek<br>ki\u00fct\u00f6m a fogadat te<br>szottyadt kurva h\u00e1rom \u00e9vvel\u00a0<\/p>\n\n\n\n<p>esk\u00fcv\u0151 ut\u00e1n r\u00e9szegen<br>ez t\u0171nt f\u00e9rfiasnak falun<br>v\u00e1roson \u2013 mindenki l\u00e1ssa<br>ki is itt az \u00far hal\u00e1lig<\/p>\n\n\n\n<p>a v\u00e9r\u00edz \u00f6rd\u00f6gszek\u00e9ren\u00a0<br>g\u00f6rd\u00fclt \u00faj asszony is ugrott\u00a0<br>k\u00fatba v\u00f6r\u00f6sl\u0151 v\u00edz \u00e1rv\u00e1k<br>\u00f3lba b\u00fajtak majd a s\u00edrba<\/p>\n\n\n\n<p>ahol hull\u00f3 szirmaival<br>pipacs eml\u00e9kszik el nem \u00e9lt<br>\u00e9let\u00fckre \u2013<\/p>\n\n\n\n<p>*<\/p>\n\n\n\n<p><strong>4 (sz\u00fcrke \u00e9g)<\/strong><\/p>\n\n\n\n<p class=\"has-text-align-right\"><em>\u201eCsak k\u00f6d kis\u00e9rt most \u00e9s hal\u00e1l,<br>a k\u00e1v\u00e9h\u00e1z \u00e9gboltja sz\u00fcrke\u201d<br>(Kosztol\u00e1nyi Dezs\u0151: Csatakos virradat \u2013 r\u00e9szlet)<\/em><\/p>\n\n\n\n<p>t\u00fcrkiz \u00e9g leng a t\u00f3cs\u00e1kon<br>haj\u00f3tlan vizetlen partok<br>legyek legelnek alvad\u00f3<br>sarat rajuk d\u00f6g\u00f6t jelez<\/p>\n\n\n\n<p>rozsd\u00e1s f\u00e9nytelen vasakra<br>a t\u00fcrkiz \u00e9g vet sz\u00fcrke f\u00e9nyt<br>ki volt e test kit hord a sz\u00e9l\u00a0<br>sz\u00edv nem dobog sem eml\u00e9ke\u00a0<\/p>\n\n\n\n<p>nem h\u00edv nem dereng elveszett<br>k\u00f6z\u00f6mb\u00f6s sz\u00fcrke \u00e9g von r\u00e1<br>felleget \u00e9s s\u00f6t\u00e9tl\u0151 \u0171rt<br>t\u0171rhetetlen eny\u00e9szetet<\/p>\n\n\n\n<p>medd\u0151 \u00e9s tengerm\u00e9lyi<br>\u00e9s \u00e9lettelen \u00e9jszak\u00e1t<br>vizetlen\u00fcl \u2013\u00a0<\/p>\n\n\n\n<p>*<\/p>\n\n\n\n<p><strong>5 (sz\u00fcrke \u00e9j)<\/strong><\/p>\n\n\n\n<p>most \u00e9gre n\u00e9zni fel minek<br>nincs eml\u00e9ke sem k\u00f6d lepi<br>szmog bolyong e sz\u00fcrk\u00fcletben<br>szobra m\u00e9g \u00e1ll nincs ki n\u00e9zze<\/p>\n\n\n\n<p>elm\u00falt eml\u00e9ke is r\u00e9g holt<br>nem zeng a fak\u00f3 bariton<br>rozsda reccsen hangja surrog<br>k\u00f6z\u00f6mb\u00f6s sz\u00fcrke \u00e9g von r\u00e1<\/p>\n\n\n\n<p>barb\u00e1r \u00e9jt \u00e9s s\u00f6t\u00e9tl\u0151 \u0171rt<br>t\u0171rhetetlen \u00edg\u00e9retet<br>semmi \u00e9letet hagyott r\u00e1nk\u00a0<br>zsarnok volt ez k\u00e9ts\u00e9gtelen<\/p>\n\n\n\n<p>\u00e1m mi hagytuk sz\u00fcrke \u00e9j\u00e9t<br>kifosott gennyes szutykait<br>r\u00e1nk rohadni \u2013\u00a0<\/p>\n\n\n\n<p>*<\/p>\n\n\n\n<p><strong>6 (s\u00f6t\u00e9t vil\u00e1g)<\/strong><\/p>\n\n\n\n<p>vir\u00e1g ny\u00edlott vil\u00e1gunkon<br>szikkaszt\u00f3 sz\u00e9l hordta sz\u00e9jjel<br>hull\u00f3 por\u00e1t&nbsp;<\/p>\n\n\n\n<p>hogy ki \u00e9lt itt ki\u00e9 a s\u00edr<br>mindig l\u00e1thatatlan marad<br>eml\u00e9korsz\u00e1g<\/p>\n","protected":false},"excerpt":{"rendered":"<p>Sz\u00ednk\u00e9pek a Pannon-tenger aljzat\u00e1r\u00f3l&nbsp; 1 (k\u00e9k vir\u00e1g) k\u00e9k vir\u00e1g ny\u00edlik e s\u00edronsz\u00e1ra k\u0151lap f\u00f6l\u00e9 hajlika gy\u00f6nge \u00e1gon hajnalkahimb\u00e1l halv\u00e1ny pora elhull id\u0151tlen sz\u00e9lcsend percegia m\u00e9rhetetlen t\u00e1vols\u00e1glassan sz\u00fcrk\u00fcl\u0151 pollen\u00e9tzene nem sz\u00f3l t\u00e1ncot nem rop m\u00e9g gondolatban sem senkiilletlen lenne \u2013 ki &hellip; <a href=\"https:\/\/opus-folyoirat.sk\/?page_id=3615\">Egy kattint\u00e1s ide a folytat\u00e1shoz&#8230;. <span class=\"meta-nav\">&rarr;<\/span><\/a><\/p>\n","protected":false},"author":4,"featured_media":0,"parent":0,"menu_order":0,"comment_status":"closed","ping_status":"closed","template":"","meta":{"footnotes":""},"class_list":["post-3615","page","type-page","status-publish","hentry"],"_links":{"self":[{"href":"https:\/\/opus-folyoirat.sk\/index.php?rest_route=\/wp\/v2\/pages\/3615","targetHints":{"allow":["GET"]}}],"collection":[{"href":"https:\/\/opus-folyoirat.sk\/index.php?rest_route=\/wp\/v2\/pages"}],"about":[{"href":"https:\/\/opus-folyoirat.sk\/index.php?rest_route=\/wp\/v2\/types\/page"}],"author":[{"embeddable":true,"href":"https:\/\/opus-folyoirat.sk\/index.php?rest_route=\/wp\/v2\/users\/4"}],"replies":[{"embeddable":true,"href":"https:\/\/opus-folyoirat.sk\/index.php?rest_route=%2Fwp%2Fv2%2Fcomments&post=3615"}],"version-history":[{"count":4,"href":"https:\/\/opus-folyoirat.sk\/index.php?rest_route=\/wp\/v2\/pages\/3615\/revisions"}],"predecessor-version":[{"id":3621,"href":"https:\/\/opus-folyoirat.sk\/index.php?rest_route=\/wp\/v2\/pages\/3615\/revisions\/3621"}],"wp:attachment":[{"href":"https:\/\/opus-folyoirat.sk\/index.php?rest_route=%2Fwp%2Fv2%2Fmedia&parent=3615"}],"curies":[{"name":"wp","href":"https:\/\/api.w.org\/{rel}","templated":true}]}}