{"id":3655,"date":"2025-04-26T00:32:00","date_gmt":"2025-04-25T22:32:00","guid":{"rendered":"https:\/\/opus-folyoirat.sk\/?page_id=3655"},"modified":"2026-01-14T11:32:59","modified_gmt":"2026-01-14T09:32:59","slug":"a-szinhaz-mindenkie","status":"publish","type":"page","link":"https:\/\/opus-folyoirat.sk\/?page_id=3655","title":{"rendered":"A sz\u00ednh\u00e1z mindenki\u00e9"},"content":{"rendered":"<div class=\"has-text-align-right wp-block-post-date\"><time datetime=\"2025-04-26T00:32:00+02:00\">2025-04-26<\/time><\/div>\n\n\n<p>Egy \u00fajabb nap a r\u00e9gim\u00f3di sz\u00ednh\u00e1z falai k\u00f6zt. B\u00e1rmi is t\u00f6rt\u00e9nik velem az \u00e9letemben, testemmel, lelkemmel, valahogy m\u00e9gis a sz\u00ednh\u00e1z az egyetlen, amely \u00e1lland\u00f3 marad sz\u00e1momra, valami\u00e9rt mindig itt tal\u00e1lom magam. Id\u0151r\u0151l id\u0151re megfogadom, hogy kit\u00f6r\u00f6k v\u00e9gre a lehet\u0151s\u00e9gek legapr\u00f3bb jel\u00e9t sem mutat\u00f3, k\u00f6ny\u00f6rtelen\u00fcl v\u00e1ltozatlan ker\u00e9kv\u00e1g\u00e1s fojtogat\u00f3 b\u00e9kj\u00f3i k\u00f6z\u00fcl, el a kiszipolyoz\u00e1s meleg\u00e1gy\u00e1b\u00f3l. De azt\u00e1n r\u00e1j\u00f6v\u00f6k, hogy ez egyenl\u0151 a lehetetlennel, semmi m\u00e1s, csak \u00f6n\u00e1m\u00edt\u00e1s. M\u00e9gis mi m\u00e1st csin\u00e1lhatn\u00e9k ezen k\u00edv\u00fcl? M\u00e9gis mi m\u00e1s t\u00f6lten\u00e9 ki az \u00e9letemet, ha nem ez? Semmi egy\u00e9bhez nem \u00e9rtek, nem lenn\u00e9k k\u00e9pes m\u00e1sban \u00e9rdemi funkci\u00f3 bet\u00f6lt\u00e9s\u00e9re, egyszer\u0171en nincs meg bennem a potenci\u00e1l semmi m\u00e1s elsaj\u00e1t\u00edt\u00e1s\u00e1ra \u00e9s a fejl\u0151d\u00e9sre. H\u00e1t, ez jutott, ezt dobta a g\u00e9p. \u0150szint\u00e9n sz\u00f3lva, ha jobban belegondolok lehetne sokkal rosszabb, nem igaz? V\u00e9g\u00fcl is sz\u00e9p dolog a sz\u00ednh\u00e1z, a kult\u00fara b\u00f6lcs\u0151je \u2013 \u00e9s kopors\u00f3ja is ugyan, b\u00e1r ez r\u00e9szletk\u00e9rd\u00e9s. Elkalandoztam. Teh\u00e1t a sz\u00ednh\u00e1z, oh a mi otthonunk. De ez \u00e1m nem az a f\u00e9ny\u0171z\u0151 fajta, nem. K\u00f6d\u00f6s, f\u00e1tyolos f\u00e9ny\u0171, komor belt\u00e9r, ahol az ember naphosszat csak poros sz\u00e9kek k\u00f6z\u00f6tt botork\u00e1l, l\u00e1tja egy r\u00f6pke pillanatra meg-megcsillanni az \u00e9let \u00e9rtelm\u00e9nek szikr\u00e1j\u00e1t, ami a k\u00f6vetkez\u0151 m\u00e1sodpercben m\u00e1r el is illant a m\u00faland\u00f3s\u00e1g sikaml\u00f3s mezsgy\u00e9j\u00e9re l\u00e9pve. A n\u00e9z\u0151t\u00e9r kongott az \u00fcress\u00e9gt\u0151l, mint \u00e1ltal\u00e1ban. Csak a sz\u00ednpad \u00e9gett vak\u00edt\u00f3 f\u00e9nyben, \u00e9s a sz\u00edn\u00e9szek \u2013 vagy kik voltak \u0151k, annyi biztos, hogy igen nagyra voltak magukkal \u2013 hangtalan j\u00e1t\u00e9kba kezdtek. Mindig ezt csin\u00e1lt\u00e1k, minden \u00e1ldott nap. Hogy nem unj\u00e1k meg? \u0150r\u00fclet! Folyv\u00e1st ez az iszony\u00fa m\u0171vis\u00e9g a reflektorok f\u00e9ny\u00e9ben, halk neszszer\u0171 zajt ugyan hallattak, de semmi egy\u00e9b, l\u00e9nyegi k\u00f6zlend\u0151 vagy \u00e9rtelmes sz\u00f3 egy darab sem. Ki \u00e9rti ezeket&#8230;?<\/p>\n\n\n\n<p>A nap m\u00e1sodik fel\u00e9ben a sz\u00edndarab m\u00e9g mindig tart. Nem tudom h\u00e1nyadik felvon\u00e1sn\u00e1l j\u00e1runk, \u00e9n puszt\u00e1n \u00f6nk\u00e9nt v\u00e1llalt n\u00e9mas\u00e1gba burkol\u00f3zva gubbasztok a n\u00e9z\u0151t\u00e9r bal h\u00e1ts\u00f3 sark\u00e1ban, mint aki valamif\u00e9le csod\u00e1t, megv\u00e1lt\u00e1st vagy sorsford\u00edt\u00f3 csavart v\u00e1r. Fogalmam sincs h\u00e1ny \u00f3ra lehet \u00e9pp, meghat\u00e1rozhatatlan, a pr\u00f3b\u00e1k k\u00f6zben mindig torzul az id\u0151. Szokatlan lehet egy avatatlan sz\u00e1m\u00e1ra, hogy itt, az \u00e9p\u00fclet falain bel\u00fcl az id\u0151 nem ugyan\u00fagy folyik. A sz\u00edn\u00e9szek arca mostanra lassan elmos\u00f3dott, m\u00e1r-m\u00e1r sz\u00e9tfolyt a t\u00e9rben, mintha amorf maszkokk\u00e1 v\u00e1ltak volna. N\u00e9ha azt hiszem, valamelyik a f\u0151n\u00f6k\u00f6m alakj\u00e1t \u00f6lt\u00f6tte fel. Vagy t\u00e1n az \u00e9desany\u00e1m\u00e9t? Nem vagyok biztos benne.<\/p>\n\n\n\n<p>Ma engem is felh\u00edvtak a sz\u00ednpadra. H\u00e1t m\u00e9gis k\u00fcl\u00f6nleges lett ez a nap! Tudtam, tudtam! \u00c9reztem ma reggel, ahogy az \u00e1gyb\u00f3l k\u00e1sz\u00e1l\u00f3dtam ki, hogy ma furcsam\u00f3d m\u00e1s a leveg\u0151. A rendez\u0151asszisztens g\u00f6rbe botj\u00e1val intett, hogy nyomban iparkodjak a sz\u00ednpadhoz. \u00dcgyetlen\u00fcl szedtem a l\u00e1bamat a l\u00e9pcs\u0151fokokon, p\u00e1rszor majdnem orra buktam izgalmamban. Lihegve \u00e9s verejt\u00e9kcseppekkel bor\u00edtott homlokkal sz\u00f6kkentem a k\u00f6z\u00e9pkor\u00fa koll\u00e9gan\u0151 el\u00e9, \u00e9s r\u00f6gt\u00f6n vigy\u00e1zba v\u00e1gtam magam. Azt mondta \u2013 vagy tal\u00e1n csak gondolta? \u2013, hogy a j\u00e1t\u00e9k sosem \u00e1llhat meg, a F\u00f6ld forog, menn\u00fcnk kell vele, mint egy \u00f6r\u00f6k hull\u00e1mvas\u00fat, melynek e nappal hivatalosan is az utasa lettem. \u00c9n pedig k\u00e9rd\u00e9s n\u00e9lk\u00fcl beh\u00f3doltam. Egy jelmezt adtak r\u00e1m: csak szakadt kab\u00e1tb\u00f3l \u00e9s egy \u00f3cska pap\u00edrkoron\u00e1b\u00f3l \u00e1llt.<\/p>\n\n\n\n<p>H\u00e1t, \u00edgy v\u00e1ltam \u00e9n is eggy\u00e9 a nagyok k\u00f6z\u00fcl. Most m\u00e1r a sz\u00ednpad az eg\u00e9sz vil\u00e1gom. Minden nap egy \u00faj szerepet adnak. Tegnap kir\u00e1ly voltam, ma k\u00f6ny\u00f6rg\u0151 paraszt. Holnap? Tal\u00e1n macska leszek, vagy v\u00e1ndor, ki tudja, minden reggel egy \u00fajabb meglepet\u00e9st tartogat. Izgalmas feladatok, v\u00e1ratlan kih\u00edv\u00e1sok sora \u00e1ll el\u0151ttem nap mint nap, de \u00e9lvezem. V\u00e9gre \u00fagy \u00e9rzem, \u00e9n is \u00e9rek valamit, hogy val\u00f3ban fontos lettem. Egy b\u00f6kken\u0151 azonban aggaszt, ami az \u00f6sszes eddigi szerepem alatt fesz\u00edtett bel\u00fcl megmagyar\u00e1zhatatlan frusztr\u00e1ci\u00f3t gener\u00e1lva: hogy sosem hallom a tapsot. Csend sz\u00f6vi \u00e1t a teret a d\u00edszteremben, mint valami ragacsos p\u00f3kh\u00e1l\u00f3, annak \u00f6sszes szeglete mag\u00e1nyos hangtalans\u00e1gban \u00e1rv\u00e1lkodik, csak a mi karaktereink szavai kapnak sz\u00e1rnyra suttogva a sz\u00ednpad felett lebeg\u0151 r\u00e9tegek \u00f6lel\u00e9s\u00e9ben.<\/p>\n\n\n\n<p>Nincs n\u00e9z\u0151 sem. Soha nem is volt. Kezdem sejteni, hogy az igazi szerepem nem a sz\u00ednpadon van, hanem a k\u00f6z\u00f6ns\u00e9g nem l\u00e9tez\u0151 sorai k\u00f6zt. Hisz n\u00e9z\u0151 n\u00e9lk\u00fcl nincs el\u0151ad\u00e1s sem, \u00edgy a sz\u00ednpadon t\u00f6lt\u00f6tt id\u0151 teljesen \u00e9rtelm\u00e9t veszti. Ha nincs kinek j\u00e1tszani, akkor az m\u00e1r nem sz\u00edn\u00e9szet, hanem \u00f6nmagunk indokolatlan interpret\u00e1l\u00e1sa m\u00e1s n\u00e9v alatt. II. Rich\u00e1rd, Rudolf cs\u00e1sz\u00e1r, Julius Caesar vagy egy n\u00e9vtelen koldus. A mi nev\u00fcnk is lehetne tulajdonk\u00e9ppen b\u00e1rmelyik. M\u00f6g\u00f6ttes tartalom n\u00e9lk\u00fcl ezek csak puszta szavak v\u00e9letlenszer\u0171en egym\u00e1s mell\u00e9 rendelve. Ki mondja meg, hogy melyik vagyok \u00e9n igaz\u00e1b\u00f3l? Na ugye, hogy senki! Ebb\u0151l kifoly\u00f3lag pedig mag\u00e1t\u00f3l \u00e9rtet\u0151d\u0151 a k\u00f6vetkez\u0151 konkl\u00fazi\u00f3, miszerint minden egyes megform\u00e1ltnak v\u00e9lt karakter val\u00f3j\u00e1ban a jellem\u00fcnk egy-egy r\u00e9sz\u00e9nek term\u00e9szetes kivet\u00fcl\u00e9se, tudniillik, hogy a fen\u00e9be lenn\u00e9nk k\u00e9pesek megj\u00e1tszani valamit, ami nincs valahol m\u00e9gis benn\u00fcnk, ami r\u00e9szben nem mi vagyunk? Vagyis mindez oda vezet, hogy e felfog\u00e1s szerint lehet, hogy \u00e9n vagyok a n\u00e9z\u0151 is \u00e9s a sz\u00edn\u00e9sz is. \u00c9s a rendez\u0151. \u00c9s a d\u00edszlet. A f\u00e9nyek. A s\u00fag\u00f3, a sz\u00f6vegk\u00f6nyv, a kell\u00e9kes, a jelmeztervez\u0151, s\u0151t m\u00e9g a port\u00e1s \u00e9s a egy\u00e9rtelm\u0171en a gondnok is.<\/p>\n\n\n\n<p>N\u00e9h\u00e1ny napja egyik nagy monol\u00f3gom monoton szaval\u00e1sa k\u00f6zben egy idegen testre lettem figyelmes a sz\u00ednpad sz\u00e9l\u00e9n, egy addig nem l\u00e9tez\u0151 elem\u00e9re a fizikai t\u00e9rnek. Egy barna keretes, v\u00e9kony faajt\u00f3 \u00e1llt ott az oldals\u00f3 meleg f\u00e9ny\u0171 l\u00e1mp\u00e1k finoman vill\u00f3dz\u00f3 megvil\u00e1g\u00edt\u00e1s\u00e1ban. Esk\u00fcdni mertem volna r\u00e1, vagy nagy \u00f6sszegben fogadni, hogy m\u00e9g sohasem l\u00e1ttam azel\u0151tt. S\u00e1rgar\u00e9z kilincs csillogott rajta, mintha frissen lett volna f\u00e9nyes\u00edtve. Hosszas sz\u00f3tlan sz\u00fcnet ut\u00e1n b\u00e1m\u00e9szkod\u00e1somb\u00f3l feleszm\u00e9lve hat\u00e1rozott l\u00e9ptekkel megindultam az ajt\u00f3 ir\u00e1ny\u00e1ba, \u00f3vatosan leoldalogtam a l\u00e9pcs\u0151 bord\u00f3 sz\u0151nyeggel bor\u00edtott fokain puha, alig hallhat\u00f3 dobban\u00e1sok k\u00f6zepette. Kezdeti magabiztoss\u00e1gom cserben hagyni l\u00e1tszott, m\u00edg v\u00e9g\u00fcl elbizonytalanodva ugyan, de c\u00e9lba \u00e9rve meg\u00e1lltam az ajt\u00f3t\u00f3l csup\u00e1n p\u00e1r centire. Megpr\u00f3b\u00e1ltam kinyitni, de abban a pillanatban, ahogy kezem felemelve a kilincshez \u00e9rtem, az m\u00e1ris elolvadt az ujjaim k\u00f6zt, s szertefoszlott, sz\u00e9tcsurgott cseppenk\u00e9nt hullva a padl\u00f3 kopott deszk\u00e1ira, mint a viaszb\u00f3l k\u00e9sz\u00fclt holdf\u00e9ny. Ez a viaszos anyag egyre csak folyt sz\u00e9t feltart\u00f3ztathatatlanul mind gyorsabban \u00e9s gyorsabban v\u00e9gigfolyva a sz\u00e9kek k\u00f6zt, ki eg\u00e9szen a folyos\u00f3ra elbor\u00edtva mindent. Egyre magasabbra t\u00f6rt fokozatosan el\u00e9rve a kart\u00e1ml\u00e1kat, jegy\u00e1rus\u00edt\u00f3 pultokat, ablakp\u00e1rk\u00e1nyokat. Dermedten \u00e1lltam csak egy helyben, k\u00e9ptelen voltam megmozdulni, mintha valaki a l\u00e1bfejeimre markolva szor\u00edtana teljes er\u0151b\u0151l a f\u00f6ldh\u00f6z. F\u00e9ltem, hogy megfulladok. A viasztenger egy szempillant\u00e1s alatt el\u00e9rte a sz\u00ednpad sz\u00e9l\u00e9t is, majd \u00e1tbukva annak perem\u00e9n sziv\u00e1rgott fel a p\u00f3dium burkolat\u00e1ra. Mindenki mozdulatlann\u00e1 v\u00e1lt odafenn, m\u00e1r t\u00e9rdig \u00e1csorogtak az olvadt aranynak l\u00e1tsz\u00f3 csillog\u00f3 folyad\u00e9kban, de senki nem sz\u00f3lt \u00e9s senki sem mozdult. Arcomat el\u00e9rve \u00e9reztem, ahogy melegs\u00e9ggel \u00e1raszt el a viasz, bebor\u00edt, ak\u00e1rcsak egy v\u00e9kony v\u00e9d\u0151r\u00e9teg. Azt hittem itt a v\u00e9g, elengedtem minden f\u00e1jdalmat, ellen\u00e1ll\u00e1st, szorong\u00e1st, s v\u00e1rtam a vak\u00edt\u00f3 feh\u00e9r f\u00e9nysug\u00e1r simogat\u00e1s\u00e1t. \u00c1m semmi ilyesmi nem j\u00f6tt. \u00d6sszecsapott fejem felett k\u00e9t kisebb hull\u00e1m, teljesen beter\u00edtve \u00e1lltam a s\u00e1rga foly\u00f3 fenek\u00e9n, m\u00e9gsem kapkodtam leveg\u0151 ut\u00e1n. Nem fulldokoltam, a legkev\u00e9sb\u00e9 sem, s\u0151t! Sosem \u00e9reztem m\u00e9g magam ilyen k\u00f6nny\u0171nek \u00e9s elevennek. Lepillantottam a kezeimre, megemeltem a l\u00e1baimat, \u00e9s a sz\u00f3 szoros \u00e9rtelm\u00e9ben lebegni kezdtem a folyad\u00e9kban, mintha csak v\u00edz alatt lenn\u00e9k meghalni k\u00e9ptelen\u00fcl. A viasz nemsok\u00e1ra el\u00e9rte a k\u00e9tsz\u00e1z \u00e9ves krist\u00e1lycsill\u00e1r dr\u00e1gak\u00f6veit, s mag\u00e1ba olvasztva mindent, mit meg\u00e9rint \u00f6lelte k\u00f6r\u00fcl a f\u00e9nyforr\u00e1s eg\u00e9sz\u00e9t, am\u00edg el nem \u00e9rte a mennyezetet ezzel csordultig t\u00f6ltve a roskadoz\u00f3 \u00e9p\u00fclet termeit. Ezut\u00e1n minden mozdulatlann\u00e1 v\u00e1lt, a sz\u00ednj\u00e1t\u00e9k is meg\u00e1llt. A sz\u00edn\u00e9szek k\u0151szobrokk\u00e9nt \u00e1lltak rezzen\u00e9stelen\u00fcl, mint m\u0171anyag j\u00e1t\u00e9kkaton\u00e1k. Csak \u00e9n mozogtam. Csak \u00e9n besz\u00e9ltem. De a t\u00f6rt\u00e9ntek ut\u00e1n ugyan kinek? Minek&#8230;?<\/p>\n\n\n\n<p>Viszont m\u00e1r \u00e9rtem. Most m\u00e1r tudom, hogy t\u00e9nyleg nincs sz\u00ednh\u00e1z. Soha nem volt. A f\u00f6ld reped\u00e9seib\u0151l kin\u0151tt \u00e1lmokban \u00e9l\u00fcnk csup\u00e1n, egy s\u00f6t\u00e9t \u00e9s n\u00e9ma gondolatban, amit valaki \u2013 tal\u00e1n \u00e9n? \u2013 gondolt egyszer, amikor m\u00e1r minden m\u00e1s elhallgatott.<\/p>\n\n\n\n<p>Aznap egy\u00e1ltal\u00e1n nem v\u00e1gytam haza. Nem tudtam \u00e9s nem is akartam volna elhagyni a otthon meleg\u00e9n\u00e9l is kellemesebben ringat\u00f3 sz\u00ednh\u00e1zi l\u00e9gk\u00f6rt, \u00edgy elhat\u00e1roztam, hogy ha nem is az id\u0151k v\u00e9gezet\u00e9ig, de egy j\u00f3 darabig biztosan itt maradok. H\u00e1tram\u00e1sztam h\u00e1t k\u00f6rbevonva a m\u00e9zszer\u0171 ned\u0171 puhas\u00e1g\u00e1val az \u00f6lt\u00f6z\u0151mbe, \u00e9s \u00e1tadva magam az utols\u00f3 porcik\u00e1mig a meleg \u00e1radatnak pihen\u00e9s gyan\u00e1nt lehunytam a szemem. Akkor \u00e9jjel a szekr\u00e9nyem ajtaja felpattant. Belsej\u00e9ben nem ruh\u00e1k, \u00e1larcok \u00e9s maskar\u00e1k, hanem szavak l\u00f3gtak. Szavak, amiket nem \u00e9n \u00edrtam, \u00e9s nem is \u00e9rtettem. M\u00e9gis hozz\u00e1m tartoztak. Beny\u00faltam a f\u00e9mdoboz \u00e1rnyakkal teli belsej\u00e9be, s leemeltem egy sz\u00f3t a kis fogasr\u00f3l: ,,hazat\u00e9rni\u201d. K\u00e9zbe fogtam \u00e9s kih\u00faztam a f\u00e9nyre, hogy jobban szem\u00fckre vehessem. Sz\u00e9thajtogatva selymes anyag\u00e1t kend\u0151 alakj\u00e1t \u00f6lt\u00f6tte, hol borsz\u00edn\u0171, m\u00e1skor, m\u00e1s sz\u00f6gb\u0151l pedig m\u00e9ly csokol\u00e1d\u00e9barna sz\u00ednben \u00faszva. A fejem f\u00f6l\u00e9 emeltem, \u00e9s k\u00f6penyk\u00e9nt a v\u00e1llamra bor\u00edtottam, majd visszaindultam lebeg\u0151 szellem l\u00e1tszat\u00e1t keltve a Nagysz\u00ednpadhoz.<\/p>\n\n\n\n<p>Reggelre a sz\u00ednpad elt\u0171nt. A hely\u00e9n ott \u00e1llt a m\u00e1r ismer\u0151s ajt\u00f3, arany kilincse most is h\u00edvogat\u00f3 ragyog\u00e1ssal \u00e9kes\u00edtette. A l\u00e1bam mag\u00e1t\u00f3l indult meg \u00f3vatos, remeg\u0151 l\u00e9ptekkel a fa konstrukci\u00f3j\u00fa emelv\u00e9ny k\u00f6zep\u00e9n hom\u00e1lyosan dereng\u0151, l\u00e1z\u00e1lomszer\u0171, pulz\u00e1l\u00f3 objektum fel\u00e9. Oda\u00e9rve \u00fajra a f\u00e9mkallanty\u00fa el\u00e9 emeltem a kezem, de az utols\u00f3 pillanatban haboz\u00e1s fogott el, valami m\u00e9lys\u00e9gesen s\u00f6t\u00e9t \u00e9rz\u00e9s, egy rossz \u00f3men, bens\u0151m l\u00e9ny\u00e9re nehezed\u0151, \u00e1tkos nyom\u00e1s. Ujjaim reszketni kezdtek, a sz\u00e1m kisz\u00e1radt, tenyeremet izzadni kezdett. Sosem volt m\u00e9g ehhez hasonl\u00f3 szor\u00edt\u00e1s a torkomban, eg\u00e9sz testemben remegni kezdtem kontroll\u00e1latlanul, de igyekeztem elhessegetni ezt az \u00e9rz\u00e9st, mely hatalm\u00e1ba ker\u00edtett. Ugyan, nem hiszek, egyszer\u0171en nem hihetek az ehhez hasonl\u00f3 bels\u0151 meg\u00e9rz\u00e9sekben, ezek csak csalfa, f\u00e9lrevezet\u0151 beidegz\u0151d\u00e9sek vagy az idegrendszer \u00e1ltal leadott hib\u00e1s reakci\u00f3k, jelz\u00e9sek. R\u00e1helyeztem h\u00e1t kezemet a hideg f\u00e9mfel\u00fcletre, \u00e9s k\u00e9sz\u00fcltem lenyomni azt. \u00c1m m\u00e9g miel\u0151tt a testem v\u00e9grehajthatta volna az agyam \u00e1ltal leadott parancsot, az ajt\u00f3 lassan, nyikorogva, r\u00e9snyire ny\u00edlni kezdett, majd lid\u00e9rces sikolyt id\u00e9z\u0151 hangon sarkig kit\u00e1rult. Oda\u00e1t csak s\u00f6t\u00e9ts\u00e9g t\u00e1tongott, \u00e9s feket\u00e9s f\u00fcst gomolygott ki a k\u00fcsz\u00f6bb felett. K\u00e9rd\u0151n \u00e9s f\u00e9lve, m\u00e9gis k\u00edv\u00e1ncsian n\u00e9ztem magam el\u00e9, hogy vajon mi az, amit l\u00e1tni v\u00e9lnem kellene az ajt\u00f3 t\u00faloldal\u00e1n, de \u00fagy t\u0171nt csak a roppant m\u00e9lys\u00e9g feneketlen s\u00f6t\u00e9tje n\u00e9z velem farkasszemet. Ekkor azonban v\u00e1ratlanul valami m\u00e9gis mozdulni l\u00e1tszott a t\u00e1volban, ak\u00e1r egy a feket\u00e9n\u00e9l is feket\u00e9bb \u00f6rd\u00f6gi \u00e1rny. M\u00e9lt\u00f3s\u00e1gteljes l\u00e9ptekkel s megfontolt vontatotts\u00e1ggal k\u00f6zeledett fel\u00e9m. K\u00f6rvonalai fokozatosan rajzol\u00f3dtak ki egyenesen ar\u00e1nyosan a k\u00f6zt\u00fcnk l\u00e9v\u0151 t\u00e1vols\u00e1g cs\u00f6kken\u00e9s\u00e9vel, mind t\u00f6bbet fedve fel testalkat\u00e1b\u00f3l, \u00f6lt\u00f6z\u00e9ke h\u00e9tk\u00f6znapis\u00e1g\u00e1b\u00f3l, \u00e9s az arc\u00e9lb\u0151l, mely borost\u00e1s, r\u00e1ncos, s\u00e1patag arc\u00e1t, fak\u00f3k\u00e9k szemeit \u00e9s \u00f6sszen\u0151ni k\u00e9sz\u00fcl\u0151 szem\u00f6ld\u00f6keit keretezte, m\u00edgnem el\u00e9rkezett ugyanolyan k\u00f6zel az ajt\u00f3hoz, mint amennyire \u00e9n magam is \u00e1lltam megszeppenve a s\u00e1rg\u00e1n f\u00e9nyl\u0151 oldalon. R\u00e1n\u00e9z\u00e9sre egym\u00e1s kik\u00f6p\u00f6tt m\u00e1sai lehett\u00fcnk volna, \u00e1m valami m\u00e9gsem stimmelt, volt benne valami, amit\u0151l m\u00e1snak \u00e9reztem. Belen\u00e9ztem az \u00fcres tekintet\u0171 szemp\u00e1rba, de nem magamat l\u00e1ttam, hanem egy idegent. \u00c9s az idegen mosolygott r\u00e1m. \u00c1m nem a kedves, sz\u00edvmelenget\u0151 m\u00f3don. Gonoszul, kaj\u00e1nul, f\u00e9lelmet kelt\u0151n. Nem \u00e1radt bel\u0151le semmi m\u00e1s, csak a sz\u00edn tiszta gy\u0171l\u00f6let, k\u00e9jv\u00e1gy, m\u00e1s k\u00ednja felett \u00e9rzett el\u00e9gt\u00e9tel okozta k\u00e1r\u00f6r\u00f6m. Mintha sejtett volna valamit, s\u0151t szinte biztos voltam benne, hogy tud is valamit r\u00f3lam, amit \u00e9n m\u00e9g nem. Valami gy\u00f6trelmes f\u00e1jdalmat, ami m\u00e9g v\u00e1r r\u00e1m \u00e9s elker\u00fclhetetlen. Elviselhetetlen s\u00fag\u00e1s, s\u00fcv\u00edt\u00e9s kezdte r\u00e1 kopony\u00e1mban, sz\u00e9tzil\u00e1lva minden j\u00f3zan \u00e9s \u00e9pesz\u0171 gondolatot. Olyan k\u00ednz\u00f3 f\u00e1jdalmat \u00e9reztem, mint m\u00e9g soha azel\u0151tt. Mintha a b\u0151r\u00f6m h\u00e1ntan\u00e1k le n\u00e9gyzetmillim\u00e9terr\u0151l n\u00e9gyzetmillim\u00e9terre. Rettegtem a jelens\u00e9g\u00e9t\u0151l, kisug\u00e1rz\u00e1s\u00e1t\u00f3l, mindent\u0151l, ami bel\u0151le sziv\u00e1rgott, lehetett az egy apr\u00f3 sejt\u00e9s vagy benyom\u00e1s legpar\u00e1nyabb \u00e9s leghalv\u00e1nyabb jele. \u0150r\u00fclt m\u00f3dj\u00e1ra akartam eszeveszett rohan\u00e1sba kezdeni fejemet vesztve, \u00e9s meg sem \u00e1llni addig, am\u00edg ez a lid\u00e9rces hasonm\u00e1s m\u00e1r nem l\u00e1that, \u00e9s ahov\u00e1 tudom, hogy nem tud k\u00f6vetni. \u0150rj\u00edt\u0151 ord\u00edt\u00e1sba kezdtem, \u00f6sszeszor\u00edtott fogakkal \u00e9s szemmel kuporodtam \u00f6ssze, t\u00e9rdeimet \u00e1tkaroltam karjaimmal \u00e9s magamhoz h\u00faztam. P\u00e1r m\u00e1sodperc m\u00falva a s\u00fag\u00e1s hirtelen egy szempillant\u00e1s alatt a m\u00falt k\u00f6d\u00e9v\u00e9 v\u00e1lt, n\u00e9ma csend \u00f6lelt k\u00f6r\u00fcl. Kinyitottam a szemem, \u00e9s nem l\u00e1ttam magam k\u00f6r\u00fcl sem az alakot, sem azt az el\u00e1tkozott Pokol kapuj\u00e1t. Egy elhagyatott, \u00fcres sz\u00ednh\u00e1z\u00e9p\u00fclet kell\u0151s k\u00f6zep\u00e9n gubbasztottam egymagam, k\u00f6r\u00f6ttem csak a patk\u00e1nyok, cs\u00f3t\u00e1nyok \u00e9s p\u00f3kkl\u00e1nok bizarr idillje a romos, nagyr\u00e9szt sz\u00e9tesett sz\u00e9ksorok k\u00f6zt megh\u00faz\u00f3dva, \u00e9s elborzaszt\u00f3 \u00e1lomszer\u0171s\u00e9ggel alkotott ezekkel kar\u00f6ltve a tomp\u00e1n kavarg\u00f3 sz\u00e9l groteszk m\u00f3don fens\u00e9ges fest\u0151i k\u00e9pet. F\u00e9lhom\u00e1ly volt, hideg \u00e9s egyed\u00fcl voltam. A sz\u00ednh\u00e1z pedig csak egy gondolat volt. Egy \u00e1lom a val\u00f3s\u00e1gon bel\u00fcl. Most, hogy az \u00e1lom szertefoszlott, tal\u00e1n v\u00e9gre \u00e9bren vagyok.<\/p>\n\n\n\n<p>De a falak m\u00e9g mindig puha f\u00fcgg\u00f6nyb\u0151l vannak s a taps m\u00e9g mindig n\u00e9ma.<\/p>\n\n\n\n<p>Tal\u00e1n m\u00e9gis csak a sz\u00edndarab v\u00e1lt bennem val\u00f3s\u00e1gg\u00e1&#8230;vagy a val\u00f3s\u00e1g lenne az \u00e9n szem\u00e9lyes sz\u00edndarabom?<\/p>\n","protected":false},"excerpt":{"rendered":"<p>Egy \u00fajabb nap a r\u00e9gim\u00f3di sz\u00ednh\u00e1z falai k\u00f6zt. B\u00e1rmi is t\u00f6rt\u00e9nik velem az \u00e9letemben, testemmel, lelkemmel, valahogy m\u00e9gis a sz\u00ednh\u00e1z az egyetlen, amely \u00e1lland\u00f3 marad sz\u00e1momra, valami\u00e9rt mindig itt tal\u00e1lom magam. Id\u0151r\u0151l id\u0151re megfogadom, hogy kit\u00f6r\u00f6k v\u00e9gre a lehet\u0151s\u00e9gek legapr\u00f3bb &hellip; <a href=\"https:\/\/opus-folyoirat.sk\/?page_id=3655\">Egy kattint\u00e1s ide a folytat\u00e1shoz&#8230;. <span class=\"meta-nav\">&rarr;<\/span><\/a><\/p>\n","protected":false},"author":4,"featured_media":0,"parent":0,"menu_order":0,"comment_status":"closed","ping_status":"closed","template":"","meta":{"footnotes":""},"class_list":["post-3655","page","type-page","status-publish","hentry"],"_links":{"self":[{"href":"https:\/\/opus-folyoirat.sk\/index.php?rest_route=\/wp\/v2\/pages\/3655","targetHints":{"allow":["GET"]}}],"collection":[{"href":"https:\/\/opus-folyoirat.sk\/index.php?rest_route=\/wp\/v2\/pages"}],"about":[{"href":"https:\/\/opus-folyoirat.sk\/index.php?rest_route=\/wp\/v2\/types\/page"}],"author":[{"embeddable":true,"href":"https:\/\/opus-folyoirat.sk\/index.php?rest_route=\/wp\/v2\/users\/4"}],"replies":[{"embeddable":true,"href":"https:\/\/opus-folyoirat.sk\/index.php?rest_route=%2Fwp%2Fv2%2Fcomments&post=3655"}],"version-history":[{"count":1,"href":"https:\/\/opus-folyoirat.sk\/index.php?rest_route=\/wp\/v2\/pages\/3655\/revisions"}],"predecessor-version":[{"id":3656,"href":"https:\/\/opus-folyoirat.sk\/index.php?rest_route=\/wp\/v2\/pages\/3655\/revisions\/3656"}],"wp:attachment":[{"href":"https:\/\/opus-folyoirat.sk\/index.php?rest_route=%2Fwp%2Fv2%2Fmedia&parent=3655"}],"curies":[{"name":"wp","href":"https:\/\/api.w.org\/{rel}","templated":true}]}}