{"id":3671,"date":"2025-04-28T12:07:00","date_gmt":"2025-04-28T10:07:00","guid":{"rendered":"https:\/\/opus-folyoirat.sk\/?page_id=3671"},"modified":"2026-01-14T12:09:44","modified_gmt":"2026-01-14T10:09:44","slug":"vamos-miklos-otvenhet-lepes","status":"publish","type":"page","link":"https:\/\/opus-folyoirat.sk\/?page_id=3671","title":{"rendered":"V\u00e1mos Mikl\u00f3s: \u00d6tvenh\u00e9t l\u00e9p\u00e9s"},"content":{"rendered":"\n<p><strong>(recenzi\u00f3)<\/strong><\/p>\n\n\n<div class=\"has-text-align-right wp-block-post-date\"><time datetime=\"2025-04-28T12:07:00+02:00\">2025-04-28<\/time><\/div>\n\n\n<p>Az \u00d6tvenh\u00e9t l\u00e9p\u00e9s V\u00e1mos Mikl\u00f3s 2022 febru\u00e1rj\u00e1ban az Athenaeum kiad\u00f3 \u00e1ltal megjelent l\u00e9lektani reg\u00e9nye, mely a legfrissebb k\u00f6nyvsorozat\u00e1nak \u2013 a Karcs\u00fa K\u00f6nyveknek \u2013 els\u0151 darabja. A k\u00f6tetben a tervek szerint olyan m\u0171vek jelennek majd meg \u00e9vente k\u00e9tszer (febru\u00e1rban \u00e9s okt\u00f3berben), melyek r\u00f6videk, kell\u0151en t\u00f6m\u00f6rek, m\u00e9gis prec\u00edzek \u00e9s praktikus zsebk\u00f6nyv m\u00e9retben \u00e9rthet\u0151ek el a vastagk\u00f6nyvf\u00f3bi\u00e1ban szenved\u0151k nagy \u00f6r\u00f6m\u00e9re.<\/p>\n\n\n\n<figure class=\"wp-block-image size-large\"><img loading=\"lazy\" decoding=\"async\" width=\"1024\" height=\"450\" src=\"https:\/\/opus-folyoirat.sk\/wp-content\/uploads\/2026\/01\/VamosMiklos-1024x450.jpeg\" alt=\"\" class=\"wp-image-3672\" srcset=\"https:\/\/opus-folyoirat.sk\/wp-content\/uploads\/2026\/01\/VamosMiklos-1024x450.jpeg 1024w, https:\/\/opus-folyoirat.sk\/wp-content\/uploads\/2026\/01\/VamosMiklos-300x132.jpeg 300w, https:\/\/opus-folyoirat.sk\/wp-content\/uploads\/2026\/01\/VamosMiklos-768x337.jpeg 768w, https:\/\/opus-folyoirat.sk\/wp-content\/uploads\/2026\/01\/VamosMiklos-1536x674.jpeg 1536w, https:\/\/opus-folyoirat.sk\/wp-content\/uploads\/2026\/01\/VamosMiklos-2048x899.jpeg 2048w, https:\/\/opus-folyoirat.sk\/wp-content\/uploads\/2026\/01\/VamosMiklos-500x219.jpeg 500w\" sizes=\"auto, (max-width: 1024px) 100vw, 1024px\" \/><\/figure>\n\n\n\n<p>A m\u0171 n\u00e9gy n\u0151 sors\u00e1nak \u00f6sszefon\u00f3d\u00e1sa h\u00e1rom nemzed\u00e9ken \u00e1t 170 oldalba s\u0171r\u00edtve, melyek kiv\u00e9tel n\u00e9lk\u00fcl, m\u00e1s-m\u00e1s m\u00f3don ugyan, de egy bizonyos kast\u00e9ly k\u00f6r\u00e9 \u00f6sszpontosulnak a 20. sz\u00e1zad derek\u00e1n. A cselekm\u00e9nyt mag\u00e1t az asszonyok mes\u00e9lik el 15 fejezetben, melyeket egy v\u00e9gs\u0151 \u00f6sszegz\u0151 t\u00f6rt\u00e9net, egy fin\u00e1l\u00e9 z\u00e1r. A fejezetek 3 nagyobb csoportra oszthat\u00f3k, mindegyik eset\u00e9ben az els\u0151 n\u00e9gy elbesz\u00e9l\u0151je a legfiatalabb h\u00f6lgy, T\u00f3th Gizella, aki id\u0151s \u00e9s beteg \u00e9desanyja \u00e1pol\u00e1s\u00e1nak szentelte eg\u00e9sz \u00e9let\u00e9t, maga is v\u00e9nkisasszony, ak\u00e1rcsak felmen\u0151i, senki nincs, ki gondoskodhatna r\u00f3la, csup\u00e1n eml\u00e9kei rabjak\u00e9nt tengeti mindennapjait. Az els\u0151 r\u00e9sz z\u00e1r\u00e1sak\u00e9nt az \u00f6t\u00f6dik fejezetben az \u00e9desanyja, T\u00f3th \u00c9va veszi \u00e1t a narr\u00e1tor szerep\u00e9t, az \u0151 gondolatait olvashatjuk. Mindenkin\u00e9l jobban szereti l\u00e1ny\u00e1t, \u00e1m lelki b\u00e9k\u00e9je teljes elveszt\u00e9se ok\u00e1n k\u00e9ptelen \u00e9rzelmeit kimutatni fel\u00e9 vagy b\u00e1rki m\u00e1s ir\u00e1ny\u00e1ba a falujukban, egyetlen id\u0151t\u00f6lt\u00e9se a kast\u00e9ly \u2013 ahol \u00e9lete t\u00falnyom\u00f3 r\u00e9sz\u00e9t le\u00e9lte szolgak\u00e9nt \u2013 kertj\u00e9ben tereb\u00e9lyesed\u0151 f\u00e1k csod\u00e1lata \u00e9s \u00f6lelget\u00e9se, hiszen hajdan\u00e1n \u0151 gondozta ezeket a pomp\u00e1s monstrumokat, s az egykor \u00e9let\u00e9nek fontos r\u00e9sz\u00e9t k\u00e9pez\u0151 f\u00e9rfiak ut\u00e1n nevezte el \u0151ket, ezzel tisztelve \u00e9s \u0151rizve eml\u00e9k\u00fcket. A m\u00e1sodik egys\u00e9g z\u00e1r\u00f3taktusa Gizella megboldogult nagyanyj\u00e1nak, T\u00f3th Ilon\u00e1nak tapasztalataiba \u00e9s \u00e9rzelmeibe enged betekint\u00e9st, aki egykoron ugyancsak a kast\u00e9lyban \u00e9lt \u00e9s dolgozott, s v\u00e1lt a gr\u00f3fn\u00e9 legkedvesebb bar\u00e1tn\u0151j\u00e9v\u00e9. V\u00e9gezet\u00fcl pedig a harmadik modul befejez\u0151 monol\u00f3gja \u0151m\u00e9lt\u00f3s\u00e1ga Katinka gr\u00f3fn\u00e9 l\u00e1tsz\u00f3lag irigyl\u00e9sre m\u00e9lt\u00f3, \u00e1m \u00e1ltala szenved\u00e9sk\u00e9nt elk\u00f6nyvelt \u00e9lett\u00f6rt\u00e9net\u00e9t taglalja. \u0150 a m\u00e1sik h\u00e1rom asszony t\u00f6k\u00e9letes ellenp\u00f3lusa sz\u00e1rmaz\u00e1s\u00e1nak \u00e9s m\u0171velts\u00e9g\u00e9nek k\u00f6sz\u00f6nhet\u0151en.<\/p>\n\n\n\n<p>A fin\u00e1l\u00e9 egy k\u00fcl\u00f6nleges formai eszk\u00f6zzel csavar egy utols\u00f3t a reg\u00e9ny cselekm\u00e9ny\u00e9nek fonal\u00e1n, ugyanis egy fejezeten bel\u00fcl v\u00e1ltakoztatja e n\u00e9gy n\u00e9z\u0151pontot, jelenetenk\u00e9nt mutatva be az aktu\u00e1lis t\u00f6rt\u00e9n\u00e9seket. Maga a cselekm\u00e9ny itt lesz igaz\u00e1n mozgalmas, az ezt megel\u0151z\u0151 blokkok ink\u00e1bb aff\u00e9le visszaeml\u00e9kez\u00e9sek \u00e9s a szerepl\u0151k bels\u0151 vil\u00e1g\u00e1nak, m\u00e9lyensz\u00e1nt\u00f3 gondolataik szeml\u00e9ltet\u00e9se. Az utols\u00f3 egys\u00e9g dinamik\u00e1ja gyorsan v\u00e1ltoz\u00f3, valamint itt \u00e9rintkezik egym\u00e1ssal t\u00e9nylegesen a reg\u00e9ny k\u00e9t sz\u00edntere: a val\u00f3s vil\u00e1g \u00e9s a hal\u00e1l ut\u00e1ni l\u00e9t. A z\u00e1r\u00f3 epiz\u00f3d megjelen\u00e9s\u00e9ig az esem\u00e9nyek puszt\u00e1n a re\u00e1lis t\u00e9rben t\u00f6rt\u00e9nnek meg, a f\u00f6ld\u00f6nt\u00fali vil\u00e1g pedig csak a r\u00e9gm\u00falt inform\u00e1ci\u00f3it szolg\u00e1ltatja az olvas\u00f3nak. A m\u0171 v\u00e9g\u00e9n viszont ez a fel\u00e1ll\u00e1s megv\u00e1ltozik, V\u00e1mos egyfajta k\u00e9pet t\u00e1r el\u00e9nk az \u00e1ltala elk\u00e9pzelt mennyorsz\u00e1gr\u00f3l, a v\u00e1rva v\u00e1rt tal\u00e1lkoz\u00e1sokr\u00f3l \u00e9s a f\u00f6ldi s\u00edk egyetlen alakja Gizike marad, aki azonban maga is szellemileg elt\u00e1vozik e sz\u00f6rny\u0171 k\u00ednok k\u00f6z\u00fcl. Epiz\u00f3dr\u00f3l epiz\u00f3dra egyre m\u00e9lyebbre \u00e1shatunk a m\u00faltba \u00e9s a szerepl\u0151k lelk\u00e9be, s minden eml\u00e9k fokozatosan bontakozik ki, ahogy egyre r\u00e9szletesebb k\u00e9pet mutat a szerz\u0151 az egykori esem\u00e9nyekr\u0151l.<\/p>\n\n\n\n<p>A t\u00f6rt\u00e9net 1994-ben indul, Gizike unalmas \u00e9s monoton mindennapjait t\u00f6lti \u00e9desanyja t\u00e1rsas\u00e1g\u00e1ban egy n\u00e1dfedeles h\u00e1zban \u00f6tvenh\u00e9t l\u00e9p\u00e9snyire a m\u00e1r eml\u00edtett kast\u00e9lyt\u00f3l. Anya \u00e9s l\u00e1nya egykoron \u2013 a nagymam\u00e1hoz hasonl\u00f3an \u2013 mindketten a kast\u00e9lyban szolg\u00e1ltak. Mindh\u00e1rom gener\u00e1ci\u00f3 l\u00e1nya t\u00f6rv\u00e9nytelen gyermekk\u00e9nt j\u00f6tt a vil\u00e1gra, s apa n\u00e9lk\u00fcl n\u0151tt fel. Csel\u00e9dk\u00e9nt rendszeresen megal\u00e1zt\u00e1k, megvetett\u00e9k \u0151ket, s\u0151t a rajtuk elk\u00f6vetett er\u0151szakos cselekedetek csak m\u00e9g jobban szapor\u00edtott\u00e1k a megal\u00e1z\u00f3 \u00e9lm\u00e9nyeket. Egyik\u00fck eset\u00e9ben a tehet\u0151s gr\u00f3f, egy gener\u00e1ci\u00f3val k\u00e9s\u0151bb egy vend\u00e9g\u00fcl l\u00e1tott orosz katona, majd az unoka \u00e9let\u00e9ben egy \u00e9nk\u00f6zpont\u00fa \u00edr\u00f3 volt az megvetend\u0151 f\u00e9rfi. A negyedik n\u0151 karaktere kiss\u00e9 kil\u00f3g a sorb\u00f3l, hiszen az elbesz\u00e9l\u00e9sb\u0151l kider\u00fcl, hogy \u0151 volt a T\u00f3th csal\u00e1d seg\u00edt\u0151je \u00e9s egyetlen kast\u00e9lybeli t\u00e1mogat\u00f3ja, \u00e1m szenved\u00e9st\u0151l a legkev\u00e9sb\u00e9 sem mentes \u00e9lete okot ad r\u00e1, hogy helyet kapjon a nyomorult asszonyok sor\u00e1ban a reg\u00e9ny egyik elbesz\u00e9l\u0151jek\u00e9nt. A kast\u00e9ly \u00e1llamos\u00edt\u00e1sa ut\u00e1n a szocializmus idej\u00e9n kilakoltatt\u00e1k \u0151t saj\u00e1t otthon\u00e1b\u00f3l, s \u00edgy szinte teljesen elszeg\u00e9nyedett. Ezt k\u00f6vet\u0151en a csal\u00e1di \u00e9kszerekb\u0151l pr\u00f3b\u00e1lt meg\u00e9lhet\u00e9st biztos\u00edtani mag\u00e1nak, azonban csakhamar kider\u00fclt, hogy az \u00f6r\u00f6ks\u00e9ge minden darabja egyszer\u0171 hamis\u00edtv\u00e1ny, \u00edgy v\u00e9g\u00fcl nincstelenk\u00e9nt, mag\u00e1nyosan hal meg. A gr\u00f3fn\u00e9 egyedis\u00e9ge a t\u00f6rt\u00e9net menet\u00e9ben, hogy \u0151 az egyetlen, aki tudja a T\u00f3th csal\u00e1d sz\u00e1rmaz\u00e1s\u00e1nak titk\u00e1t, hogy annak idej\u00e9n mi\u00e9rt vett\u00e9k magukhoz Ilusk\u00e1t (azaz a nagymam\u00e1t) a kast\u00e9lyba, \u00e1m ez a rejt\u00e9ly csup\u00e1n az olvas\u00f3 sz\u00e1m\u00e1ra v\u00e1lik egy\u00e9rtelm\u0171v\u00e9, a h\u00e1rom asszony mindezt sosem der\u00edti ki.<\/p>\n\n\n\n<p>A kisreg\u00e9ny v\u00e9g\u00e9n Gizella szinte m\u00e1r anyja hal\u00e1l\u00e1t v\u00e1rja, majd, amikor val\u00f3ban el\u00e9rkezik a trag\u00e9dia, sz\u00e9p csendben bele\u0151r\u00fcl gy\u00e1sz\u00e1ba, \u00e9s int\u00e9zetbe ker\u00fcl teljesen elszigetelve a k\u00fclvil\u00e1gt\u00f3l.<\/p>\n\n\n\n<p>Az \u00edr\u00f3 fonetikus \u00edr\u00e1sm\u00f3dban k\u00f6zli a szerepl\u0151k eszmefuttat\u00e1sait, filozof\u00e1lgat\u00e1saikat, brav\u00faros pontoss\u00e1ggal elk\u00fcl\u00f6n\u00edtve a h\u00e1rom gener\u00e1ci\u00f3 sz\u00f3kincs\u00e9t, mindezt egy olyan szerkezeti kuri\u00f3zum alkalmaz\u00e1s\u00e1val, mely nem mindennapi tehets\u00e9g\u00e9r\u0151l ad tan\u00fabizonys\u00e1got. A sz\u00f6veg ugyanis val\u00f3j\u00e1ban csak egyetlenegy mondatb\u00f3l \u00e9p\u00fcl fel, egy\u00e1ltal\u00e1n nem haszn\u00e1l mondatv\u00e9gi \u00edr\u00e1sjeleket, vessz\u0151ket is m\u00e1r csak nagyon bonyolult, t\u00f6bbsz\u00f6r\u00f6sen \u00f6sszetett \u00e9s al\u00e1rendelt strukt\u00far\u00e1k eset\u00e9ben.<\/p>\n\n\n\n<p>A k\u00f6nyv kem\u00e9ny k\u00f6t\u00e9sben ker\u00fclt kiad\u00e1sra, bor\u00edt\u00f3ja a p\u00e1ratlanul sz\u00e9p csillagos \u00e9jszakai \u00e9gboltot hivatott \u00e1br\u00e1zolni.<\/p>\n\n\n\n<p>A c\u00edm teljes val\u00f3j\u00e1ban metaforikus jelent\u00e9ssel b\u00edr, hiszen a sz\u00f3 szoros \u00e9rtelm\u00e9ben ez ugyan a t\u00e1vols\u00e1g a kast\u00e9ly \u00e9s T\u00f3th\u00e9k kis kunyh\u00f3ja k\u00f6zt, viszont a m\u0171vet olvasva r\u00e1d\u00f6bben\u00fcnk, hogy \u00e9let\u00fcnk minden egyes d\u00f6nt\u00e9se, jellem\u00fcnk \u00e9s l\u00e9ny\u00fcnk val\u00f3di mivolta, \u00f6sszess\u00e9g\u00e9ben az eg\u00e9sz sorsunk mind\u00f6ssze \u00f6tvenh\u00e9t l\u00e9p\u00e9sen m\u00falik, ennyi v\u00e1laszt el minket egy teljesen m\u00e1s v\u00e9gzett\u0151l, hajsz\u00e1lv\u00e9kony hat\u00e1r boldogs\u00e1g \u00e9s nyomor, \u00e9let \u00e9s hal\u00e1l k\u00f6z\u00f6tt.<\/p>\n\n\n\n<p class=\"has-text-align-right\"><em>Fekete T\u00fcnde<\/em><\/p>\n","protected":false},"excerpt":{"rendered":"<p>(recenzi\u00f3) Az \u00d6tvenh\u00e9t l\u00e9p\u00e9s V\u00e1mos Mikl\u00f3s 2022 febru\u00e1rj\u00e1ban az Athenaeum kiad\u00f3 \u00e1ltal megjelent l\u00e9lektani reg\u00e9nye, mely a legfrissebb k\u00f6nyvsorozat\u00e1nak \u2013 a Karcs\u00fa K\u00f6nyveknek \u2013 els\u0151 darabja. A k\u00f6tetben a tervek szerint olyan m\u0171vek jelennek majd meg \u00e9vente k\u00e9tszer (febru\u00e1rban \u00e9s &hellip; <a href=\"https:\/\/opus-folyoirat.sk\/?page_id=3671\">Egy kattint\u00e1s ide a folytat\u00e1shoz&#8230;. <span class=\"meta-nav\">&rarr;<\/span><\/a><\/p>\n","protected":false},"author":4,"featured_media":0,"parent":0,"menu_order":0,"comment_status":"closed","ping_status":"closed","template":"","meta":{"footnotes":""},"class_list":["post-3671","page","type-page","status-publish","hentry"],"_links":{"self":[{"href":"https:\/\/opus-folyoirat.sk\/index.php?rest_route=\/wp\/v2\/pages\/3671","targetHints":{"allow":["GET"]}}],"collection":[{"href":"https:\/\/opus-folyoirat.sk\/index.php?rest_route=\/wp\/v2\/pages"}],"about":[{"href":"https:\/\/opus-folyoirat.sk\/index.php?rest_route=\/wp\/v2\/types\/page"}],"author":[{"embeddable":true,"href":"https:\/\/opus-folyoirat.sk\/index.php?rest_route=\/wp\/v2\/users\/4"}],"replies":[{"embeddable":true,"href":"https:\/\/opus-folyoirat.sk\/index.php?rest_route=%2Fwp%2Fv2%2Fcomments&post=3671"}],"version-history":[{"count":1,"href":"https:\/\/opus-folyoirat.sk\/index.php?rest_route=\/wp\/v2\/pages\/3671\/revisions"}],"predecessor-version":[{"id":3673,"href":"https:\/\/opus-folyoirat.sk\/index.php?rest_route=\/wp\/v2\/pages\/3671\/revisions\/3673"}],"wp:attachment":[{"href":"https:\/\/opus-folyoirat.sk\/index.php?rest_route=%2Fwp%2Fv2%2Fmedia&parent=3671"}],"curies":[{"name":"wp","href":"https:\/\/api.w.org\/{rel}","templated":true}]}}