{"id":3710,"date":"2025-05-17T13:02:00","date_gmt":"2025-05-17T11:02:00","guid":{"rendered":"https:\/\/opus-folyoirat.sk\/?page_id=3710"},"modified":"2026-01-14T13:04:23","modified_gmt":"2026-01-14T11:04:23","slug":"pentek-imre","status":"publish","type":"page","link":"https:\/\/opus-folyoirat.sk\/?page_id=3710","title":{"rendered":"P\u00e9ntek Imre"},"content":{"rendered":"\n<div class=\"wp-block-group is-vertical is-layout-flex wp-container-core-group-is-layout-8cf370e7 wp-block-group-is-layout-flex\">\n<p><strong>A felt\u00e1madt m\u00falt hull\u00e1mver\u00e9se<\/strong><\/p>\n\n\n\n<p><em>(Kili\u00e1n L\u00e1szl\u00f3: Az id\u0151 m\u00edtosza)<\/em><\/p>\n<\/div>\n\n\n<div class=\"has-text-align-right wp-block-post-date\"><time datetime=\"2025-05-17T13:02:00+02:00\">2025-05-17<\/time><\/div>\n\n\n<p>Kili\u00e1n L\u00e1szl\u00f3 2017-ben megjelent reg\u00e9nye, A fa m\u00edtosza \u2013 mondhatjuk \u2013 filoz\u00f3fikus essz\u00e9reg\u00e9ny. A m\u00edtoszt v\u00e1lasztotta kulcsfogalomk\u00e9nt, ami mese, monda, az \u00edr\u00e1s kialakul\u00e1sa el\u0151tt, amelyben&nbsp; istenek \u00e9s f\u00e9listenek, emberfeletti h\u0151s\u00f6k futj\u00e1k be v\u00e9gzetes p\u00e1ly\u00e1jukat, amelynek eredm\u00e9nyek\u00e9nt artikul\u00e1l\u00f3dik&nbsp; a teremtett vil\u00e1g, megsz\u00fcletik civiliz\u00e1ci\u00f3nk kezdete, egyesek szerint \u201earanykora\u201d. A fa m\u00edtosza c\u00edm egy anyagra \u00f6sszpontos\u00edt \u2013 l\u00e1tsz\u00f3lag -, de ann\u00e1l t\u00e1gabb k\u00f6rt jelen\u00edt meg. F\u0151h\u0151se P\u00e1n, ez a k\u00fcl\u00f6n\u00f6s mitol\u00f3giai alak, itt az indul\u00e1s vagy ind\u00edt\u00e1s demiurgosza, aki 12 fejezeten \u00e1t alkotja a civiliz\u00e1ci\u00f3 el\u0151k\u00e9p\u00e9t, feltal\u00e1lva a \u201ehajl\u00e9kot\u201d, a \u201enyelvet\u201d, m\u0171k\u00f6dteti a k\u00e9pzeletet. Az emberek k\u00f6z\u00f6tt m\u00e9gis akadnak \u00e1rul\u00f3i, \u00e9s pusztul\u00e1s\u00e1nak h\u00edre megr\u00e1zza az eget-f\u00f6ldet. \u00c1m Kili\u00e1n legnagyobb \u00e9rdeme ebben az els\u0151 m\u0171ben : megteremtette m\u00edtoszi vil\u00e1g\u00e1nak ter\u00e9t \u00e9s idej\u00e9t, elindulhatott a grandi\u00f3zus reg\u00e9nyfolyam, amely \u2013 egy\u00e9bk\u00e9nt \u2013 sz\u00e1mos m\u0171faji bet\u00e9ttel gazdagodott, \u201egombamond\u00f3k\u00e1val\u201d, a \u201elombkoron\u00e1k mond\u00f3k\u00e1j\u00e1val\u201d, P\u00e1nr\u00f3l sz\u00f3l\u00f3 kiseposszal. A vas fiai tov\u00e1bb artikul\u00e1lja a kibontakoz\u00f3 civiliz\u00e1ci\u00f3t, s a m\u00e1r megteremtett k\u00f6zegben haladva m\u00e9g r\u00e9szletesebben rajzolja meg a maga k\u00f6rnyezet\u00e9t. Amelynek a f\u0151 eleme a munka. Uther, a f\u0151szerepl\u0151 \u201e t\u00e9r\u00edtettjei\u201d megtanulnak dolgozni. Ami \u00f3ri\u00e1si fejl\u0151d\u00e9st teremt. \u201eA munka alkonyi humusza a v\u00e9gtelen megsz\u00e9gyen\u00edt\u00e9se.\u201dKialakul&nbsp; a falu, a v\u00e1ros, a politika. \u00c9s l\u00e9trej\u00f6n a forradalom, a hatalomv\u00e1lt\u00e1s eszk\u00f6ze. Azt\u00e1n elj\u00f6n a birodalmak kora \u00e9s a h\u00e1bor\u00fa\u00e9. Mindez kitermeli az eszm\u00e9nyt. \u201eAz eszm\u00e9ny a rem\u00e9ny.\u201d \u2013 mondja a szerz\u0151 az epil\u00f3gusban. Uther \u2013 aki a nagy szervez\u0151 \u2013 elt\u0171nik az esem\u00e9nyek forgatag\u00e1ban. Az epil\u00f3gus azt is megnevezi, aki a harmadik k\u00f6tetet f\u0151h\u0151se lesz: \u201eMizar az ig\u00e9zetes \u00edg\u00e9ret.\u201d<\/p>\n\n\n<div class=\"wp-block-image\">\n<figure class=\"alignright size-full is-resized\"><img loading=\"lazy\" decoding=\"async\" width=\"351\" height=\"500\" src=\"https:\/\/opus-folyoirat.sk\/wp-content\/uploads\/2026\/01\/Kilian-Laszlo-Az-ido-mitosza.jpeg\" alt=\"\" class=\"wp-image-3711\" style=\"width:303px;height:auto\" srcset=\"https:\/\/opus-folyoirat.sk\/wp-content\/uploads\/2026\/01\/Kilian-Laszlo-Az-ido-mitosza.jpeg 351w, https:\/\/opus-folyoirat.sk\/wp-content\/uploads\/2026\/01\/Kilian-Laszlo-Az-ido-mitosza-211x300.jpeg 211w\" sizes=\"auto, (max-width: 351px) 100vw, 351px\" \/><\/figure><\/div>\n\n\n<p>N\u00e9mi meglepet\u00e9st kelt, hogy A vas fiai csupa cselekm\u00e9ny, kavarg\u00e1s, \u00faj \u00e9s \u00faj fejlem\u00e9nyek sora, addig itt nyugodtabb temp\u00f3ban folyik \u00e9let. Term\u00e9szetesen a m\u00e1r megszokott t\u00e9rben \u00e9s id\u0151ben. \u00c9s itt \u00e9rv\u00e9nyes\u00fcl legjobban az a maga alkotta nyelv, amit Kili\u00e1n legink\u00e1bb elfogadhat\u00f3nak tal\u00e1lt a harmadik k\u00f6tet szerelmi t\u00f6rt\u00e9net\u00e9nek kifejt\u00e9s\u00e9hez. Most, a kezdet idej\u00e9n az egyiptomi B\u00e9sz, a t\u00f6rpeisten lesz f\u0151 mozgat\u00f3, aki \u201e megid\u00e9z \u00e9s tetemre h\u00edv.\u201dHozz\u00e1 tartozik a zene \u00e9s a t\u00e1nc \u00e9s a mulats\u00e1g, a h\u00e1zi t\u0171zhely, a hitvesi k\u00f6t\u0151d\u00e9s \u00e9s a term\u00e9kenys\u00e9g. Megjelennek az elt\u0171nt h\u0151s\u00f6k is, mint szellemalakok, Uther, P\u00e1n, hogy levonj\u00e1k a tanuls\u00e1gokat, \u00e9s kijel\u00f6lj\u00e9k a tov\u00e1bbi utak ir\u00e1nyait.&nbsp;<\/p>\n\n\n\n<p>Meg kell hallgatnunk Uther summ\u00e1zat\u00e1t. Ahogy mondja: <em>az a h\u0151s, aki gy\u0151z<\/em>. A munka egy a bus\u00e1s eredm\u00e9nnyel. A polg\u00e1r az \u00e9rdem let\u00e9tem\u00e9nyese. A h\u00f3d\u00edt\u00e1s dics\u0151. Az udvarl\u00e1s elfogadhat\u00f3. B\u00e9sz valamennyi \u00e1ll\u00edt\u00e1st c\u00e1folja, \u00e9s k\u00f6zben megjelenik a \u201ev\u00e1ltott gyermekek\u201d egyike, Mizar, s a tov\u00e1bbiak, \u00c1sik \u00e9s Niom\u00e9 is. \u00c9s Mizar \u00e1t is veszi Uther \u00f6r\u00f6ks\u00e9g\u00e9t, amikor el\u0151adja az \u00f6r\u00f6ks\u00e9g l\u00e9nyeg\u00e9t.<\/p>\n\n\n\n<p>S itt \u00e1lljunk meg egy sz\u00f3ra.<\/p>\n\n\n\n<p>Ahogy m\u00e1r eml\u00edtettem, Kili\u00e1n t\u00f6bb m\u0171faj hangszer\u00e9n j\u00e1tszik, itt, ebben a k\u00f6tetben, ez m\u00e9g karakteresebb. Itt mindegyik fejezetben van egy \u201el\u00edrai bet\u00e9t\u201d, komment\u00e1r, amely \u00e9rtelmezi \u00e9s al\u00e1h\u00fazza az el\u0151adottakat. Az els\u0151 fejezetben Niom\u00e9 magyar\u00e1zza meg \u00e1lm\u00e1t, a dalia meg\u00e9rkez\u00e9s\u00e9r\u0151l. S ezen fejetek v\u00e9g\u00e9n a szerz\u0151 megjel\u00f6li azt a zenem\u0171vet, amely stimmel a m\u0171 hangulati-\u00e9rzelmi vonulat\u00e1hoz. (K\u00fcl\u00f6n\u00f6s megold\u00e1s, de van benne r\u00e1ci\u00f3.)<\/p>\n\n\n\n<p>A B\u00e9sz otthon\u00e1ban zajl\u00f3 kibontakoz\u00e1s&nbsp; a kor\u00e1bbi h\u0151s\u00f6k \u2013 P\u00e1n, Uther \u2013 bevon\u00e1s\u00e1val t\u00f6rt\u00e9nt, majd a diskurzusok v\u00e9g\u00e9n a megid\u00e9zettek elt\u0171nnek, \u00e9s a h\u00e1rom v\u00e1ltott gyerek \u2013 Mizar, Niom\u00e9, \u00c1sik viszi tov\u00e1bb a cselekm\u00e9nyt. S ebben a szitu\u00e1ci\u00f3ban egyre ink\u00e1bb Niom\u00e9 lesz a t\u00e9ma, a t\u00e1rgy, az \u0151 n\u0151iess\u00e9ge, asszonyi mivolta, fizikai megjelen\u00e9se k\u00e1b\u00edtja el a megjelenteket, m\u00e9g a h\u00e1zigazda B\u00e9szt is. Lassan \u00c1sik \u2013 Mizar vet\u00e9lyt\u00e1rsa \u2013 k\u00eds\u00e9rleteir\u0151l kapunk k\u00e9pet: vagyis Niom\u00e9 megszerz\u00e9s\u00e9nek k\u00fcl\u00f6nb\u00f6z\u0151 fondorlatair\u00f3l. B\u00facs\u00falevele \u00e9s epeked\u0151 szonettjei viszont m\u00e1r a lemond\u00e1sr\u00f3l sz\u00f3lnak. A nagy \u00e1ttekint\u00e9sben maga vallja be:\u201dElmart\u00e1l magadt\u00f3l.\u201dA v\u00e9gzetes szerelem azonban m\u00e9g hosszan k\u00eds\u00e9rti \u00c1sikot. &nbsp;<\/p>\n\n\n\n<p>A <em>Matesis<\/em> fejezet a v\u00e1ltott gyerekek kik\u00e9pz\u0151d\u00e9s\u00e9t taglalja. M\u00e9ghozz\u00e1 a \u201epraxissz\u00e9r\u0171\u201d seg\u00edts\u00e9g\u00e9vel. Ennek r\u00e9sze Mizar \u201erep\u00fcl\u00e9se\u201d, \u00c1sik sz\u00fcreti \u201ehetykes\u00e9ge\u201d, Niom\u00e9 \u201eegy\u00fctt\u00e9rz\u00e9se\u201d, mind r\u00e9szei ennek.&nbsp; A<em> Logos<\/em> f\u0151k\u00e9nt Mizar \u00e9s Niom\u00e9 kapcsolat\u00e1nak elm\u00e9ly\u00fcl\u00e9s\u00e9t taglalja, ahogy olvashatjuk: \u201el\u00e9gyottr\u00f3l l\u00e9gyottra.\u201dNiom\u00e9 \u201esz\u00f3halmoz\u00f3 ritusa\u201d v\u00e9dekez\u00e9s \u00c1sik \u201ek\u00eds\u00e9rt\u00e9se\u201d ellen, aki epeked\u00e9s\u00e9vel nem b\u00edr. \u00dajabb \u00e9s \u00fajabb ostromot ind\u00edt Niom\u00e9 megh\u00f3d\u00edt\u00e1s\u00e1ra. \u00dagy l\u00e1tja: szerelme \u2013 beteljes\u00fcletlens\u00e9ge ellen\u00e9re \u2013 egy \u00e9letre sz\u00f3l. Meg kell k\u00f3stolniuk az ambrosia \u00e9rz\u00e9ki f\u00fclledts\u00e9g\u00e9t, amely annyi kiv\u00e9teles \u00e9lm\u00e9nyt k\u00edn\u00e1l.<\/p>\n\n\n\n<p>\u00c1m a fejezet v\u00e9g\u00e9n kider\u00fcl: \u201eaz id\u0151 megszem\u00e9lyes\u00fcl. Testet\u2026lelket \u00f6lt\u201d.Az Id\u0151 beleszeret Niom\u00e9ba, aminek sz\u00e1mos k\u00f6vetkezm\u00e9nye lesz\u2026\u00c1sik azt a feladatot v\u00e1llalja mag\u00e1ra, hogy elijeszti a k\u00f6zeled\u00e9st\u0151l, nyilv\u00e1n Niom\u00e9ra gondolva, az Id\u0151t. El\u0151sz\u00f6r \u201ek\u0151v\u00e9 mereszti\u201d. De ez sem haszn\u00e1l. Az Id\u0151 megel\u00e9geli, hogy folyton akad\u00e1lyokat g\u00f6rd\u00edtenek el\u00e9, ez\u00e9rt felveszi \u00c1sik alakj\u00e1t. De ez is kev\u00e9s. \u00c1sik lakoma-p\u00e1rbajra h\u00edvja ki az Id\u0151t, aki ebbe belemegy. \u00c1m az Id\u0151 ezt a vet\u00e9lked\u0151t is elveszti. Boszork\u00e1nyos alakoskod\u00e1sa v\u00e9g\u00fcl m\u00e9gis c\u00e9lt \u00e9r: megkapja, amire \u00e1csing\u00f3zott, Niom\u00e9 az \u0151 karjaiban veszti el l\u00e1nys\u00e1g\u00e1t. Mizar persze mindent megtud. Egy \u00e9v kellett hozz\u00e1, m\u00edg megbocs\u00e1t a l\u00e1nynak, \u00e9s v\u00e9g\u00fcl m\u00e9gis egym\u00e1s\u00e9i lesznek. Ahogy a szerz\u0151 \u00edrja: \u201eNiom\u00e9 Mizarral \u00fcli menyegz\u0151j\u00e9t.\u201d Otthonhimnuszuk&nbsp; jelzi a v\u00e9gs\u0151 meg\u00e1llapod\u00e1st. Megsz\u00fcletik Immohnaj, a gyermek\u00fck. A t\u00e1vlatok is beteljes\u00fclnek. \u201eTeljes\u00fclt a v\u00e1rva v\u00e1rt sz\u00e9tgy\u0171r\u0171z\u0151 tiszta \u00e1radat.\u201d A t\u00e1volod\u00f3 l\u00e9ptek visszhangja m\u00e1r a Zarathustr\u00e1b\u00f3l visszhangzik.&nbsp;<\/p>\n\n\n\n<p>Igen, a nehezen indult folyamat ut\u00e1n a filoz\u00f3fikus essz\u00e9reg\u00e9ny-folyam harmadik k\u00f6tet\u00e9hez \u00e9rt\u00fcnk. Az \u00faj f\u0151szepl\u0151k, a v\u00e1ltott gyerekek mind k\u00fcl\u00f6nleges egy\u00e9nis\u00e9gek, gazdag lelki \u00e9lettel, v\u00e1gyakkal, \u00f6r\u00f6m\u00f6kkel. A harm\u00f3ni\u00e1t azonban megt\u00f6ri az Id\u0151. Minden f\u00f6ldi furfangon t\u00fal tesz, \u00f6v\u00e9 az els\u0151bbs\u00e9g, hi\u00e1ba is zavarj\u00e1k a legk\u00fcl\u00f6nb\u00f6z\u0151bb akad\u00e1lyok. A meglelt fogalom, emberr\u00e9 v\u00e1lva, elnyeri a mindenki \u00e1ltal v\u00e1gyott szerelmet. A felt\u00e1madt m\u00edtoszok sora pedig el\u00e9r benn\u00fcnket. A m\u00falt \u00e1rad\u00e1sa, hull\u00e1ma, ha k\u00e9s\u0151n is indult, nyakunkba z\u00fadul. Tanuls\u00e1gai el\u0151l nincsen menekv\u00e9s.&nbsp;<\/p>\n\n\n\n<p>&nbsp;&nbsp; &nbsp; &nbsp; &nbsp; &nbsp; &nbsp; &nbsp; &nbsp; &nbsp; &nbsp; &nbsp; &nbsp; &nbsp; &nbsp; &nbsp; &nbsp; &nbsp; M\u0171v\u00e9szetek H\u00e1za Veszpr\u00e9m- Napk\u00fat Kiad\u00f3, 2024<\/p>\n","protected":false},"excerpt":{"rendered":"<p>A felt\u00e1madt m\u00falt hull\u00e1mver\u00e9se (Kili\u00e1n L\u00e1szl\u00f3: Az id\u0151 m\u00edtosza) Kili\u00e1n L\u00e1szl\u00f3 2017-ben megjelent reg\u00e9nye, A fa m\u00edtosza \u2013 mondhatjuk \u2013 filoz\u00f3fikus essz\u00e9reg\u00e9ny. A m\u00edtoszt v\u00e1lasztotta kulcsfogalomk\u00e9nt, ami mese, monda, az \u00edr\u00e1s kialakul\u00e1sa el\u0151tt, amelyben&nbsp; istenek \u00e9s f\u00e9listenek, emberfeletti h\u0151s\u00f6k futj\u00e1k &hellip; <a href=\"https:\/\/opus-folyoirat.sk\/?page_id=3710\">Egy kattint\u00e1s ide a folytat\u00e1shoz&#8230;. <span class=\"meta-nav\">&rarr;<\/span><\/a><\/p>\n","protected":false},"author":4,"featured_media":0,"parent":0,"menu_order":0,"comment_status":"closed","ping_status":"closed","template":"","meta":{"footnotes":""},"class_list":["post-3710","page","type-page","status-publish","hentry"],"_links":{"self":[{"href":"https:\/\/opus-folyoirat.sk\/index.php?rest_route=\/wp\/v2\/pages\/3710","targetHints":{"allow":["GET"]}}],"collection":[{"href":"https:\/\/opus-folyoirat.sk\/index.php?rest_route=\/wp\/v2\/pages"}],"about":[{"href":"https:\/\/opus-folyoirat.sk\/index.php?rest_route=\/wp\/v2\/types\/page"}],"author":[{"embeddable":true,"href":"https:\/\/opus-folyoirat.sk\/index.php?rest_route=\/wp\/v2\/users\/4"}],"replies":[{"embeddable":true,"href":"https:\/\/opus-folyoirat.sk\/index.php?rest_route=%2Fwp%2Fv2%2Fcomments&post=3710"}],"version-history":[{"count":1,"href":"https:\/\/opus-folyoirat.sk\/index.php?rest_route=\/wp\/v2\/pages\/3710\/revisions"}],"predecessor-version":[{"id":3712,"href":"https:\/\/opus-folyoirat.sk\/index.php?rest_route=\/wp\/v2\/pages\/3710\/revisions\/3712"}],"wp:attachment":[{"href":"https:\/\/opus-folyoirat.sk\/index.php?rest_route=%2Fwp%2Fv2%2Fmedia&parent=3710"}],"curies":[{"name":"wp","href":"https:\/\/api.w.org\/{rel}","templated":true}]}}