{"id":3715,"date":"2025-05-24T13:06:00","date_gmt":"2025-05-24T11:06:00","guid":{"rendered":"https:\/\/opus-folyoirat.sk\/?page_id=3715"},"modified":"2026-01-14T13:08:22","modified_gmt":"2026-01-14T11:08:22","slug":"kovacs-balazs-2","status":"publish","type":"page","link":"https:\/\/opus-folyoirat.sk\/?page_id=3715","title":{"rendered":"Kov\u00e1cs Bal\u00e1zs"},"content":{"rendered":"\n<div class=\"wp-block-group is-vertical is-layout-flex wp-container-core-group-is-layout-8cf370e7 wp-block-group-is-layout-flex\">\n<p><strong>\u201ef\u00e9l\u00faton megdermedt napsugarak csokra\u201c<\/strong><\/p>\n\n\n\n<p><em>Tam\u00e1si Orosz J\u00e1nos: Ide kell sz\u00fcletnie<\/em><\/p>\n<\/div>\n\n\n<div class=\"has-text-align-right wp-block-post-date\"><time datetime=\"2025-05-24T13:06:00+02:00\">2025-05-24<\/time><\/div>\n\n<div class=\"wp-block-image\">\n<figure class=\"alignright size-large is-resized\"><img loading=\"lazy\" decoding=\"async\" width=\"694\" height=\"1024\" src=\"https:\/\/opus-folyoirat.sk\/wp-content\/uploads\/2026\/01\/tamasi-694x1024.jpeg\" alt=\"\" class=\"wp-image-3716\" style=\"width:229px;height:auto\" srcset=\"https:\/\/opus-folyoirat.sk\/wp-content\/uploads\/2026\/01\/tamasi-694x1024.jpeg 694w, https:\/\/opus-folyoirat.sk\/wp-content\/uploads\/2026\/01\/tamasi-203x300.jpeg 203w, https:\/\/opus-folyoirat.sk\/wp-content\/uploads\/2026\/01\/tamasi-768x1133.jpeg 768w, https:\/\/opus-folyoirat.sk\/wp-content\/uploads\/2026\/01\/tamasi-1041x1536.jpeg 1041w, https:\/\/opus-folyoirat.sk\/wp-content\/uploads\/2026\/01\/tamasi.jpeg 1237w\" sizes=\"auto, (max-width: 694px) 100vw, 694px\" \/><\/figure><\/div>\n\n\n<p>Egy \u00faj k\u00f6nyv k\u00e9zbev\u00e9tele \u00f6nmag\u00e1ban is \u00e9rz\u00e9ki \u00e9lm\u00e9ny: \u00e9rz\u00e9kelni a s\u00faly\u00e1t, v\u00e9gigsim\u00edtani a bor\u00edt\u00f3j\u00e1n, kitapintani a fed\u00e9l text\u00far\u00e1j\u00e1t. Oldalain \u00e1tlapozva az orrunkat megcsap\u00f3 friss nyomdafest\u00e9k illata a felfedez\u00e9s misztikum\u00e1val vegy\u00fclve egy olvas\u00f3t \u2013 j\u00f3 esetben \u2013 minden alkalommal izgalommal t\u00f6lt el. Ritu\u00e1lis gesztus. Az olvas\u00e1s el\u0151j\u00e1t\u00e9ka. Egy versesk\u00f6tet eset\u00e9ben r\u00e9szlegesen k\u00f6rvonalaz\u00f3d\u00f3 form\u00e1k, hom\u00e1lyos \u00edg\u00e9retek p\u00f6r\u00f6gnek a&nbsp;tenyereinkben. Ugyanakkor a&nbsp;befogad\u00e1s els\u0151 pillanataiban megnyilv\u00e1nul\u00f3 megk\u00f6zel\u00edt\u00e9si m\u00f3d eset\u00e9ben gyakran besz\u00e9lhet\u00fcnk egyfajta bel\u00e9nk \u00e9p\u00fclt automatizmusr\u00f3l is, mely rezign\u00e1lt \u00e1llapotb\u00f3l vagy kir\u00e1ntanak, a&nbsp;jelenbe h\u00faznak a&nbsp;l\u00e1tottak, vagy ez az izgalom, a&nbsp;folytat\u00e1s motiv\u00e1ci\u00f3ja a&nbsp;megszerzett \u201efelsz\u00ednes\u201c inform\u00e1ci\u00f3k birtok\u00e1ban olyan gyorsan al\u00e1bbhagy, mint ahogyan az im\u00e9nt leemelt\u00fck a&nbsp;k\u00f6nyvet a polcr\u00f3l. Valljuk be, gyakran el\u0151fordul, hogy nem kelti fel a&nbsp;figyelm\u00fcnket a&nbsp;c\u00edm, nem hoz l\u00e1zba a&nbsp;bor\u00edt\u00f3 eszt\u00e9tik\u00e1ja, s&nbsp;a&nbsp;f\u00fclsz\u00f6veg prom\u00f3ci\u00f3s eszk\u00f6zt\u00e1r\u00e1nak meggy\u0151z\u0151ereje is kudarcot vall. Persze, a&nbsp;tapasztalt olvas\u00f3 ilyenkor nem ijed meg, s&nbsp;nem adja fel. Tudja j\u00f3l, hogy ez m\u00e9g semmit nem jelent, s&nbsp;az igazi pr\u00f3bat\u00e9tel, a&nbsp;val\u00f3di tal\u00e1lkoz\u00e1s ott \u00e9s akkor kezd\u0151dik, amikor belekezd az adott m\u0171 olvas\u00e1s\u00e1ba. Tam\u00e1si Orosz J\u00e1nos versesk\u00f6tet\u00e9t a&nbsp;kezemben forgatva viszont kor\u00e1ntsem err\u0151l volt sz\u00f3. Az izgalom az els\u0151 pillanatt\u00f3l kezdve egyre ink\u00e1bb fokoz\u00f3dott.<\/p>\n\n\n\n<p><em>&nbsp; Ide kell sz\u00fcletnie <\/em>\u2013 olvashat\u00f3 a&nbsp;bor\u00edt\u00f3n, de kinek kell ide sz\u00fcletnie? Alatta egy szak\u00e1llas alak. J\u00e9zus? A&nbsp;megv\u00e1lt\u00f3? De hiszen \u0151 m\u00e1r megsz\u00fcletett. Vagy nem? A&nbsp;k\u00e9pen l\u00e1that\u00f3 f\u00e9rfi t\u00fal \u00f6reg J\u00e9zushoz. Bar\u00e1zd\u00e1lt arc, m\u00e9lyen \u00fcl\u0151 szemek, szomor\u00fa tekintet. Fekete-feh\u00e9r. Kez\u00e9t peresked\u0151en az \u00e9g fel\u00e9 emeli, de tal\u00e1n csak eltakarja mag\u00e1t. V\u00e9dekezik? Integet? Jelentkezik? Vagy csak egy zs\u00fafolt villamoson utazva szor\u00edtja maga el\u00e9 r\u00e9vedve a&nbsp;kapaszkod\u00f3t egy t\u00e9li kedd reggelen? Kunhegyesi Ferenc grafik\u00e1i \u2013 olvashat\u00f3 mellette. Pontosabban: \u201eGrafia-ballad\u00e1k\u201c \u2013 mint az k\u00e9s\u0151bb kider\u00fcl. <em>Mi\u00e9rt \u00edrsz olyan szomor\u00fa verseket?<\/em> \u2013 id\u00e9zi fel a&nbsp;h\u00e1toldalon \u201ea&nbsp;k\u00e9tl\u00e1bon j\u00e1r\u00f3 megtestes\u00fclt eszt\u00e9tika\u201c egykoron hozz\u00e1 int\u00e9zett k\u00e9rd\u00e9s\u00e9t a&nbsp;szerz\u0151. Majd visszautas\u00edtja, c\u00e1folja a&nbsp;r\u00e1 vonatkoz\u00f3 \u00e1ll\u00edt\u00e1st. \u201eK\u00eds\u00e9rlet a&nbsp;b\u00e1nat ellen, k\u00eds\u00e9rlet a&nbsp;r\u00f6hejre.\u201c \u2013 id\u00e9zi Nagy L\u00e1szl\u00f3 sorait. \u201eT\u00f6rt\u00e9n\u00e9sek, b\u00facs\u00fak, s\u0171r\u0171 id\u0151k \u00f3nos z\u00e1pora hull az olvas\u00f3ra\u201c \u2013 summ\u00e1zza. Ahogy els\u0151 r\u00e1n\u00e9z\u00e9sre egy-egy grafika \u00e9lesen elhat\u00e1rolhat\u00f3 a m\u00e1sikt\u00f3l, hiszen \u2013 mint ahogy a&nbsp;k\u00e9pz\u0151m\u0171v\u00e9szeti alkot\u00e1sokb\u00f3l term\u00e9szetszer\u0171leg k\u00f6vetkezik \u2013 valami mer\u0151ben m\u00e1st \u00e9s m\u00e1shogyan \u00e1br\u00e1zol, a&nbsp;k\u00f6nyvet \u00e1tlapozva a&nbsp;versek eset\u00e9ben sem tal\u00e1lkozunk k\u00e9t, a&nbsp;t\u00e9rben hasonl\u00f3an elhelyezked\u0151 szerkezeti form\u00e1val. Elevennek, intenz\u00edvnek \u00e9s frissnek hatnak. \u00c9s akkor m\u00e9g el sem olvastunk k\u00f6z\u00fcl\u00f6k egyet sem.&nbsp;<\/p>\n\n\n\n<p>&nbsp; A&nbsp;k\u00f6tet szerkeszt\u00e9si elv\u00e9t tekintve nincsenek elk\u00fcl\u00f6n\u00fcl\u0151 ciklusok, a&nbsp;versek v\u00e1ltozatos sorrendben k\u00f6vetik egym\u00e1st, melyek folytonoss\u00e1g\u00e1t az id\u0151nk\u00e9nt be\u00e9kel\u0151d\u0151 grafik\u00e1k sorozata eg\u00e9sz\u00edti ki, \u00e1rnyalja. Kunhegyesi Ferenccel egy\u00fcttm\u0171k\u00f6dve ez m\u00e1r a&nbsp;negyedik k\u00f6z\u00f6s k\u00f6tet\u00fck. Tam\u00e1si Orosz J\u00e1nos gondosan megmunk\u00e1lt verseiben kiv\u00e9teles forma\u00e9zr\u00e9kenys\u00e9g\u00e9r\u0151l tan\u00fabizonys\u00e1got t\u00e9ve nemcsak a k\u00fcl\u00f6nb\u00f6z\u0151&nbsp;versform\u00e1k \u00e9s megsz\u00f3lal\u00e1sm\u00f3dok sk\u00e1l\u00e1j\u00e1n mozog magabiztosan, hanem k\u00f6lt\u0151i eszk\u00f6zt\u00e1r\u00e1nak gazdags\u00e1ga is figyelemre m\u00e9lt\u00f3, sokr\u00e9t\u0171 kifejez\u00e9sm\u00f3dj\u00e1val folyamatosan t\u00e1g\u00edtja a&nbsp;l\u00edrai kifejez\u00e9s hat\u00e1rait. Sz\u00e9les spektrumot j\u00e1r be: a l\u00e1tsz\u00f3lag k\u00f6nnyedebb, j\u00e1t\u00e9kos nyelvezet\u0171, k\u00f6zpontoz\u00e1s n\u00e9lk\u00fcli r\u00f6vid l\u00edrai form\u00e1kt\u00f3l eg\u00e9szen a sodr\u00f3 lend\u00fclet\u0171, epikus hangv\u00e9tel\u0171 pr\u00f3zaversekig. El\u0151szeretettel j\u00e1tszik el az ism\u00e9tl\u00e9sek \u00e9s vari\u00e1ci\u00f3k adta lehet\u0151s\u00e9gekkel<strong>, <\/strong>melyek p\u00f6rg\u0151, feszes ritmust teremtenek: <strong>\u201e<\/strong>szavak nincsenek erre \/ arra nincsenek szavak \/ csak n\u00e9zek \u00f6sszevissza \/ vissza \u00f6ssze n\u00e9zek csak\u201c (<em>Szimf\u00f3nia a&nbsp;Hontalan J\u00f3zsef\u00e9rt<\/em>).<\/p>\n\n\n\n<p>&nbsp;Tematikai egys\u00e9g\u00e9t tekintve az elenged\u00e9s, az elm\u00fal\u00e1s, a vesztes\u00e9g mot\u00edvumai hat\u00e1rozz\u00e1k meg legmark\u00e1nsabban a&nbsp;k\u00f6tet po\u00e9tik\u00e1j\u00e1t, melyre sz\u00e1mos alkalommal komplett versek \u00e9p\u00fclnek, de valamilyen m\u00f3don ez a&nbsp;t\u00e9ma szinte az \u00f6sszes m\u0171ben fellelhet\u0151. Nem meglep\u0151, hiszen bizonyos aspektusb\u00f3l tekintve az \u00e9let\u00fcnk is folyamatos vesztes\u00e9gek sorozat\u00e1b\u00f3l \u00e1ll. Ugyanakkor az els\u0151 helyen szerepl\u0151,&nbsp;dacolva dalol\u00f3 <em>(mott\u00f3) <\/em>c. nyit\u00e1ny (\u201eporsz\u00edv\u00e1s a hal\u00e1l \u2013 \/ ennyi csak. uszkve valamennyi \/ abb\u00f3l amit az \u00e9letrajz elhallgat;\u201c), \u00e9s az azt k\u00f6vet\u0151 <em>\u0150szi sanzon <\/em>c. szint\u00e9n r\u00f6vid, hasonsz\u0151r\u0171 t\u00e9m\u00e1ja ellen\u00e9rel\u00e9gies, a&nbsp;k\u00e9s\u0151bbiekben fellelhet\u0151 gazdag nyelvi lelem\u00e9nyess\u00e9get megel\u0151z\u0151 (\u201ev\u00e9rcse volt\u00e1l ma v\u00e9rcsepp vagy \/ egy kih\u00fazott sz\u00f6g perem\u00e9n\u201c) m\u0171vekb\u0151l az is nyilv\u00e1nval\u00f3v\u00e1 v\u00e1lik, hogy a&nbsp;kor\u00e1bban eml\u00edtett Nagy L\u00e1szl\u00f3 sorai \u00e1ltal szeml\u00e9ltetett,&nbsp; l\u00e9t\u00e9lm\u00e9ny\u00fcnket alapvet\u0151en&nbsp; meghat\u00e1roz\u00f3 kontraszt szint\u00e9n a&nbsp;k\u00f6tet egyik f\u0151 l\u00edrai szervez\u0151ereje.&nbsp;<\/p>\n\n\n\n<p>&nbsp; Az im\u00e9nt v\u00e1zolt elm\u00fal\u00e1s-mot\u00edvum konkr\u00e9t megnyilv\u00e1nul\u00e1si form\u00e1i k\u00f6z\u00f6tt esetenk\u00e9nt a&nbsp;hal\u00e1l \u00e1ll. A Polcz Alain eml\u00e9k\u00e9re \u00edrt <em>M\u00e9lt\u00f3bb hal\u00e1lt adj!<\/em> c. opus egy <em>m\u00e1r csak hallgatni k\u00e9pes<\/em> egy\u00e9n utols\u00f3 napjainak szenved\u00e9seit \u00e1br\u00e1zolja, mindezt szenvtelen, t\u00e1rgyilagosan le\u00edr\u00f3, a&nbsp;bels\u0151 t\u00f6rt\u00e9n\u00e9sek helyett a&nbsp;funkci\u00f3it ell\u00e1tni k\u00e9ptelen&nbsp;testre f\u00f3kusz\u00e1lva, s ez\u00e1ltal emelve ki, mutatva r\u00e1 egy haldokl\u00f3&nbsp;m\u00e9lt\u00f3s\u00e1g\u00e1nak fokoz\u00f3d\u00f3 t\u00f6redezetts\u00e9g\u00e9re: \u201eegyenletes, nyugodt, cs\u00f6ndes l\u00e9gz\u00e9s\u00e9t \/ semmi sem zavarhatta meg. azt\u00e1n: \/ halotti s halottnyi csend a szob\u00e1n. \/\/ hisz csod\u00e1k nincsenek.\u201c De eml\u00edthetn\u00e9nk az <em>\u00d6lel\u00e9ssel Sz\u0151cs G\u00e9z\u00e1\u00e9rt <\/em>aj\u00e1nl\u00e1ssal ell\u00e1tott<em> Akkor visszafel\u0151l fojt a&nbsp;foly\u00f3-<\/em>t is, melyben <em>leveszi v\u00e1l\u00e1r\u00f3l Isten a&nbsp;csoda terheit, <\/em>vagy a<em> Csak n\u00e9zem Tompos K\u00e1ty\u00e1t <\/em>c. l\u00e1t\u00f3m\u00e1sszer\u0171 verset.&nbsp;<\/p>\n\n\n\n<p>&nbsp; S&nbsp;ha m\u00e1r vesztes\u00e9g, akkor annak elv\u00e1laszthatatlan velej\u00e1r\u00f3ja a&nbsp;gy\u00e1sz: \u201eN\u00e9gy fokozatot is&nbsp; meg tudsz k\u00fcl\u00f6nb\u00f6ztetni. Alacsony \u00e9s k\u00f6zepes: ez a kett\u0151 sz\u00f3t sem \u00e9rdemel. M\u00e1r hozz\u00e1d tartoznak, mint cukroshoz az inzulin. A leger\u0151sebbet m\u00e9g csak egyszer \u00e9rezted.\u201c <em>(V\u00e1rakoz\u00e1s, 1978).<\/em> A&nbsp;k\u00f6tet tal\u00e1n leghosszabb \u00e9s leggrandi\u00f3zusabb m\u0171ve a&nbsp;Juh\u00e1sz Ferencr\u0151l megeml\u00e9kez\u0151<em> Hal\u00e1l\u00fat a&nbsp;rem\u00e9nyig \u201e<\/em>gy\u00e1szollak imm\u00e1r v\u00e9gtelen ideje gy\u00e1szollak \/ a f\u00e9nyek f\u00e9l\u00faton megdermedt napsugarak \/ minden f\u00e9nycs\u00f3va a v\u00e9gzet l\u00e1ndzsahegye \/ minden korty v\u00edz a sivatag els\u0151 cseppje \/ minden sz\u00fclet\u00e9s a hal\u00e1l els\u0151 perce\u201c, \u00e9s szint\u00e9n a&nbsp;gy\u00e1sz jelens\u00e9g\u00e9t taglalja a&nbsp;G\u00e1tfalvi Istv\u00e1n eml\u00e9k\u00e9re \u00edrt <em>El\u00e9gia egy hi\u00e1nyz\u00f3 kaddishoz&nbsp; <\/em>is: <em>\u201e<\/em>az velem van s nem maradhat elvarratlan \/ sz\u00e1l b\u00e1r mindig a hi\u00e1ny a t\u00f6rt\u00e9net maga \/ mindig a hi\u00e1ny jelenl\u00e9te jelent feloldoz\u00e1st\u201c.<\/p>\n\n\n\n<p>&nbsp; A&nbsp;fizikai hal\u00e1lon \u00e9s annak minden velej\u00e1r\u00f3j\u00e1n t\u00fal az elm\u00fal\u00e1s kontextus\u00e1ban viszont legink\u00e1bb az eml\u00e9kek \u00e9s kapcsolatok, a&nbsp;k\u00fcl\u00f6nb\u00f6z\u0151 helyek \u00e9s helyzetek artikul\u00e1l\u00f3dnak, meg \u00fagy \u00e1ltal\u00e1ban v\u00e9ve az id\u0151. Remek\u00fcl szeml\u00e9lti ezt az <em>Ezerkilencsz\u00e1zhetvennyolc november \u00f6t <\/em>c. vers, melyben r\u00e9gi k\u00e9ziratokat, befejezetlen m\u0171veket szort\u00edroz a&nbsp;l\u00edrai \u00e9n, melyek a&nbsp;vers v\u00e9g\u00e9n \u201ekont\u00e9nerhal\u00e1lra\u201c \u00edt\u00e9ltetnek. Az<em> ifj\u00fas\u00e1g mint \u00f3lommad\u00e1r \u00fcl sz\u00edv\u00e9n<\/em>, s&nbsp;v\u00e9g\u00fcl a \u201ehuszonhat zs\u00e1kba gy\u00f6m\u00f6sz\u00f6lt \/ kacatt\u00e1 lomm\u00e1 szem\u00e9tt\u00e9 kinyilv\u00e1n\u00edtott \/ fecni\u00f3ce\u00e1n\u201c teljesen m\u00e9gsem semmis\u00fcl meg, hiszen legal\u00e1bb ebben a&nbsp;versben biztosan tov\u00e1bb \u00e9lnek.<\/p>\n\n\n\n<p>&nbsp; Szint\u00e9n kiemelt szerepet t\u00f6ltenek be a k\u00fcl\u00f6nf\u00e9le tal\u00e1lkoz\u00e1sok, illetve t\u00e1gabb \u00e9rtelemben a&nbsp;k\u00f6z\u00f6ss\u00e9gi \u00e9let, esetenk\u00e9nt a&nbsp;nemzed\u00e9ki, nemzetis\u00e9gi k\u00e9rd\u00e9sek. Ezek ugyan\u00fagy nem k\u00fcl\u00f6n\u00edthet\u0151ek el a&nbsp;vesztes\u00e9g \u00e9rzet\u00e9t\u0151l, gyakran annak lencs\u00e9j\u00e9n kereszt\u00fcl l\u00e1ttatja kapcsolatait, mint ahogy egy bar\u00e1ts\u00e1got egy v\u00e1ros seg\u00edts\u00e9g\u00e9vel az <em>\u00cdgy vagyunk a&nbsp;v\u00e1rosban: <\/em>\u201ea v\u00e1ros amelyben \u00e9lek \/ aranys\u00e1rga \/ de \/ van egy bar\u00e1tom \/ neki piszkossz\u00fcrke\u201c<em>. <\/em>Olvashatunk k\u00f6z\u00f6s kocsm\u00e1z\u00e1sokr\u00f3l \u00e9s <em>gy\u0171r\u00f6ttre vasalt pillanatokr\u00f3l, <\/em>a&nbsp;<em>Parazsak, szikr\u00e1k a&nbsp;v\u00e1rosban <\/em>c. versciklusbanpedigDylan Thomas, Arthur Rimbaud \u00e9s Gregory Corso alakjai is meg\u00e9l\u00e9nk\u00fclnek. Szinte a k\u00f6tet \u00f6sszes vers\u00e9nek a c\u00edme alatt felfedezhet\u0151 egy n\u00e9v is, akinek, vagy ink\u00e1bb aki\u00e9rt aj\u00e1nlja sorait. A&nbsp;szem\u00e9lyes \u00e9s szellemi tal\u00e1lkoz\u00e1sokon t\u00fal ide sorolhat\u00f3, amikor egy eg\u00e9sz gener\u00e1ci\u00f3r\u00f3l sz\u00f3l a&nbsp;<em>Nemzed\u00e9k-torz\u00f3ban:<\/em> \u201eorchide\u00e1k voltunk mi mind \/ mag\u00e1nyos h\u00fasev\u0151 vir\u00e1gok \/ l\u00e1zas hazug handaband\u00e1ink \/ v\u00e9g\u00e9t a palack pigalle-on \/ \u00fcnnepelt\u00fck hol siv\u00e1r hajnal \/derengett r\u00e1nk r\u0151t f\u00e9ny\u00e9vel\u201c, \u00e9s ugyan\u00fagy a nemzeti sorsk\u00e9rd\u00e9sr\u0151l elm\u00e9lkedik <em>Egy zs\u00e9lyi nagy sora<\/em> c. versben: \u201evan-e marad\u00e1som a nemzetben \/ s van-e a nemzetnek marad\u00e1sa\u201c. Az emberi m\u00e9lt\u00f3s\u00e1g a&nbsp;haza viszonylat\u00e1ban is ter\u00edt\u00e9kre ker\u00fcl a <em>Tizen\u00f6t\u00f6dik meg\u00e1ll\u00f3 <\/em>\u00e9s a&nbsp;T\u00e9rey J\u00e1nos id\u00e9zettel indul\u00f3 <em>\u00c1thal\u00e1sok-<\/em>ban. A&nbsp;<em>Kar\u00e1csony d\u00e9lut\u00e1nja B\u00e9csben<\/em> c. m\u0171ben az <em>imafa f\u00e1j\u00e1t sim\u00edtva <\/em>elm\u00e9lkedik a&nbsp;<em>l\u00e1ngerd\u0151 <\/em>felett:<em> \u201e<\/em>lelkek-e \/ itt e m\u00e9csesek l\u00e1ngjai? \/s l\u00e1ng-e a l\u00e9lek, csakugyan?\u201c, szint\u00e9n a&nbsp;t\u00falvil\u00e1gi \u00e9let rejtelmeibe engednek betekint\u00e9st a&nbsp;<em>Lesz-e lesz <\/em>c. versk\u00e9rd\u00e9sei:<em> \u201e<\/em>id\u0151ben t\u00e1madnak-e fel a&nbsp;halottak \/ vagy azt is lek\u00e9sik mint az \u00e9letet \/ j\u00f3 lenne tudni mert \u00edgy el\u00e9g zavaros \/ el\u00e9gg\u00e9 tervezhetetlen minden \/ mikor legyen \u00e9s hol \u00e9s hogyan \/ h\u00e1ny \u00e9vadot is kell kihagyni \/ nem mindegy\u201c.<\/p>\n\n\n\n<p>&nbsp; Mindezeken t\u00fal sorai m\u00f6g\u00f6tt v\u00e9gig ott b\u00fajk\u00e1l, motoszk\u00e1l a&nbsp;csillap\u00edthatatlan v\u00e1gy. Az elfogad\u00e1s \u00e9s elenged\u00e9s ut\u00e1ni v\u00e1gy. A v\u00e1laszok \u00e9s az igazs\u00e1g ut\u00e1ni v\u00e1gy. A&nbsp;haza\u00e9rkez\u00e9s \u00e9s az \u00f6lel\u00e9s ut\u00e1ni v\u00e1gy. A&nbsp;m\u00e9lt\u00f3s\u00e1g \u00e9s a rem\u00e9ny ut\u00e1ni v\u00e1gy. Az<em> aranys\u00e1rga utc\u00e1k <\/em>\u00e9s az<em> apr\u00f3bet\u0171s kieg\u00e9sz\u00edt\u00e9s <\/em>ut\u00e1ni v\u00e1gy. A <em>kataton dallamfoszl\u00e1nyok<\/em> \u00e9s a<em> gregori\u00e1n sikolyok <\/em>ut\u00e1ni v\u00e1gy. A <em>T\u0171zben <\/em>\u00e9s a&nbsp;<em>Sztr\u00e1daballada <\/em>c. helyenk\u00e9t erotikus fennhang\u00fa versekben szint\u00e9n a&nbsp;meg nem sz\u0171n\u0151 v\u00e1gy <em>\u0171zi: <\/em>\u201eapr\u00f3 melleket k\u00e9pzelek most r\u00e1d \/ egy-egy bimb\u00f3ja egyetlen s\u00f3hajt\u00e1s\u201c.<\/p>\n\n\n\n<p>&nbsp; Az <em>Ide kell sz\u00fcletnie<\/em> c. k\u00f6tetben&nbsp;a s\u0171r\u0171, nehezen em\u00e9szthet\u0151 tartalom Tam\u00e1si Orosz J\u00e1nos&nbsp;szeml\u00e9letm\u00f3dja \u00e9s formai megold\u00e1sai r\u00e9v\u00e9n k\u00f6nnyed, saj\u00e1tos s\u0171r\u0171s\u00e9g\u0171 vegy\u00fclett\u00e9 szublim\u00e1l, a&nbsp;zsigeri k\u00f6lt\u00e9szet&nbsp;e g\u0151znem\u0171 elegye \u00e9rz\u00e9keinket ki\u00e9lezve \u00e1tj\u00e1rja test\u00fcnket, bel\u00e9legezve, mint az oxig\u00e9nd\u00fas v\u00e9r a sz\u00edvb\u0151l, v\u00e9gig\u00e1ramlik az art\u00e9ri\u00e1kon, s eljut a test legapr\u00f3bb hajsz\u00e1lereiig is. Nem puszt\u00e1n felsz\u00edv\u00f3dik, hanem be\u00e9p\u00fcl, ha pedig egyszer az anyagcsere r\u00e9sz\u00e9v\u00e9 v\u00e1lik, aligha t\u00e1vozik nyom n\u00e9lk\u00fcl. S&nbsp;ha mindezek ut\u00e1n a&nbsp;k\u00e9rd\u00e9sek sz\u00e1ma nem is cs\u00f6kken, s\u0151t \u00e9pp ellenkez\u0151leg, a&nbsp;c\u00edm \u00e1ltal felvetett k\u00e9rd\u00e9sre v\u00e1laszt kaphat az olvas\u00f3 \u2013 ezeknek a&nbsp;verseknek kellett ide sz\u00fcletnie.&nbsp;<\/p>\n\n\n\n<p><em>(Lilium Aurum, 2024)<\/em><\/p>\n","protected":false},"excerpt":{"rendered":"<p>\u201ef\u00e9l\u00faton megdermedt napsugarak csokra\u201c Tam\u00e1si Orosz J\u00e1nos: Ide kell sz\u00fcletnie Egy \u00faj k\u00f6nyv k\u00e9zbev\u00e9tele \u00f6nmag\u00e1ban is \u00e9rz\u00e9ki \u00e9lm\u00e9ny: \u00e9rz\u00e9kelni a s\u00faly\u00e1t, v\u00e9gigsim\u00edtani a bor\u00edt\u00f3j\u00e1n, kitapintani a fed\u00e9l text\u00far\u00e1j\u00e1t. Oldalain \u00e1tlapozva az orrunkat megcsap\u00f3 friss nyomdafest\u00e9k illata a felfedez\u00e9s misztikum\u00e1val vegy\u00fclve &hellip; <a href=\"https:\/\/opus-folyoirat.sk\/?page_id=3715\">Egy kattint\u00e1s ide a folytat\u00e1shoz&#8230;. <span class=\"meta-nav\">&rarr;<\/span><\/a><\/p>\n","protected":false},"author":4,"featured_media":0,"parent":0,"menu_order":0,"comment_status":"closed","ping_status":"closed","template":"","meta":{"footnotes":""},"class_list":["post-3715","page","type-page","status-publish","hentry"],"_links":{"self":[{"href":"https:\/\/opus-folyoirat.sk\/index.php?rest_route=\/wp\/v2\/pages\/3715","targetHints":{"allow":["GET"]}}],"collection":[{"href":"https:\/\/opus-folyoirat.sk\/index.php?rest_route=\/wp\/v2\/pages"}],"about":[{"href":"https:\/\/opus-folyoirat.sk\/index.php?rest_route=\/wp\/v2\/types\/page"}],"author":[{"embeddable":true,"href":"https:\/\/opus-folyoirat.sk\/index.php?rest_route=\/wp\/v2\/users\/4"}],"replies":[{"embeddable":true,"href":"https:\/\/opus-folyoirat.sk\/index.php?rest_route=%2Fwp%2Fv2%2Fcomments&post=3715"}],"version-history":[{"count":1,"href":"https:\/\/opus-folyoirat.sk\/index.php?rest_route=\/wp\/v2\/pages\/3715\/revisions"}],"predecessor-version":[{"id":3717,"href":"https:\/\/opus-folyoirat.sk\/index.php?rest_route=\/wp\/v2\/pages\/3715\/revisions\/3717"}],"wp:attachment":[{"href":"https:\/\/opus-folyoirat.sk\/index.php?rest_route=%2Fwp%2Fv2%2Fmedia&parent=3715"}],"curies":[{"name":"wp","href":"https:\/\/api.w.org\/{rel}","templated":true}]}}