{"id":3737,"date":"2025-05-25T13:48:00","date_gmt":"2025-05-25T11:48:00","guid":{"rendered":"https:\/\/opus-folyoirat.sk\/?page_id=3737"},"modified":"2026-01-14T13:52:21","modified_gmt":"2026-01-14T11:52:21","slug":"morva-matyas-3","status":"publish","type":"page","link":"https:\/\/opus-folyoirat.sk\/?page_id=3737","title":{"rendered":"Morva M\u00e1ty\u00e1s"},"content":{"rendered":"\n<div class=\"wp-block-group is-vertical is-layout-flex wp-container-core-group-is-layout-8cf370e7 wp-block-group-is-layout-flex\">\n<p><strong>Kir\u00e1lys\u00e1gok egy-egy fogpiszk\u00e1l\u00f3 hegy\u00e9n<\/strong>&nbsp;<\/p>\n\n\n\n<p><em>Z. N\u00e9meth Istv\u00e1n: \u00c9jszaka a szaun\u00e1ban (V\u00e1mb\u00e9ry Polg\u00e1ri T\u00e1rsul\u00e1s, 2023.)<\/em><\/p>\n<\/div>\n\n\n<div class=\"has-text-align-right wp-block-post-date\"><time datetime=\"2025-05-25T13:48:00+02:00\">2025-05-25<\/time><\/div>\n\n\n<p>Z. N\u00e9meth Istv\u00e1n Forb\u00e1th-, Talamon- \u00e9s Simk\u00f3-d\u00edjas k\u00f6lt\u0151, \u00edr\u00f3 leg\u00fajabb versesk\u00f6tete 2023-ban l\u00e1tott napvil\u00e1got <em>\u00c9jszaka a szaun\u00e1ban <\/em>c\u00edmen. Nem mellesleg a c\u00edmad\u00f3 verssel Z. N\u00e9meth 2022 v\u00e9g\u00e9n Arany Opus-d\u00edjat is nyert, tov\u00e1bb\u00e1 a k\u00f6tet megjelen\u00e9se \u00f3ta eltelt id\u0151ben, 2024 tavasz\u00e1n a Magyar Arany \u00c9rdemkeresztet is \u00e1tvehette r\u00e9szben \u201efolyamatosan \u00faj t\u00e9m\u00e1kat keres\u0151, k\u00eds\u00e9rletez\u0151, ironiz\u00e1l\u00f3 k\u00f6lt\u00e9szet\u00e9\u00e9rt\u201d. Mindez a 32. \u00f6n\u00e1ll\u00f3 k\u00f6tetben is hatv\u00e1nyozottan tetten \u00e9rhet\u0151.&nbsp;<\/p>\n\n\n<div class=\"wp-block-image\">\n<figure class=\"alignright size-full is-resized\"><img loading=\"lazy\" decoding=\"async\" width=\"551\" height=\"900\" src=\"https:\/\/opus-folyoirat.sk\/wp-content\/uploads\/2026\/01\/Z.-Nemeth-Istvan-Ejszaka-a-szaunaban.jpeg\" alt=\"\" class=\"wp-image-3739\" style=\"width:244px;height:auto\" srcset=\"https:\/\/opus-folyoirat.sk\/wp-content\/uploads\/2026\/01\/Z.-Nemeth-Istvan-Ejszaka-a-szaunaban.jpeg 551w, https:\/\/opus-folyoirat.sk\/wp-content\/uploads\/2026\/01\/Z.-Nemeth-Istvan-Ejszaka-a-szaunaban-184x300.jpeg 184w\" sizes=\"auto, (max-width: 551px) 100vw, 551px\" \/><\/figure><\/div>\n\n\n<p>A b\u0151 sz\u00e1zoldalnyi \u00faj vers 2018 \u00e9s 2023 k\u00f6zt sz\u00fcletett, err\u0151l a z\u00e1r\u00f3jeles alc\u00edm \u00e1rulkodik, \u00e9s n\u00e9gy f\u0151ciklusra oszthat\u00f3, melyek elnevez\u00e9sei tartalmilag szorosan kapcsol\u00f3dnak a k\u00f6tetc\u00edmhez: <em>H\u0151fok<\/em>, <em>G\u0151z<\/em>, <em>Korb\u00e1cs <\/em>\u00e9s <em>Infra<\/em>. A szerz\u0151 ezeket esetenk\u00e9nt tov\u00e1bbi alciklusokra osztja, m\u00e1ris az els\u0151ben n\u00e9gy alciklust tal\u00e1lunk 10-10 r\u00f3mai sz\u00e1mmal megjel\u00f6lt verssel, amelyek Kulcs\u00e1r Ferenc-, T\u00f3th L\u00e1szl\u00f3-, Bettes Istv\u00e1n- \u00e9s Hizsnyai Zolt\u00e1n-mot\u00edvumokra \u00edr\u00f3dtak. Els\u0151sorban a k\u00f6zvetett&nbsp; sz\u00f6vegk\u00f6zis\u00e9g eleg\u00e1ns p\u00e9ld\u00e1ja t\u00e1rul itt az olvas\u00f3 el\u00e9, ahol Z. N\u00e9meth nem csak egy-egy konkr\u00e9t sor \u00e1ltal hivatkozik kort\u00e1rsaira, hanem k\u00f6lt\u00e9szet\u00fcknek esszenci\u00e1j\u00e1t pr\u00f3b\u00e1lja megragadni, megmutatni, mint cseppben a tengert. Mindaz\u00e1ltal minden alciklus elej\u00e9n vil\u00e1gosan fel van t\u00fcntetve, kinek mot\u00edvumaira \u00edr\u00f3dik a k\u00f6vetkez\u0151 t\u00edz vers. A <em>H\u0151fok<\/em> ciklust \u00e9rtelemszer\u0171en azok a gyakorlott, felvid\u00e9ki kort\u00e1rs l\u00edr\u00e1t \u00e1tfog\u00f3an ismer\u0151 olvas\u00f3k \u00e9lvezhetik a legink\u00e1bb, akik j\u00f3l ismerik a hivatkozott l\u00edrikusok k\u00f6lt\u00e9szet\u00e9t, de az opusok \u00f6nmagukban is izgalmasak, el\u0151ismeretek n\u00e9lk\u00fcl ak\u00e1r visszafel\u00e9 is induk\u00e1lhatj\u00e1k az olvas\u00f3i \u00e9rdekl\u0151d\u00e9st, k\u00edv\u00e1ncsis\u00e1got: a Z. N\u00e9meth \u00e1ltal lesz\u0171rt kivonatba belek\u00f3stolva a kort\u00e1rsak saj\u00e1t sz\u00f6vegeihez is megj\u00f6het az olvas\u00f3i \u00e9tv\u00e1gy.&nbsp;<\/p>\n\n\n\n<p>A k\u00f6tet egyik ciklusokon \u00e1t\u00edvel\u0151 t\u00e1rgya a k\u00f6lt\u00e9szet, illetve a vers maga. A bet\u0171, szavak, mondatok \u00e9s versek mindennapi \u00e9let\u00e9r\u0151l eddig aligha ismert titkokat t\u00e1rulnak el\u00e9nk a vonatkoz\u00f3 m\u0171vekben, de szembe t\u00e1lkozhatunk <em>a<\/em> <em>meg nem \u00edrt vers<\/em>sel is, egy val\u00f3s\u00e1gos paradoxonnal, ami nincs \u00e9s m\u00e9gis l\u00e9tezik, mi t\u00f6bb, <em>k\u00f6sz\u00f6ni sz\u00e9pen j\u00f3l van.<\/em><\/p>\n\n\n\n<p>A k\u00f6tetbe rendezett verseken \u00e1tevezve az is nyilv\u00e1nval\u00f3v\u00e1 v\u00e1lik, hogy a szerz\u0151 2018 \u00e9s 2023 k\u00f6zt saj\u00e1t kor\u00e1nak val\u00f3s\u00e1g\u00e1ban \u00e9lt \u00e9s abb\u00f3l mer\u00edtett, nem pedig att\u00f3l elt\u00e1volodva, bizonyos nehezen megker\u00fclhet\u0151 val\u00f3s\u00e1gelemeit mell\u0151zve. Nem v\u00e9letlen\u00fcl id\u00e9ztem a bevezet\u00e9sben, hogy \u201ek\u00f6lt\u00e9szete folyamatosan \u00faj t\u00e9m\u00e1kat keres\u0151, k\u00eds\u00e9rletez\u0151\u201d. Az ember \u00e9s a technika viszonya \u00e9rdekes k\u00e9rd\u00e9s \u00e9s tal\u00e1n m\u00e9g ma sem l\u00e1tjuk, hova fut majd ki, a kort\u00fcnetekr\u0151l azonban t\u0171pontos l\u00e1tleletet tal\u00e1lhatunk a sorok k\u00f6zt, nem kev\u00e9s fanyar ir\u00f3ni\u00e1val \u00e9s abszurd felhanggal \u2013 a k\u00fcl\u00f6nleges benne, hogy ut\u00f3bbi a legt\u00f6bb esetben m\u00e1r nem t\u00falz\u00e1s, hanem jelen\u00fcnk val\u00f3s\u00e1ga. Ahogy egykoron a g\u00f6r\u00f6k \u00e9s latin szavak az irodalmi \u00e9s mindennapi \u00e9let r\u00e9sz\u00e9t k\u00e9pezt\u00e9k a K\u00e1rp\u00e1t-Medenc\u00e9ben, \u00fagy ma az angolsz\u00e1sz eredet\u0171 kifejez\u00e9sek f\u00e9rk\u0151ztek be term\u00e9szetes m\u00f3don a mindennapjainkba. Sz\u00e1momra k\u00fcl\u00f6n \u00f6r\u00f6m, hogy a legt\u00f6bb esetben a hangz\u00e1st, a kiejt\u00e9st k\u00f6vet\u0151 \u00e1t\u00edr\u00e1sban jelennek meg, teh\u00e1t egyszerre angolul \u00e9s magyarul: <em>f\u00e9szbuk<\/em>, <em>l\u00e1jf <\/em>\u00e9s m\u00e9g sorolhatn\u00e1m. Amikor meg autentikus \u00edr\u00e1sm\u00f3dban <em>Try again<\/em>,akkor <em>Tr\u00e1j eg\u00e9n<\/em> is, mint a <em>Hole one a wait say? <\/em>eset\u00e9ben, egyszerre angol \u00e9s magyar, csak m\u00e1sk\u00e9pp&#8230;&nbsp;<\/p>\n\n\n\n<p><em>az ember b\u0151rkab\u00e1t <\/em>\/ <em>a vil\u00e1g meg bet\u00f6rt kirakat <\/em>\/ <em>amely el\u0151tt a j\u00f3zanabb \u00e9sz<\/em> \/<em> \u00e1ll \u00e9s azon csod\u00e1lkozik <\/em>\/ <em>ma lerongyol\u00f3dni divat \u2013 <\/em>jelen\u00fcnk vissz\u00e1ss\u00e1gai ciklusr\u00f3l ciklusra visszak\u00f6sz\u00f6nnek, nem kev\u00e9s ir\u00f3ni\u00e1val, fanyar humorral f\u0171szerezve, nem csak a felsz\u00ednt kapargatva, ugyanakkor k\u00f6nnyed, izgalmas, sokoldal\u00fa \u00e9s j\u00e1t\u00e9kos form\u00e1ban. Olykor sz\u0171kebb p\u00e1tri\u00e1nkat \u2013 \u00e9s m\u00e9g oly sok m\u00e1s vid\u00e9ket a F\u00f6ld\u00f6n \u2013 \u00e9rint\u0151 sorsk\u00e9rd\u00e9sek is felmer\u00fclnek: <em>N\u00e9zd az anyanyelv <\/em>\/ <em>Taigetosz\u00e1r\u00f3l <\/em>\/ <em>lehull\u00f3 gyermeket. <\/em>\/ <em>Kit\u00e1rt, piros sz\u00edv\u00e9b\u0151l \u00f6r\u00f6ks\u00e9ge elsziv\u00e1rog. <\/em>\/ <em>Neki nincs t\u00f6bb\u00e9 mam\u00e1ja,<\/em> \/ <em>nem s\u00edr a v\u00e9n cig\u00e1ny, <\/em>\/ <em>nincsenek velszi b\u00e1rdok. <\/em>A probl\u00e9mafelvet\u00e9s r\u00e9tegzett, s\u00falyosabb esetben \u2013 ahogy ak\u00e1r a felvid\u00e9ki olvas\u00f3 \u00e9rtelmezheti \u2013 m\u00e1r a nek\u00fcnk oly kedves anyanyelv sem alapvet\u0151, akad helyette m\u00e1sik, de az \u00f6r\u00f6ks\u00e9g\u00fcnkkel k\u00f6sz\u00f6n\u0151viszonyban sincs. T\u00e1gabb \u00e9rtelmez\u00e9si keretrendszerben, de tal\u00e1n ugyanannyira balj\u00f3slat\u00fa m\u00f3don az a kincs veszik el, amit az anyanyelv mag\u00e1ban rejt. Ki\u00fcresedik, vagy olyasmivel t\u00f6lt\u0151dik fel, amit\u0151l meglehet, m\u00e9g az \u00fcress\u00e9g is jobb.&nbsp; Mindennapjainkba befurakod\u00f3 ezer arc\u00e1val a k\u00f6tetben hangs\u00falyosan kirajzol\u00f3dik a digit\u00e1lis l\u00e9t lenyomata is, van itt <em>Netkatona <\/em>\u00e9s <em>Tetszikoldus <\/em>a <em>g\u00f6rgethet\u0151 <\/em>c. m\u0171b\u0151l pedig v\u00e9gre azt is megtudhatjuk, <em>mi lenne ha becs\u0151d\u00f6lne v\u00e9gleg ez a f\u00e9szbuk?<\/em><\/p>\n\n\n\n<p>A szerz\u0151t\u0151l szemmel l\u00e1that\u00f3lag a nyelv\u00faj\u00edt\u00e1s vagy legal\u00e1bbis a sz\u00f3k\u00e9pz\u00e9s sem \u00e1ll t\u00e1vol. V\u00e1ratlan \u00e9s humoros, m\u00e9gis term\u00e9szetesnek hat\u00f3 alkot\u00e1sokkal; \u00f6sszet\u00e9telekre bukkanunk a szavak szintj\u00e9n is, pedig mennyire d\u00edvik napjainkban a k\u00f6zhely, miszerint \u201evan, amire nincsenek szavak\u201d. H\u00e1t, Z. N\u00e9meth p\u00e9ld\u00e1j\u00e1t k\u00f6vetve tess\u00e9k csin\u00e1lni! Mi\u00e9rt ne lehetne Si\u00f3fokon <em>balaton\u00e1lni <\/em>a padon \u00fclni <em>vitorl\u00e1zasan<\/em>, kapaszkodni a <em>rovarz\u00f3 leveg\u0151be<\/em>, az eg\u00e9szet <em>naplementve <\/em>magunkban?&nbsp;<\/p>\n\n\n\n<p>A k\u00f6tet m\u00e1sik f\u0151 jellemz\u0151je k\u00e9ts\u00e9gk\u00edv\u00fcl az \u00e1lomszer\u0171s\u00e9g \u00e9s a val\u00f3s\u00e1gon t\u00falis\u00e1g. A realit\u00e1s keretein t\u00fall\u00e9p\u0151 k\u00e9pzelet (hiszen m\u00e9gsem felt\u00e9telezhetj\u00fck, hogy a szerz\u0151 minden verset \u00e1lm\u00e1ban \u00edrt, b\u00e1r n\u00e9h\u00e1ny alapj\u00e1t elk\u00e9pzelhet\u0151, hogy igen), a versbe foglalt \u00e1lom, l\u00e1z\u00e1lom \u00e9s lid\u00e9rcnyom\u00e1s mind megjelenik a k\u00f6tetben. Z. N\u00e9meth nem le\u00edrja a jelens\u00e9get, hanem megmutatja. Az egyik k\u00f6ltem\u00e9nyb\u0151l p\u00e9ld\u00e1ul kider\u00fcl, hogy az istennek is volt megb\u00edz\u00f3ja a teremt\u00e9s kapcs\u00e1n, de r\u00e1 m\u00e1r \u0151 sem eml\u00e9kszik, csak arra, <em>hogy istennek sz\u00f3l\u00edtott <\/em>\/ <em>\u00e9s ez nekem mennyire impon\u00e1lt<\/em>. \u00c1ltal\u00e1ban v\u00e9ve is jellemz\u0151, hogy nem els\u0151sorban a jelens\u00e9gek \u00e9s fogalmak le\u00edr\u00e1sa zajlik, hanem els\u0151k\u00e9zb\u0151l sz\u00e1rmaz\u00f3 bemutat\u00e1sa, az \u00e1lom, a r\u00e9m\u00e1lom \u00e9s a val\u00f3s\u00e1gon t\u00fali kalandoz\u00e1sok eleven sz\u00f6vet\u00e9nek felfejt\u00e9se, egy-egy eredeti foszl\u00e1ny felmutat\u00e1sa. <em>Ha kil\u00e9psz a szob\u00e1db\u00f3l, a h\u00e1tad m\u00f6g\u00f6tt \/ minden megt\u00f6rt\u00e9nhet <\/em>\u2013 \u00edrja Z. N\u00e9meth, \u00e9s val\u00f3ban meg is t\u00f6rt\u00e9nik, ennek reprezentat\u00edv bizony\u00edt\u00e9k\u00e1t az <em>\u00c9jszaka a szaun\u00e1ban<\/em> c. k\u00f6tet is tartalmazza.&nbsp;<\/p>\n\n\n\n<p>Z\u00e1r\u00f3 gondolatk\u00e9nt azt szeretn\u00e9m kiemelni, hogyan sarkallhatnak a megszokott kereteket sz\u00e9tfesz\u00edt\u0151, friss \u00e9s tal\u00e1l\u00e9kony gondolkod\u00e1sra, elm\u00e9lked\u00e9sre a szerz\u0151 sz\u00ednes, izgalmas, j\u00e1t\u00e9kos \u00e9s lelem\u00e9nyes versei, hogyan gondolkodjunk korunk \u00e9s jelen\u00fcnk dobozba z\u00e1rt agy\u00e1n k\u00edv\u00fcl kreat\u00edvan, a megszokotton t\u00fal. Z. N\u00e9meth Istv\u00e1n a bet\u0171k, a szavak, a mondatok \u00e9s a versek dimenzi\u00f3in bel\u00fcl mutatja meg, hogyan m\u0171k\u00f6dik a hat\u00e1rokat nem ismer\u0151 kreativit\u00e1s. Mert ha hat\u00e1rokr\u00f3l esik sz\u00f3, \u00f3hatatlanul hatalmas, emberi l\u00e9pt\u00e9kkel bel\u00e1thatatlan nagys\u00e1g\u00fa ter\u00fcletek hat\u00e1raira gondolunk. Olykor elfeledve, hogy val\u00f3s\u00e1gunk r\u00e9sz\u00e9t k\u00e9pzik olyan par\u00e1nyi, a t\u00e9rben ford\u00edtott m\u00f3don \u2013 emberi l\u00e9pt\u00e9kkel ugyancsak \u2013felm\u00e9rhetetlen\u00fcl t\u00e1gas helyek, mint a vil\u00e1gok, amelyek <em>g\u00f6mb\u00f6s\u00f6dnek, majd sz\u0171nnek meg az \u00e1sv\u00e1nyv\u00edzben<\/em> vagymint a <em>kir\u00e1lys\u00e1g egy fogpiszk\u00e1l\u00f3 hegy\u00e9n<\/em>. Z. N\u00e9meth Istv\u00e1n 2023-ban megjelent k\u00f6tet\u00e9nek versei sz\u00e1momra valami eg\u00e9szen hasonl\u00f3t jelentenek.&nbsp;<\/p>\n","protected":false},"excerpt":{"rendered":"<p>Kir\u00e1lys\u00e1gok egy-egy fogpiszk\u00e1l\u00f3 hegy\u00e9n&nbsp; Z. N\u00e9meth Istv\u00e1n: \u00c9jszaka a szaun\u00e1ban (V\u00e1mb\u00e9ry Polg\u00e1ri T\u00e1rsul\u00e1s, 2023.) Z. N\u00e9meth Istv\u00e1n Forb\u00e1th-, Talamon- \u00e9s Simk\u00f3-d\u00edjas k\u00f6lt\u0151, \u00edr\u00f3 leg\u00fajabb versesk\u00f6tete 2023-ban l\u00e1tott napvil\u00e1got \u00c9jszaka a szaun\u00e1ban c\u00edmen. Nem mellesleg a c\u00edmad\u00f3 verssel Z. N\u00e9meth 2022 &hellip; <a href=\"https:\/\/opus-folyoirat.sk\/?page_id=3737\">Egy kattint\u00e1s ide a folytat\u00e1shoz&#8230;. <span class=\"meta-nav\">&rarr;<\/span><\/a><\/p>\n","protected":false},"author":4,"featured_media":0,"parent":0,"menu_order":0,"comment_status":"closed","ping_status":"closed","template":"","meta":{"footnotes":""},"class_list":["post-3737","page","type-page","status-publish","hentry"],"_links":{"self":[{"href":"https:\/\/opus-folyoirat.sk\/index.php?rest_route=\/wp\/v2\/pages\/3737","targetHints":{"allow":["GET"]}}],"collection":[{"href":"https:\/\/opus-folyoirat.sk\/index.php?rest_route=\/wp\/v2\/pages"}],"about":[{"href":"https:\/\/opus-folyoirat.sk\/index.php?rest_route=\/wp\/v2\/types\/page"}],"author":[{"embeddable":true,"href":"https:\/\/opus-folyoirat.sk\/index.php?rest_route=\/wp\/v2\/users\/4"}],"replies":[{"embeddable":true,"href":"https:\/\/opus-folyoirat.sk\/index.php?rest_route=%2Fwp%2Fv2%2Fcomments&post=3737"}],"version-history":[{"count":1,"href":"https:\/\/opus-folyoirat.sk\/index.php?rest_route=\/wp\/v2\/pages\/3737\/revisions"}],"predecessor-version":[{"id":3740,"href":"https:\/\/opus-folyoirat.sk\/index.php?rest_route=\/wp\/v2\/pages\/3737\/revisions\/3740"}],"wp:attachment":[{"href":"https:\/\/opus-folyoirat.sk\/index.php?rest_route=%2Fwp%2Fv2%2Fmedia&parent=3737"}],"curies":[{"name":"wp","href":"https:\/\/api.w.org\/{rel}","templated":true}]}}