{"id":3769,"date":"2025-06-08T14:30:00","date_gmt":"2025-06-08T12:30:00","guid":{"rendered":"https:\/\/opus-folyoirat.sk\/?page_id=3769"},"modified":"2026-01-14T14:37:00","modified_gmt":"2026-01-14T12:37:00","slug":"kemal-ozer-2","status":"publish","type":"page","link":"https:\/\/opus-folyoirat.sk\/?page_id=3769","title":{"rendered":"Kemal \u00d6zer"},"content":{"rendered":"\n<p><strong>Hallok egy hangot<\/strong><\/p>\n\n\n<div class=\"has-text-align-right wp-block-post-date\"><time datetime=\"2025-06-08T14:30:00+02:00\">2025-06-08<\/time><\/div>\n\n\n<p>A h\u00e9tdomb\u00fa v\u00e1rosban ahov\u00e1 indulsz,<br>k\u00e9sz\u00fclj \u2212 hallok egy hangot \u2212&nbsp;<br>hogy egy nyolcadik dombot is adj hozz\u00e1<br>&nbsp;&nbsp; &nbsp; &nbsp; mikor hazat\u00e9rsz Budapestr\u0151l.<\/p>\n\n\n\n<p>Ha eml\u00e9kezeted k\u00f6d\u00f6s\u00fcl egy nap<br>a Duna t\u0171nj\u00f6n fel<br>&nbsp; &nbsp; &nbsp; &nbsp; mintha a Hal\u00e1szb\u00e1sty\u00e1r\u00f3l n\u00e9zn\u00e9d,<br>a hegyes tornyok \u00e9reztess\u00e9k cs\u00f6ndj\u00e9t<br>&nbsp;&nbsp; &nbsp; &nbsp; a s\u00edks\u00e1g f\u00f6l\u00e9 ter\u00fcl\u0151 \u00e9gboltnak<br>csillogjon amikor a nap r\u00e1s\u00fct<br>a nem csak k\u00e9t partot&nbsp;<br>de k\u00e9t embert k\u00e9t eml\u00e9ket k\u00e9t \u00e1lmot<br>\u00f6sszek\u00f6t\u0151 nyolc h\u00edd<br>l\u00e1thatatlan \u00e1rap\u00e1ly\u00e1val a H\u0151s\u00f6k tere<br>tov\u00e1bbra is gy\u0171jtse \u00f3ri\u00e1si sz\u00edv\u00e9be<br>a k\u00f6rutakon \u00e9s foly\u00f3kon \u00e1tkelve<br>tal\u00e1lkoz\u00f3 embereket<br>\u00e9s amikor szedel\u0151zk\u00f6dik a ny\u00e1r<br>&nbsp;&nbsp; &nbsp; &nbsp; susogjon mint a sz\u00e1raz levelek<br>&nbsp; &nbsp; &nbsp; &nbsp; &nbsp; az a F\u00f6ldk\u00f6zi-tengeri fuvallat<br>&nbsp; &nbsp; &nbsp; &nbsp; &nbsp; amely Szentendre utc\u00e1in j\u00f6tt szembe veled.<br><\/p>\n\n\n\n<p>A nyolchidas v\u00e1rosban, amelyben j\u00e1rt\u00e1l<br>k\u00e9sz\u00fclj \u2212 hallom a hangot \u2212<br>hagyj egy kilencedik hidat<br>amikor elj\u00f6ssz Budapestr\u0151l.&nbsp;<\/p>\n\n\n\n<p><br><br><strong>A \u201eMagyarok\u201d c\u00edm\u0171 filmet n\u00e9zv\u00e9n<\/strong><\/p>\n\n\n\n<p>Suttog\u00e1s\u00e1t hallottam<br>H\u00e1tam m\u00f6g\u00f6tt k\u00e9t fecseg\u0151nek.<\/p>\n\n\n\n<p>Micsoda egy aga ez<br>\u2212 mondta az egyik<br>a gazd\u00e1ra \u2212<br>m\u00e9g egy korb\u00e1cs sincs a kez\u00e9ben<br>hogy a csizm\u00e1j\u00e1t verje j\u00e1r\u00e1s k\u00f6zben.<\/p>\n\n\n\n<p>Alkalom is ny\u00edlt<br>\u2212 mondta a m\u00e1sik \u2212<br>alkalom is ny\u00edlt<br>de nem vitt az \u00e1gy\u00e1ba<br>annyi n\u0151 k\u00f6z\u00fcl egyet is.<\/p>\n\n\n\n<p>A k\u00e9t fecseg\u0151 n\u00e9zi<br>a v\u00e1sznon perg\u0151 k\u00e9peket<br>an\u00e9lk\u00fcl hogy l\u00e1tn\u00e1<br>egy nagy \u00e1rny\u00e1k remeg\u00e9s\u00e9t<br>a k\u00e9pek f\u00f6l\u00f6tt.<\/p>\n\n\n\n<p><br><br><strong>Egy csepp a s\u00f6t\u00e9tben<\/strong><\/p>\n\n\n\n<p>Egy kisl\u00e1ny hat-h\u00e9t \u00e9ves,<br>egy f\u00e9rfi \u00e9s egy n\u0151 kez\u00e9t fogja.<br>H\u00e1romtag\u00fa csal\u00e1d.<\/p>\n\n\n\n<p>S\u00f6t\u00e9t napszem\u00fcvege m\u00f6g\u00fcl<br>a semmibe mosolyog a n\u0151 \u00e9s a f\u00e9rfi.<br>Helyett\u00fck n\u00e9z a kisl\u00e1ny.<\/p>\n\n\n\n<p>Cseppnyi f\u00e9ny a s\u00f6t\u00e9tben.&nbsp; &nbsp; &nbsp; &nbsp; &nbsp; &nbsp; &nbsp; &nbsp;<\/p>\n\n\n\n<p><\/p>\n\n\n\n<p><\/p>\n\n\n\n<p class=\"has-text-align-right\"><em>Tasn\u00e1di Edit ford\u00edt\u00e1sai<\/em><\/p>\n","protected":false},"excerpt":{"rendered":"<p>Hallok egy hangot A h\u00e9tdomb\u00fa v\u00e1rosban ahov\u00e1 indulsz,k\u00e9sz\u00fclj \u2212 hallok egy hangot \u2212&nbsp;hogy egy nyolcadik dombot is adj hozz\u00e1&nbsp;&nbsp; &nbsp; &nbsp; mikor hazat\u00e9rsz Budapestr\u0151l. Ha eml\u00e9kezeted k\u00f6d\u00f6s\u00fcl egy napa Duna t\u0171nj\u00f6n fel&nbsp; &nbsp; &nbsp; &nbsp; mintha a Hal\u00e1szb\u00e1sty\u00e1r\u00f3l n\u00e9zn\u00e9d,a hegyes &hellip; <a href=\"https:\/\/opus-folyoirat.sk\/?page_id=3769\">Egy kattint\u00e1s ide a folytat\u00e1shoz&#8230;. <span class=\"meta-nav\">&rarr;<\/span><\/a><\/p>\n","protected":false},"author":4,"featured_media":0,"parent":0,"menu_order":0,"comment_status":"closed","ping_status":"closed","template":"","meta":{"footnotes":""},"class_list":["post-3769","page","type-page","status-publish","hentry"],"_links":{"self":[{"href":"https:\/\/opus-folyoirat.sk\/index.php?rest_route=\/wp\/v2\/pages\/3769","targetHints":{"allow":["GET"]}}],"collection":[{"href":"https:\/\/opus-folyoirat.sk\/index.php?rest_route=\/wp\/v2\/pages"}],"about":[{"href":"https:\/\/opus-folyoirat.sk\/index.php?rest_route=\/wp\/v2\/types\/page"}],"author":[{"embeddable":true,"href":"https:\/\/opus-folyoirat.sk\/index.php?rest_route=\/wp\/v2\/users\/4"}],"replies":[{"embeddable":true,"href":"https:\/\/opus-folyoirat.sk\/index.php?rest_route=%2Fwp%2Fv2%2Fcomments&post=3769"}],"version-history":[{"count":1,"href":"https:\/\/opus-folyoirat.sk\/index.php?rest_route=\/wp\/v2\/pages\/3769\/revisions"}],"predecessor-version":[{"id":3778,"href":"https:\/\/opus-folyoirat.sk\/index.php?rest_route=\/wp\/v2\/pages\/3769\/revisions\/3778"}],"wp:attachment":[{"href":"https:\/\/opus-folyoirat.sk\/index.php?rest_route=%2Fwp%2Fv2%2Fmedia&parent=3769"}],"curies":[{"name":"wp","href":"https:\/\/api.w.org\/{rel}","templated":true}]}}