{"id":3771,"date":"2025-06-24T14:32:00","date_gmt":"2025-06-24T12:32:00","guid":{"rendered":"https:\/\/opus-folyoirat.sk\/?page_id=3771"},"modified":"2026-01-14T14:41:23","modified_gmt":"2026-01-14T12:41:23","slug":"kemal-ozer-4","status":"publish","type":"page","link":"https:\/\/opus-folyoirat.sk\/?page_id=3771","title":{"rendered":"Kemal \u00d6zer"},"content":{"rendered":"\n<p><strong>Vend\u00e9gs\u00e9g<\/strong><\/p>\n\n\n<div class=\"has-text-align-right wp-block-post-date\"><time datetime=\"2025-06-24T14:32:00+02:00\">2025-06-24<\/time><\/div>\n\n\n<p>K\u00fcl\u00f6nb\u00f6z\u0151 sz\u00edn\u0171 emberek<br>gyermekei D\u00e9l-Amerik\u00e1nak<br>           Afrik\u00e1nak<br>                  \u00c1zsi\u00e1nak<br>Rotterdam utc\u00e1in<\/p>\n\n\n\n<p>\u00c9vsz\u00e1zadokkal ezel\u0151tt a hollandok<br>Nem v\u00e1rt vend\u00e9gei voltak \u0151seiknek<br>Ha v\u00e1rt, ha nem v\u00e1rt most<br>Rajtuk a vend\u00e9gs\u00e9g sora<\/p>\n\n\n\n<p><br><br><strong>Felirat<\/strong><\/p>\n\n\n\n<p>lovamat<br>a sehol meg nem \u00e1ll\u00e1s<br>sz\u00e9ps\u00e9g\u00e9hez k\u00f6t\u00f6ttem<\/p>\n\n\n\n<p><br><br><strong>Anya \u00e9s fi\u00fa<\/strong><\/p>\n\n\n\n<p>A fi\u00fa n\u00e9zi<br>          a l\u00e9pni nem mer\u0151 any\u00e1t<br>belekarol, hogy induljon<br>\u00e9s esz\u00e9be jut a r\u00e9gen elm\u00falt:<br>          Olyan voltam egykor, mint \u0151<br>          a l\u00e1bam remeg\u0151, bizonytalan<br>          v\u00e1rtam ny\u00fajtsa a karj\u00e1t<br>          \u00f3vjon, amikor elindulok&#8230;<\/p>\n\n\n\n<p>ugyanaz az aggodalmas v\u00e1rakoz\u00e1s, ugyanaz a szeret\u0151 \u00f6sszetartoz\u00e1s<br>v\u00e1ltoztat ir\u00e1nyt kettej\u00fck k\u00f6z\u00f6tt.<\/p>\n\n\n\n<p><br><\/p>\n\n\n\n<p class=\"has-text-align-right\"><em>Tasn\u00e1di Edit ford\u00edt\u00e1sai<\/em><\/p>\n","protected":false},"excerpt":{"rendered":"<p>Vend\u00e9gs\u00e9g K\u00fcl\u00f6nb\u00f6z\u0151 sz\u00edn\u0171 emberekgyermekei D\u00e9l-Amerik\u00e1nak Afrik\u00e1nak \u00c1zsi\u00e1nakRotterdam utc\u00e1in \u00c9vsz\u00e1zadokkal ezel\u0151tt a hollandokNem v\u00e1rt vend\u00e9gei voltak \u0151seiknekHa v\u00e1rt, ha nem v\u00e1rt mostRajtuk a vend\u00e9gs\u00e9g sora Felirat lovamata sehol meg nem \u00e1ll\u00e1ssz\u00e9ps\u00e9g\u00e9hez k\u00f6t\u00f6ttem Anya \u00e9s fi\u00fa A fi\u00fa n\u00e9zi a l\u00e9pni nem &hellip; <a href=\"https:\/\/opus-folyoirat.sk\/?page_id=3771\">Egy kattint\u00e1s ide a folytat\u00e1shoz&#8230;. <span class=\"meta-nav\">&rarr;<\/span><\/a><\/p>\n","protected":false},"author":4,"featured_media":0,"parent":0,"menu_order":0,"comment_status":"closed","ping_status":"closed","template":"","meta":{"footnotes":""},"class_list":["post-3771","page","type-page","status-publish","hentry"],"_links":{"self":[{"href":"https:\/\/opus-folyoirat.sk\/index.php?rest_route=\/wp\/v2\/pages\/3771","targetHints":{"allow":["GET"]}}],"collection":[{"href":"https:\/\/opus-folyoirat.sk\/index.php?rest_route=\/wp\/v2\/pages"}],"about":[{"href":"https:\/\/opus-folyoirat.sk\/index.php?rest_route=\/wp\/v2\/types\/page"}],"author":[{"embeddable":true,"href":"https:\/\/opus-folyoirat.sk\/index.php?rest_route=\/wp\/v2\/users\/4"}],"replies":[{"embeddable":true,"href":"https:\/\/opus-folyoirat.sk\/index.php?rest_route=%2Fwp%2Fv2%2Fcomments&post=3771"}],"version-history":[{"count":1,"href":"https:\/\/opus-folyoirat.sk\/index.php?rest_route=\/wp\/v2\/pages\/3771\/revisions"}],"predecessor-version":[{"id":3782,"href":"https:\/\/opus-folyoirat.sk\/index.php?rest_route=\/wp\/v2\/pages\/3771\/revisions\/3782"}],"wp:attachment":[{"href":"https:\/\/opus-folyoirat.sk\/index.php?rest_route=%2Fwp%2Fv2%2Fmedia&parent=3771"}],"curies":[{"name":"wp","href":"https:\/\/api.w.org\/{rel}","templated":true}]}}

Kemal Özer

<p><strong>Vendégség</strong></p>


<div class="has-text-align-right wp-block-post-date"><time datetime="2025-06-24T14:32:00+02:00">2025-06-24</time></div>


<p>Különböző színű emberek<br>gyermekei Dél-Amerikának<br>           Afrikának<br>                  Ázsiának<br>Rotterdam utcáin</p>



<p>Évszázadokkal ezelőtt a hollandok<br>Nem várt vendégei voltak őseiknek<br>Ha várt, ha nem várt most<br>Rajtuk a vendégség sora</p>



<p><br><br><strong>Felirat</strong></p>



<p>lovamat<br>a sehol meg nem állás<br>szépségéhez kötöttem</p>



<p><br><br><strong>Anya és fiú</strong></p>



<p>A fiú nézi<br>          a lépni nem merő anyát<br>belekarol, hogy induljon<br>és eszébe jut a régen elmúlt:<br>          Olyan voltam egykor, mint ő<br>          a lábam remegő, bizonytalan<br>          vártam nyújtsa a karját<br>          óvjon, amikor elindulok&#8230;</p>



<p>ugyanaz az aggodalmas várakozás, ugyanaz a szerető összetartozás<br>változtat irányt kettejük között.</p>



<p><br></p>



<p class="has-text-align-right"><em>Tasnádi Edit fordításai</em></p>

<p>Vendégség Különböző színű emberekgyermekei Dél-Amerikának Afrikának ÁzsiánakRotterdam utcáin Évszázadokkal ezelőtt a hollandokNem várt vendégei voltak őseiknekHa várt, ha nem várt mostRajtuk a vendégség sora Felirat lovamata sehol meg nem állásszépségéhez kötöttem Anya és fiú A fiú nézi a lépni nem &hellip; <a href="https://opus-folyoirat.sk/?page_id=3771">Egy kattintás ide a folytatáshoz&#8230;. <span class="meta-nav">&rarr;</span></a></p>
