{"id":3775,"date":"2025-06-03T14:35:00","date_gmt":"2025-06-03T12:35:00","guid":{"rendered":"https:\/\/opus-folyoirat.sk\/?page_id=3775"},"modified":"2026-01-14T14:50:00","modified_gmt":"2026-01-14T12:50:00","slug":"szabo-zoltan-attila","status":"publish","type":"page","link":"https:\/\/opus-folyoirat.sk\/?page_id=3775","title":{"rendered":"Szab\u00f3 Zolt\u00e1n Attila"},"content":{"rendered":"\n<p><strong>\u00dcvegszil\u00e1nkok<\/strong><\/p>\n\n\n<div class=\"has-text-align-right wp-block-post-date\"><time datetime=\"2025-06-03T14:35:00+02:00\">2025-06-03<\/time><\/div>\n\n\n<p>Az \u00fcress\u00e9g\u00e9rzet k\u00fcl\u00f6nleges \u00e1llapot. A semmib\u0151l v\u00e1lik t\u00e1rsb\u00e9rl\u0151dd\u00e9. El\u0151tte nincs jele annak, hogy hozz\u00e1d k\u00e9sz\u00fcl(ne).&nbsp;<\/p>\n\n\n\n<p>Azut\u00e1n hopp, meg\u00e9rkezik, becuccol, le\u00fcl a kanap\u00e9dra, nem hagyja, hogy \u00e9lvezd az esti focimeccset, tiltja, hogy kimenj a s\u00f6r\u00e9rt; \u00e9rz\u00e9kelhet\u0151en ig\u00e9nyli a jelenl\u00e9tedet, a figyelmedet, m\u00e9gsem \u00e9rdekl\u0151dik fel\u0151led, be se mutatkozik, csak \u00fcl, kit\u00f6lti a teret, bef\u00e9szkeli mag\u00e1t a sejtjeidbe, elsz\u00edvja a leveg\u0151t, de nem az \u00f6sszest, hiszen nem meg\u00f6lni j\u00f6tt, csak enyh\u00e9n fojtogatni, m\u00e1r ha lehets\u00e9ges egy\u00e1ltal\u00e1n az ilyesmi, m\u00e1r hogy \u201evalaki\u201d csak enyh\u00e9n fojtogat (az aberr\u00e1ltak v\u00e9lem\u00e9ny\u00e9re nem vagyok k\u00edv\u00e1ncsi!); csak szeml\u00e9l, csak kornyadozik (veled), l\u00e1thatatlanul felf\u00fajja mag\u00e1t, belef\u00fajja mag\u00e1t az \u00fcveges szekr\u00e9nybe, \u00e1tl\u00e1t, kiles \u00e9s bekukkant egyszerre, ablakot nyit \u00e9s z\u00e1r, de ink\u00e1bb csak z\u00e1r, elz\u00e1r, riglizik, a hatalm\u00e1t fitogtatja, k\u00f6rbeind\u00e1z, a bev\u00e1gtat\u00f3 napf\u00e9ny erej\u00e9t sz\u0171ri, az \u00e1lmokat kioltja, a rem\u00e9nyeket nemk\u00fcl\u00f6nben; meg\u00e9rteti (veled), hogy a l\u00e9t ill\u00fazi\u00f3, a l\u00e9t a n\u00e9vtelen isten \u00e9s a nevesincs ember \u00e9rtelmetlen sz\u00f3p\u00e1rbaja, a l\u00e9t moraj, a lehet szinonim\u00e1ja, b\u00e1r az is lehets\u00e9ges, hogy l\u00e9tezni eleve lehetetlens\u00e9g, f\u0151k\u00e9pp itt, Kelet-Eur\u00f3p\u00e1ban, a K\u00e1rp\u00e1t-medenc\u00e9ben, ahol az \u00fcres fecseg\u00e9s \u00e1llam\u00e9rdek, a locsog\u00e1s t\u00f6rt\u00e9nelmi hagyom\u00e1ny, a futball ill\u00fazi\u00f3, a len\u00e9z\u00e9s nemzeti sport, a nyomorultabbnak odavetett \u00e9letvezet\u00e9si tan\u00e1csad\u00e1s k\u00f6vetend\u0151 j\u00f3p\u00e9lda, ahol az antihum\u00e1nus hum\u00e1nuss\u00e1 nemes\u00fcl<em>, a j\u00f3indulat begerjed<\/em>, a hum\u00e1num f\u00f6ldbe tiportatik (d\u00f6ng\u00f6ltetik), s az \u00f6sszes m\u00f3k\u00e1ba j\u00f3f\u00e9le k\u00f6z\u00e9p-eur\u00f3pai keser\u0171s\u00e9g vegy\u00fcl, \u00e9s ford\u00edtva; mert e t\u00e1jon minden ford\u00edtva van, mindent f\u00e9lre \u00e9rtenek, mindent t\u00falmagyar\u00e1znak, t\u00falvez\u00e9relnek, majd kivez\u00e9nyelnek, sz\u00e9tl\u00f6vetnek, \u00fajra rendeznek; a rendez\u0151elv maga a rendezetlens\u00e9g, s a szab\u00e1lyok l\u00e9nyege: a betarthatatlans\u00e1g; a szab\u00e1lyok \u00e1t\u00edrhat\u00f3ak, a szab\u00e1lyokat gumifalak k\u00f6z\u00e9 vetik (onnan is kiveszik), mert az \u00f6sszes szab\u00e1lyz\u00f3 szab\u00e1lytalan, aki pedig szab\u00e1lyoz, alaktalan, aki megrendszab\u00e1lyoz, alakv\u00e1lt\u00f3, aki mindezt betartan\u00e1, annak betartanak, aki hinni szeretn\u00e9, azt hitetlenn\u00e9 (hiteltelenn\u00e9) teszik, s m\u00e1ris fojtogatja az \u00fcress\u00e9g\u00e9rzet, a j\u00f3f\u00e9le \u00fcress\u00e9g\u00e9rzet, a stabilan k\u00ednz\u00f3, de m\u00e9gis m\u00e9g \u00e9pp elviselhet\u0151, mert erre is lehet ig\u00e9ny, id\u0151vel egyenesen \u00e9lm\u00e9nysz\u00e1mba mehet a s\u00e1rba tipr\u00e1s; a s\u00e1rba tiportatott pediglen benyeli az ideol\u00f3gi\u00e1t, a s\u00e1rba d\u00f6ng\u00f6l\u0151 \u00fagyszint\u00e9n; az ideol\u00f3gia megsemmis\u00edt, alult\u00e1pl\u00e1l, al\u00e1vet, al\u00e1szor\u00edt, elaljas\u00edt, eltagad, alul\u00e1raz, (lek\u00e1derez), letagl\u00f3z, s te hagyod, hagyod, hagyod, azut\u00e1n tal\u00e1n m\u00e9gsem, de v\u00e9g\u00fcl m\u00e9gis; minden \u00fajrakezd\u0151dik, minden \u00fajra\u00e9led\/\u00fajrahal, kikezd, kit\u00f6lti a teret, valami elsz\u00edvja a leveg\u0151t, sz\u00edvja, sz\u00edvsz, sz\u00edvja, kif\u00fajsz, s te f\u00fajhatod &#8211; rosseb vigye! -, a fel\u00e9t, a negyed\u00e9t, a nyolcad\u00e1t; az a tudom is \u00e9n mi, az \u00fcress\u00e9g\u00e9rzeted becuccol, le\u00fcl a kanap\u00e9ra, mag\u00e1ra h\u00fazza a meleg\u00edt\u0151nadr\u00e1godat, kimegy a s\u00f6r\u00f6d\u00e9rt, megissza, kortyolja, lefetyeli, benyeli, de tov\u00e1bbra se \u00f6l meg, csak a vitrinbe z\u00e1r.&nbsp;<\/p>\n\n\n\n<p>\u00dcvegcsontjaidat imm\u00e1r a szil\u00e1nkok tartj\u00e1k egyben.&nbsp;<\/p>\n","protected":false},"excerpt":{"rendered":"<p>\u00dcvegszil\u00e1nkok Az \u00fcress\u00e9g\u00e9rzet k\u00fcl\u00f6nleges \u00e1llapot. A semmib\u0151l v\u00e1lik t\u00e1rsb\u00e9rl\u0151dd\u00e9. El\u0151tte nincs jele annak, hogy hozz\u00e1d k\u00e9sz\u00fcl(ne).&nbsp; Azut\u00e1n hopp, meg\u00e9rkezik, becuccol, le\u00fcl a kanap\u00e9dra, nem hagyja, hogy \u00e9lvezd az esti focimeccset, tiltja, hogy kimenj a s\u00f6r\u00e9rt; \u00e9rz\u00e9kelhet\u0151en ig\u00e9nyli a jelenl\u00e9tedet, a &hellip; <a href=\"https:\/\/opus-folyoirat.sk\/?page_id=3775\">Egy kattint\u00e1s ide a folytat\u00e1shoz&#8230;. <span class=\"meta-nav\">&rarr;<\/span><\/a><\/p>\n","protected":false},"author":4,"featured_media":0,"parent":0,"menu_order":0,"comment_status":"closed","ping_status":"closed","template":"","meta":{"footnotes":""},"class_list":["post-3775","page","type-page","status-publish","hentry"],"_links":{"self":[{"href":"https:\/\/opus-folyoirat.sk\/index.php?rest_route=\/wp\/v2\/pages\/3775","targetHints":{"allow":["GET"]}}],"collection":[{"href":"https:\/\/opus-folyoirat.sk\/index.php?rest_route=\/wp\/v2\/pages"}],"about":[{"href":"https:\/\/opus-folyoirat.sk\/index.php?rest_route=\/wp\/v2\/types\/page"}],"author":[{"embeddable":true,"href":"https:\/\/opus-folyoirat.sk\/index.php?rest_route=\/wp\/v2\/users\/4"}],"replies":[{"embeddable":true,"href":"https:\/\/opus-folyoirat.sk\/index.php?rest_route=%2Fwp%2Fv2%2Fcomments&post=3775"}],"version-history":[{"count":1,"href":"https:\/\/opus-folyoirat.sk\/index.php?rest_route=\/wp\/v2\/pages\/3775\/revisions"}],"predecessor-version":[{"id":3789,"href":"https:\/\/opus-folyoirat.sk\/index.php?rest_route=\/wp\/v2\/pages\/3775\/revisions\/3789"}],"wp:attachment":[{"href":"https:\/\/opus-folyoirat.sk\/index.php?rest_route=%2Fwp%2Fv2%2Fmedia&parent=3775"}],"curies":[{"name":"wp","href":"https:\/\/api.w.org\/{rel}","templated":true}]}}