{"id":3794,"date":"2025-06-05T14:55:00","date_gmt":"2025-06-05T12:55:00","guid":{"rendered":"https:\/\/opus-folyoirat.sk\/?page_id=3794"},"modified":"2026-01-14T14:57:59","modified_gmt":"2026-01-14T12:57:59","slug":"bock-ervin","status":"publish","type":"page","link":"https:\/\/opus-folyoirat.sk\/?page_id=3794","title":{"rendered":"Bock Ervin"},"content":{"rendered":"\n<p><strong>\u00edgy, \u00fagy<\/strong><\/p>\n\n\n<div class=\"has-text-align-right wp-block-post-date\"><time datetime=\"2025-06-05T14:55:00+02:00\">2025-06-05<\/time><\/div>\n\n\n<p>\u00edgy vagy \u00fagy, de<br>\u00fagy \u00e9rkezett meg,<br>hogy nem oda k\u00e9sz\u00fclt, meg<br>\u00edgy azt\u00e1n hogyan is \u00e9rkezhetett,<br>meg k\u00fcl\u00f6nben is, legyintett,<br>mi\u00e9rt kell m\u00e9g meg\u00e9rkezni;<br>mikor jobb t\u00e1volr\u00f3l, jobb k\u00edv\u00fclr\u0151l<br>mit is?<br>igen, n\u00e9zni, k\u00f6vetni, hallgatni.<br>\u00edgy \u00e9rkezett meg, \u00e9s tudta, hogy nem.<\/p>\n\n\n\n<p><br><br><strong>gyalog laktunk<\/strong><\/p>\n\n\n\n<p>gyalog laktunk, a m\u00e1sodikon<br>alattunk Csomor,<br>a f\u00f6ldszinten meg egy rossz szem\u0171<br>testv\u00e9rp\u00e1r, akik miatt j\u00f3 lett volna<br>egy lift, de gyalog laktunk, \u00edgy<br>nekirugaszkodtunk a l\u00e9pcs\u0151h\u00e1znak,<br>hogy min\u00e9l gyorsabban ker\u00fclj\u00fcnk t\u00fal<br>a f\u00f6ldszinten, hogy l\u00e9phess\u00fcnk t\u00fal k\u00e9retlen<br>tekinteteken, k\u00f6sz\u00f6n\u00e9s n\u00e9lk\u00fcl.<\/p>\n\n\n\n<p>pedig a J\u00e1va ap\u00e1m\u00e9 volt.<br>egy sziget, de sz\u00e9nb\u0151l, alatta a motor.<br>ki temette el \u00e9s mikor: n\u00e9ztem volna bele ap\u00e1m<br>tekintet\u00e9be, de az \u00f6v\u00e9 m\u00e1ssal volt, nem<br>az eny\u00e9mmel akkor<br>a l\u00e9pcs\u0151h\u00e1zban, de nekem m\u00e9gsem kellett nekifesz\u00fcln\u00f6m<br>a l\u00e9pcs\u0151knek akkor, mert \u0151 velem volt,<br>a f\u00f6ldszinten, s \u00edgy voltunk mi egy\u00fctt,<br>k\u00e9retlen<br>tekintetekkel.<br>&#8212;&#8212;-<br>k\u00fcl\u00f6nben meg any\u00e1mt\u00f3l tudom, hogy<br>a motor m\u0171b\u0151r \u00fcl\u00e9s\u00e9n egyens\u00falyozva<br>t\u00f6rt\u00e9neteket vittek \u0151k ketten k\u00e9t v\u00e1ros k\u00f6z\u00f6tt,<br>buk\u00f3sisakkal \u00e9s s\u00edszem\u00fcveggel v\u00e9dve,<br>gyakran lopva is a t\u00e1vols\u00e1got.<\/p>\n\n\n\n<p>mindez pedig csak az\u00e9rt lehetett, mert akkor m\u00e9g nem volt a J\u00e1va<br>sz\u00e9nnel temetett sziget\u2026<\/p>\n\n\n\n<p><em>(A Pegazus alkot\u00f3p\u00e1ly\u00e1zat l\u00edra kateg\u00f3ri\u00e1j\u00e1nak 2. helyezettje)<\/em><\/p>\n","protected":false},"excerpt":{"rendered":"<p>\u00edgy, \u00fagy \u00edgy vagy \u00fagy, de\u00fagy \u00e9rkezett meg,hogy nem oda k\u00e9sz\u00fclt, meg\u00edgy azt\u00e1n hogyan is \u00e9rkezhetett,meg k\u00fcl\u00f6nben is, legyintett,mi\u00e9rt kell m\u00e9g meg\u00e9rkezni;mikor jobb t\u00e1volr\u00f3l, jobb k\u00edv\u00fclr\u0151lmit is?igen, n\u00e9zni, k\u00f6vetni, hallgatni.\u00edgy \u00e9rkezett meg, \u00e9s tudta, hogy nem. gyalog laktunk gyalog laktunk, &hellip; <a href=\"https:\/\/opus-folyoirat.sk\/?page_id=3794\">Egy kattint\u00e1s ide a folytat\u00e1shoz&#8230;. <span class=\"meta-nav\">&rarr;<\/span><\/a><\/p>\n","protected":false},"author":4,"featured_media":0,"parent":0,"menu_order":0,"comment_status":"closed","ping_status":"closed","template":"","meta":{"footnotes":""},"class_list":["post-3794","page","type-page","status-publish","hentry"],"_links":{"self":[{"href":"https:\/\/opus-folyoirat.sk\/index.php?rest_route=\/wp\/v2\/pages\/3794","targetHints":{"allow":["GET"]}}],"collection":[{"href":"https:\/\/opus-folyoirat.sk\/index.php?rest_route=\/wp\/v2\/pages"}],"about":[{"href":"https:\/\/opus-folyoirat.sk\/index.php?rest_route=\/wp\/v2\/types\/page"}],"author":[{"embeddable":true,"href":"https:\/\/opus-folyoirat.sk\/index.php?rest_route=\/wp\/v2\/users\/4"}],"replies":[{"embeddable":true,"href":"https:\/\/opus-folyoirat.sk\/index.php?rest_route=%2Fwp%2Fv2%2Fcomments&post=3794"}],"version-history":[{"count":1,"href":"https:\/\/opus-folyoirat.sk\/index.php?rest_route=\/wp\/v2\/pages\/3794\/revisions"}],"predecessor-version":[{"id":3795,"href":"https:\/\/opus-folyoirat.sk\/index.php?rest_route=\/wp\/v2\/pages\/3794\/revisions\/3795"}],"wp:attachment":[{"href":"https:\/\/opus-folyoirat.sk\/index.php?rest_route=%2Fwp%2Fv2%2Fmedia&parent=3794"}],"curies":[{"name":"wp","href":"https:\/\/api.w.org\/{rel}","templated":true}]}}