{"id":3865,"date":"2025-07-08T19:01:00","date_gmt":"2025-07-08T17:01:00","guid":{"rendered":"https:\/\/opus-folyoirat.sk\/?page_id=3865"},"modified":"2026-01-14T19:04:16","modified_gmt":"2026-01-14T17:04:16","slug":"rudolf-jurolek","status":"publish","type":"page","link":"https:\/\/opus-folyoirat.sk\/?page_id=3865","title":{"rendered":"Rudolf Jurolek"},"content":{"rendered":"\n<div class=\"wp-block-group is-vertical is-layout-flex wp-container-core-group-is-layout-8cf370e7 wp-block-group-is-layout-flex\">\n<p><strong>5 vers<\/strong><\/p>\n\n\n\n<p><em>(5 b\u00e1sn\u00ed)<\/em><\/p>\n<\/div>\n\n\n<div class=\"has-text-align-right wp-block-post-date\"><time datetime=\"2025-07-08T19:01:00+02:00\">2025-07-08<\/time><\/div>\n\n\n<p>A&nbsp;l\u00e1t\u00e1sban van valami megnevezhetetlen, felejthetetlen: minden napnak az ill\u00e9kony veleje eml\u00e9kezetemb\u0151l el\u0151dereng.<\/p>\n\n\n\n<p>Feh\u00e9r ladikok\u00a0feh\u00e9r padjain emberek.<br>A sz\u00e9lben feh\u00e9r \u00e9s z\u00f6ld.<br>Vil\u00e1goss\u00e1g valahonn\u00e9t a\u00a0r\u00e9gm\u00faltb\u00f3l.<\/p>\n\n\n\n<p>Lehet, ez m\u00e1r nem a boldogs\u00e1g, hanem a b\u00e9kess\u00e9g.<\/p>\n\n\n\n<p>&#8230;<\/p>\n\n\n\n<p>Egy \u00e9pphogy l\u00e1that\u00f3 piros kis bog\u00e1rka<br>a\u00a0feh\u00e9r k\u00f6nyvlapon araszol, a\u00a0ritka sorok k\u00f6z\u00f6tt.<br>Hogy ker\u00fclt ide: kikecmergett a\u00a0f\u0171 vagy az erd\u0151 szavaib\u00f3l,<br>a\u00a0bet\u0171k\u00f6z\u00f6kb\u0151l, s\u00f6t\u00e9tl\u0151 szav\u00e1b\u00f3l az \u00e9jnek?<\/p>\n\n\n\n<p>&#8230;<\/p>\n\n\n\n<p>a\u00a0saj\u00e1t f\u0171sz\u00e1laid \u00e9s felh\u0151id\u00a0<br>mezej\u00e9n maradni<\/p>\n\n\n\n<p>a\u00a0r\u00e9ten a\u00a0csorda k\u00f6lt\u0151ien k\u00e9r\u0151dzik<br>rengeteg ideje van<br>elszenderedni \u00e9s felocs\u00fadni a\u00a0mez\u0151ben: milyen egyszer\u0171!<\/p>\n\n\n\n<p>p\u00e1sztork\u00f6lt\u00e9szet n\u00e9h\u00e1ny l\u00e9p\u00e9snyire a&nbsp;v\u00e1g\u00f3h\u00eddt\u00f3l<\/p>\n\n\n\n<p>&#8230;<\/p>\n\n\n\n<p>r\u00f6viddel azut\u00e1n, hogy fel\u00e9bredtem \u00e9s kinyitottam az ablakot, sz\u00e9pp\u00e9 v\u00e1lt a nap<br>t\u00e9nyleg lehets\u00e9ges, hogy a semmib\u0151l keletkezett a\u00a0vil\u00e1g<\/p>\n\n\n\n<p>tekintettel a\u00a0kiglancolt felsz\u00edn\u0171 nap s\u00edkos \u00e9rint\u00e9s\u00e9re<br>a\u00a0cukr\u00e1szda fel\u00e9 veszem utamat, hogy nyitott ajtaj\u00e1ban bel\u00e9legezzem a\u00a0van\u00edlia illat\u00e1t<\/p>\n\n\n\n<p>hogy mi t\u00f6rt\u00e9nik, minden azon m\u00falik, hogy a&nbsp;v\u00e9gleges k\u00f6vetkezm\u00e9nyben semmi ne t\u00f6rt\u00e9njen, hogy minden cselekm\u00e9ny lenull\u00e1zza egym\u00e1st, \u00e9s csak a&nbsp;j\u00f3l kiegyens\u00falyozott jelen j\u00e1tsz\u00f3djon le<\/p>\n\n\n\n<p>&#8230;<\/p>\n\n\n\n<p>az evol\u00faci\u00f3 az eml\u00e9kez\u00e9s k\u00e9pess\u00e9ge, ami seg\u00edt<br>a\u00a0sejtjeimben valami melegr\u0151l \u00e9s gy\u00f6ny\u00f6rtelir\u0151l (a k\u00f6z\u00f6s \u00e9let\u00fcnkr\u0151l?) maradt eml\u00e9k: hirtelen a\u00a0v\u00e9rbe vegy\u00fcl, \u00e9s nem enged meghalni<\/p>\n\n\n\n<p><em>(T\u00f6r\u00f6k N\u00e1ndor ford\u00edt\u00e1sa)<\/em><\/p>\n","protected":false},"excerpt":{"rendered":"<p>5 vers (5 b\u00e1sn\u00ed) A&nbsp;l\u00e1t\u00e1sban van valami megnevezhetetlen, felejthetetlen: minden napnak az ill\u00e9kony veleje eml\u00e9kezetemb\u0151l el\u0151dereng. Feh\u00e9r ladikok\u00a0feh\u00e9r padjain emberek.A sz\u00e9lben feh\u00e9r \u00e9s z\u00f6ld.Vil\u00e1goss\u00e1g valahonn\u00e9t a\u00a0r\u00e9gm\u00faltb\u00f3l. Lehet, ez m\u00e1r nem a boldogs\u00e1g, hanem a b\u00e9kess\u00e9g. &#8230; Egy \u00e9pphogy l\u00e1that\u00f3 piros &hellip; <a href=\"https:\/\/opus-folyoirat.sk\/?page_id=3865\">Egy kattint\u00e1s ide a folytat\u00e1shoz&#8230;. <span class=\"meta-nav\">&rarr;<\/span><\/a><\/p>\n","protected":false},"author":4,"featured_media":0,"parent":0,"menu_order":0,"comment_status":"closed","ping_status":"closed","template":"","meta":{"footnotes":""},"class_list":["post-3865","page","type-page","status-publish","hentry"],"_links":{"self":[{"href":"https:\/\/opus-folyoirat.sk\/index.php?rest_route=\/wp\/v2\/pages\/3865","targetHints":{"allow":["GET"]}}],"collection":[{"href":"https:\/\/opus-folyoirat.sk\/index.php?rest_route=\/wp\/v2\/pages"}],"about":[{"href":"https:\/\/opus-folyoirat.sk\/index.php?rest_route=\/wp\/v2\/types\/page"}],"author":[{"embeddable":true,"href":"https:\/\/opus-folyoirat.sk\/index.php?rest_route=\/wp\/v2\/users\/4"}],"replies":[{"embeddable":true,"href":"https:\/\/opus-folyoirat.sk\/index.php?rest_route=%2Fwp%2Fv2%2Fcomments&post=3865"}],"version-history":[{"count":2,"href":"https:\/\/opus-folyoirat.sk\/index.php?rest_route=\/wp\/v2\/pages\/3865\/revisions"}],"predecessor-version":[{"id":3868,"href":"https:\/\/opus-folyoirat.sk\/index.php?rest_route=\/wp\/v2\/pages\/3865\/revisions\/3868"}],"wp:attachment":[{"href":"https:\/\/opus-folyoirat.sk\/index.php?rest_route=%2Fwp%2Fv2%2Fmedia&parent=3865"}],"curies":[{"name":"wp","href":"https:\/\/api.w.org\/{rel}","templated":true}]}}

<div class="wp-block-group is-vertical is-layout-flex wp-container-core-group-is-layout-8cf370e7 wp-block-group-is-layout-flex">
<p><strong>5 vers</strong></p>



<p><em>(5 básní)</em></p>
</div>


<div class="has-text-align-right wp-block-post-date"><time datetime="2025-07-08T19:01:00+02:00">2025-07-08</time></div>


<p>A&nbsp;látásban van valami megnevezhetetlen, felejthetetlen: minden napnak az illékony veleje emlékezetemből elődereng.</p>



<p>Fehér ladikok fehér padjain emberek.<br>A szélben fehér és zöld.<br>Világosság valahonnét a régmúltból.</p>



<p>Lehet, ez már nem a boldogság, hanem a békesség.</p>



<p>&#8230;</p>



<p>Egy épphogy látható piros kis bogárka<br>a fehér könyvlapon araszol, a ritka sorok között.<br>Hogy került ide: kikecmergett a fű vagy az erdő szavaiból,<br>a betűközökből, sötétlő szavából az éjnek?</p>



<p>&#8230;</p>



<p>a saját fűszálaid és felhőid <br>mezején maradni</p>



<p>a réten a csorda költőien kérődzik<br>rengeteg ideje van<br>elszenderedni és felocsúdni a mezőben: milyen egyszerű!</p>



<p>pásztorköltészet néhány lépésnyire a&nbsp;vágóhídtól</p>



<p>&#8230;</p>



<p>röviddel azután, hogy felébredtem és kinyitottam az ablakot, széppé vált a nap<br>tényleg lehetséges, hogy a semmiből keletkezett a világ</p>



<p>tekintettel a kiglancolt felszínű nap síkos érintésére<br>a cukrászda felé veszem utamat, hogy nyitott ajtajában belélegezzem a vanília illatát</p>



<p>hogy mi történik, minden azon múlik, hogy a&nbsp;végleges következményben semmi ne történjen, hogy minden cselekmény lenullázza egymást, és csak a&nbsp;jól kiegyensúlyozott jelen játszódjon le</p>



<p>&#8230;</p>



<p>az evolúció az emlékezés képessége, ami segít<br>a sejtjeimben valami melegről és gyönyörteliről (a közös életünkről?) maradt emlék: hirtelen a vérbe vegyül, és nem enged meghalni</p>



<p><em>(Török Nándor fordítása)</em></p>

<p>5 vers (5 básní) A&nbsp;látásban van valami megnevezhetetlen, felejthetetlen: minden napnak az illékony veleje emlékezetemből elődereng. Fehér ladikok fehér padjain emberek.A szélben fehér és zöld.Világosság valahonnét a régmúltból. Lehet, ez már nem a boldogság, hanem a békesség. &#8230; Egy épphogy látható piros &hellip; <a href="https://opus-folyoirat.sk/?page_id=3865">Egy kattintás ide a folytatáshoz&#8230;. <span class="meta-nav">&rarr;</span></a></p>
