{"id":3881,"date":"2025-08-18T00:19:00","date_gmt":"2025-08-17T22:19:00","guid":{"rendered":"https:\/\/opus-folyoirat.sk\/?page_id=3881"},"modified":"2026-01-14T20:20:09","modified_gmt":"2026-01-14T18:20:09","slug":"nagy-erika-8","status":"publish","type":"page","link":"https:\/\/opus-folyoirat.sk\/?page_id=3881","title":{"rendered":"Nagy Erika"},"content":{"rendered":"\n<p><br><strong>A k\u00f6z\u00f6ny gener\u00e1ci\u00f3ja<\/strong><\/p>\n\n\n<div class=\"has-text-align-right wp-block-post-date\"><time datetime=\"2025-08-18T00:19:00+02:00\">2025-08-18<\/time><\/div>\n\n\n<p>Ugyan\u00fagy indult a nap, mint a t\u00f6bbi, k\u00e1v\u00e9, r\u00e1ntotta, a szok\u00e1sos reggeli ny\u00fczsg\u00e9s, majd rohan\u00e1s a buszra. Csendes m\u00e1jusi es\u0151 \u00e1ztatta \u00e9jszaka a f\u00f6ldet, az utc\u00e1k j\u00e1rd\u00e1in nedves pocsoly\u00e1kba gy\u0171ltek az es\u0151cseppek. A term\u00e9szet kivirult, \u00fajra\u00e9ledtek f\u00e1k, a f\u00fcvet szinte harapni lehetett. Ragyog\u00f3 lombs\u00e1trat vont a tavasz arra a parkra is, amelyen naponta \u00e1tv\u00e1gok a munk\u00e1ba menet. Ezen a reggelen \u00e9n is \u00fajult lend\u00fclettel \u00e9s energi\u00e1val vetettem bele magam az el\u0151ttem \u00e1ll\u00f3 feladatokba, agyamban kattogtak a gondolatok, teend\u0151k, mi a fontos, mit lehet elod\u00e1zni. L\u00e1ttam, hogy a term\u00e9szet \u00e9led\u00e9s\u00e9vel egy\u00fctt a gazdik is t\u00f6bb id\u0151t t\u00f6ltenek a parkban, az ebek \u00f6nfeledten szaladg\u00e1ltak, legt\u00f6bbj\u00fck p\u00f3r\u00e1zon, szagolgatt\u00e1k, jel\u00f6lgett\u00e9k, amit csak szagolni \u00e9s jel\u00f6lni lehetett.&nbsp; A kisgyermekes anyuk\u00e1k a gyerk\u0151c\u00f6kkel ballagtak a k\u00f6zeli \u00f3vod\u00e1ba, ki \u00f6r\u00f6mmel ment, ki nyafogva, okot keresve arra, hogy visszaforduljanak. &nbsp; Ilyenkor a sz\u00fcl\u0151k \u00e1ltal\u00e1ban tehetetlenek, mert a gyerekkel nem lehet besz\u00e9lni, meg sem hallja a szavakat. Ha r\u00e1j\u00f6n a nyafog\u00e1s id\u0151szaka, nem haszn\u00e1l semmi, s ha el is lehet terelni a figyelm\u00e9t, az csak p\u00e1r percig tart. Majd j\u00f6n az \u00fajabb b\u00f6mb\u00f6l\u00e9s.&nbsp;<\/p>\n\n\n\n<p>A park v\u00e9g\u00e9hez k\u00f6zeledve, l\u00e1ttam, hogy a f\u0171ben egy emberi test fekszik. M\u00e9g a szem\u00fcvegemet is feltettem, hogy j\u00f3l l\u00e1tok-e? Nem lep\u0151dtem meg, megszoktam, mert a hajl\u00e9ktalans\u00e1ggal, mint jelens\u00e9ggel, naponta tal\u00e1lkoztam azon a szakaszon. Sokszor megk\u00e9rdezik t\u0151lem, nem f\u00e9lek-e k\u00f6z\u00f6tt\u00fck j\u00e1rni? Nem. Soha nem zaklattak, n\u00e9ha megk\u00e9rdezik h\u00e1ny \u00f3ra van, vagy \u00e9ppen t\u00fczet k\u00e9rnek, n\u00e9ha udvarolnak, s megk\u00e9rdezik, \u201ehogy van sz\u00e9passzony?\u201c Mivel \u00e9n \u00fagy gondolom, hogy \u0151k sem hajl\u00e9ktalannak sz\u00fclettek, embersz\u00e1mba veszem \u0151ket a h\u00e1rom l\u00e9p\u00e9s t\u00e1vols\u00e1g megtart\u00e1s\u00e1val. Tudom, sokan tehetnek arr\u00f3l, hogy kics\u00faszott a talaj a l\u00e1buk al\u00f3l, vagyis a legt\u00f6bben, de azt is tudom, hogy senki nincs biztons\u00e1gban, b\u00e1rkivel megeshet, hogy az utc\u00e1n tal\u00e1lja mag\u00e1t. Ahogy k\u00f6zeledtem a testhez, a szemem nem tudtam r\u00f3la levenni. A f\u0171 vizes, a h\u0151m\u00e9r\u0151 higanysz\u00e1la alacsony h\u0151m\u00e9rs\u00e9kletet mutat. R\u00e1ad\u00e1sul a p\u00f3z, amelyben fek\u00fcdt, nem volt szokv\u00e1nyos. A l\u00e1bsz\u00e1r\u00e1n a nadr\u00e1g felt\u0171r\u0151dve, a kardig\u00e1n a feje b\u00fabj\u00e1ig felcipz\u00e1razva, a derek\u00e1t nem takarta semmi. Senki nem tett egy l\u00e9p\u00e9st sem fel\u00e9. Hallottam viszont, hogy az emberek morognak, hogy \u201evan bel\u0151l\u00fck el\u00e9g, t\u00f6bb mint a szem\u00e9t\u201d, hogy \u201eott egye meg a fene \u0151ket, ahol vannak\u201d, a gyerekek r\u00e1ngatt\u00e1k a sz\u00fcl\u0151k kez\u00e9t, hogy \u201ea b\u00e1csi mit csin\u00e1l?\u201d. A kuty\u00e1k odafutottak, szimatoltak, a gazdik pedig elr\u00e1ncig\u00e1lt\u00e1k \u0151ket. \u00dagy h\u00faztak el mindannyian a f\u00e9rfi mellett, mintha legal\u00e1bbis pestises lenne. Eszembe jutott egy t\u00f6rt\u00e9net, amikor egy ismer\u0151s\u00f6m nagy betegen elesett a v\u00e1ros egyik n\u00e9pes utc\u00e1j\u00e1n. Nem tudott felkelni, csak fetrengett, mivel nagyon gyenge volt, s az es\u00e9st\u0151l komoly s\u00e9r\u00fcl\u00e9st szenvedett.&nbsp; J\u00f6ttek-mentek az emberek, senki nem seg\u00edtett. Hossz\u00fanak t\u0171n\u0151 percek ut\u00e1n egy kismama lett a ment\u0151angyal, seg\u00edts\u00e9get h\u00edvott. Neki volt sz\u00edve. Valami\u00e9rt mindig k\u00f6nnyebb azt gondolni egy f\u00f6ld\u00f6n fekv\u0151 emberr\u0151l, hogy biztosan r\u00e9szeg. F\u00e1sults\u00e1g \u00e9s k\u00f6z\u00f6ny, sajnos ez a mai kor velej\u00e1r\u00f3ja. Egy laikus magyar\u00e1zat szerint a f\u00e1sults\u00e1got az is magyar\u00e1zza, hogy a baleset szemtan\u00faj\u00e1nak rend\u0151rs\u00e9gre, b\u00edr\u00f3s\u00e1gra kell j\u00e1rk\u00e1lni hetekig, n\u00e9ha ak\u00e1r h\u00f3napokig is. Most akkor mi van? \u00c9rz\u00e9ketlen az olyan ember, aki nem seg\u00edt? Igen, az, de sajnos \u00e9sszer\u0171 is.<\/p>\n\n\n\n<p>Kavarogtak bennem a gondolatok. Ilyen vagyunk? Tudom, tele vagyunk el\u0151\u00edt\u00e9lettel a hajl\u00e9ktalan ir\u00e1nt, s tal\u00e1n m\u00e9g okunk is van r\u00e1, de akkor is, m\u00e9gis csak ember \u0151 is. Ha egy kicsit m\u00e1s is, mint mi vagyunk. Nem tudtam elmenni mellette, odal\u00e9ptem, s l\u00e1ttam, hogy baj van, m\u00e9gpedig nagy baj. H\u00edvtam a rend\u0151r\u00f6ket, nem t\u00f6r\u0151dve a k\u00f6vetkezm\u00e9nyekkel. A reggeli \u00fajult lend\u00fcletem, energi\u00e1m \u00e9s j\u00f3kedvem egy csap\u00e1sra odalett\u2026<\/p>\n","protected":false},"excerpt":{"rendered":"<p>A k\u00f6z\u00f6ny gener\u00e1ci\u00f3ja Ugyan\u00fagy indult a nap, mint a t\u00f6bbi, k\u00e1v\u00e9, r\u00e1ntotta, a szok\u00e1sos reggeli ny\u00fczsg\u00e9s, majd rohan\u00e1s a buszra. Csendes m\u00e1jusi es\u0151 \u00e1ztatta \u00e9jszaka a f\u00f6ldet, az utc\u00e1k j\u00e1rd\u00e1in nedves pocsoly\u00e1kba gy\u0171ltek az es\u0151cseppek. A term\u00e9szet kivirult, \u00fajra\u00e9ledtek f\u00e1k, &hellip; <a href=\"https:\/\/opus-folyoirat.sk\/?page_id=3881\">Egy kattint\u00e1s ide a folytat\u00e1shoz&#8230;. <span class=\"meta-nav\">&rarr;<\/span><\/a><\/p>\n","protected":false},"author":4,"featured_media":0,"parent":0,"menu_order":0,"comment_status":"closed","ping_status":"closed","template":"","meta":{"footnotes":""},"class_list":["post-3881","page","type-page","status-publish","hentry"],"_links":{"self":[{"href":"https:\/\/opus-folyoirat.sk\/index.php?rest_route=\/wp\/v2\/pages\/3881","targetHints":{"allow":["GET"]}}],"collection":[{"href":"https:\/\/opus-folyoirat.sk\/index.php?rest_route=\/wp\/v2\/pages"}],"about":[{"href":"https:\/\/opus-folyoirat.sk\/index.php?rest_route=\/wp\/v2\/types\/page"}],"author":[{"embeddable":true,"href":"https:\/\/opus-folyoirat.sk\/index.php?rest_route=\/wp\/v2\/users\/4"}],"replies":[{"embeddable":true,"href":"https:\/\/opus-folyoirat.sk\/index.php?rest_route=%2Fwp%2Fv2%2Fcomments&post=3881"}],"version-history":[{"count":1,"href":"https:\/\/opus-folyoirat.sk\/index.php?rest_route=\/wp\/v2\/pages\/3881\/revisions"}],"predecessor-version":[{"id":3882,"href":"https:\/\/opus-folyoirat.sk\/index.php?rest_route=\/wp\/v2\/pages\/3881\/revisions\/3882"}],"wp:attachment":[{"href":"https:\/\/opus-folyoirat.sk\/index.php?rest_route=%2Fwp%2Fv2%2Fmedia&parent=3881"}],"curies":[{"name":"wp","href":"https:\/\/api.w.org\/{rel}","templated":true}]}}