{"id":3888,"date":"2025-11-09T10:27:00","date_gmt":"2025-11-09T08:27:00","guid":{"rendered":"https:\/\/opus-folyoirat.sk\/?page_id=3888"},"modified":"2026-01-14T20:29:00","modified_gmt":"2026-01-14T18:29:00","slug":"nagy-erika-11","status":"publish","type":"page","link":"https:\/\/opus-folyoirat.sk\/?page_id=3888","title":{"rendered":"Nagy Erika"},"content":{"rendered":"\n<p><strong>Ki a h\u00f3b\u00f3l, be a z\u00f6ld kukoric\u00e1ba<\/strong><\/p>\n\n\n<div class=\"has-text-align-right wp-block-post-date\"><time datetime=\"2025-11-09T10:27:00+02:00\">2025-11-09<\/time><\/div>\n\n\n<p>\u2026mondt\u00e1k r\u00e9gen az \u00f6regek, amikor a t\u00e9l m\u00falt\u00e1val hirtelen, szinte egyik napr\u00f3l a m\u00e1sikra j\u00f6ttek a meleg napok. \u00dagy, mint napjainkban. A minap arra j\u00f6ttem r\u00e1, hogy ez a hirtelen id\u0151v\u00e1ltoz\u00e1s akkora hat\u00e1ssal van egyes emberek j\u00f3zan \u00edt\u00e9l\u0151k\u00e9pess\u00e9g\u00e9re, hogy az m\u00e1r nevets\u00e9ges. Hogy mir\u0151l van sz\u00f3?\u00a0<\/p>\n\n\n\n<p>A parkol\u00f3ban meg\u00e1llt egy aut\u00f3, \u00e9s lass\u00fa, f\u00e1jdalmas mozdulatokkal kil\u00e9p bel\u0151le egy k\u00f6z\u00e9pkor\u00fa n\u0151, a sof\u0151r pedig az aut\u00f3ban marad, hogy megv\u00e1rja az utas\u00e1t. Vagy f\u00e9l \u00f3ra eltelt\u00e9vel \u00fajra a parkol\u00f3 mellett haladok el, r\u00e1ismerek az akkor vissza\u00e9rkez\u0151 asszonys\u00e1gra, aki kinyitja az egyik aut\u00f3 ajtaj\u00e1t, \u00e9s szint\u00e9n neh\u00e9zkes mozdulatokkal belehuppan az \u00fcl\u00e9sbe. K\u00f6zben besz\u00e9l, mondja a mag\u00e1\u00e9t, b\u00e1r azt, hogy mit mondott, nem \u00e9rtettem. Meg valahogy nem is \u00e9rdekelt. P\u00e1r m\u00e1sodperc eltelt\u00e9vel kiv\u00e1g\u00f3dik az ajt\u00f3, \u00e9s orrhangon vis\u00edtja, hogy jaaaj\u2026m\u00e1s aut\u00f3j\u00e1ba \u00fcltem be!&nbsp;<\/p>\n\n\n\n<p>Most m\u00e1r \u00e9rtettem, hogy mi\u00e9rt dud\u00e1lt az egyik sof\u0151r olyan hosszasan \u00e9s kitart\u00f3an. Az\u00e9rt, hogy figyelmeztesse az elt\u00e9velygett utas\u00e1t, hogy ne hogy m\u00e1&#8230; Azt, hogy milyen bamba arcot v\u00e1ghatott az a sof\u0151r, aki arra eszm\u00e9lt, hogy egy sz\u00e1m\u00e1ra idegen ember foglalja el az any\u00f3s\u00fcl\u00e9st, nem l\u00e1ttam, de van elk\u00e9pzel\u00e9sem. Hogy az omin\u00f3zus eset csak sz\u00f3rakozotts\u00e1gb\u00f3l esett-e meg, vagy a hirtelen h\u0151guta hat\u00e1s\u00e1ra, nem tudom, de azt igen, hogy akaratlanul is ellen\u00e1llhatatlan nevet\u0151g\u00f6rcs t\u00f6rt r\u00e1m.<\/p>\n\n\n\n<p>Alig mentem \u00f6tven m\u00e9tert, \u00e9s \u00fajabb fura dolog t\u00f6rt\u00e9nt. F\u0151szerepl\u0151 egy j\u00f3l megtermett fiatal n\u0151, anya, aki f\u00e9rj\u00e9vel \u00e9s a t\u00f6bbi poronty\u00e1val a legkisebb, ki tudja h\u00e1nyadig gyermek\u00e9t tologatta a babakocsiban. Majd meg\u00e1lltak, az asszony matatott valamit a gyerk\u0151c l\u00e1b\u00e1n\u00e1l, s egy rekl\u00e1mt\u00e1sk\u00e1t vett el\u0151. M\u00e1sodpercek t\u00f6red\u00e9ke el\u00e9g volt arra, hogy a vil\u00e1g legterm\u00e9szetesebb mozdulat\u00e1val ledobja mag\u00e1r\u00f3l a rajta l\u00e9v\u0151 pul\u00f3ver\u00e9t, s ott \u00e1lljon a ny\u00edlt utc\u00e1n melltart\u00f3ban. A t\u00e1sk\u00e1b\u00f3l kivett fels\u0151r\u00e9szt mag\u00e1ra \u00f6lt\u00f6tte, k\u00f6zben az emberek j\u00f6ttek-mentek.<\/p>\n\n\n\n<p>Annyit az\u00e9rt m\u00e9g hallottam, hogy megk\u00e9rdezi p\u00e1rj\u00e1t\u00f3l: ugye j\u00f3l n\u00e9zek ki?&nbsp;<\/p>\n\n\n\n<p>Nagyon\u2026<\/p>\n\n\n\n<p>A harmadik t\u00f6rt\u00e9net nem fakasztott mosolyt az arcomra, ugyanis egy nagymama, vagy legal\u00e1bb is egy nagymama korban l\u00e9v\u0151 h\u00f6lgy egy kicsi fi\u00facska kez\u00e9t fogva, szinte gondolkod\u00e1s n\u00e9lk\u00fcl r\u00e1l\u00e9pett az aut\u00f3kt\u00f3l hemzseg\u0151 f\u0151\u00fatra, \u00e9s zebra ide, zebra oda, elindult felfedezni azt, hogy milyen \u00e9rz\u00e9s az, amikor az ember sark\u00e1t szinte legy\u00farja az aut\u00f3 kereke. Mindezt egy kisgyermekkel.&nbsp;<\/p>\n\n\n\n<p>Noorm\u00e1\u00e1\u00e1lis, Margit? &#8211; jutott hirtelen eszembe a Beseny\u0151 csal\u00e1d egyik tagj\u00e1nak legend\u00e1s mondata, b\u00e1r ebben a helyzetben ezen nem kacagtam\u2026<\/p>\n","protected":false},"excerpt":{"rendered":"<p>Ki a h\u00f3b\u00f3l, be a z\u00f6ld kukoric\u00e1ba \u2026mondt\u00e1k r\u00e9gen az \u00f6regek, amikor a t\u00e9l m\u00falt\u00e1val hirtelen, szinte egyik napr\u00f3l a m\u00e1sikra j\u00f6ttek a meleg napok. \u00dagy, mint napjainkban. A minap arra j\u00f6ttem r\u00e1, hogy ez a hirtelen id\u0151v\u00e1ltoz\u00e1s akkora hat\u00e1ssal &hellip; <a href=\"https:\/\/opus-folyoirat.sk\/?page_id=3888\">Egy kattint\u00e1s ide a folytat\u00e1shoz&#8230;. <span class=\"meta-nav\">&rarr;<\/span><\/a><\/p>\n","protected":false},"author":4,"featured_media":0,"parent":0,"menu_order":0,"comment_status":"closed","ping_status":"closed","template":"","meta":{"footnotes":""},"class_list":["post-3888","page","type-page","status-publish","hentry"],"_links":{"self":[{"href":"https:\/\/opus-folyoirat.sk\/index.php?rest_route=\/wp\/v2\/pages\/3888","targetHints":{"allow":["GET"]}}],"collection":[{"href":"https:\/\/opus-folyoirat.sk\/index.php?rest_route=\/wp\/v2\/pages"}],"about":[{"href":"https:\/\/opus-folyoirat.sk\/index.php?rest_route=\/wp\/v2\/types\/page"}],"author":[{"embeddable":true,"href":"https:\/\/opus-folyoirat.sk\/index.php?rest_route=\/wp\/v2\/users\/4"}],"replies":[{"embeddable":true,"href":"https:\/\/opus-folyoirat.sk\/index.php?rest_route=%2Fwp%2Fv2%2Fcomments&post=3888"}],"version-history":[{"count":2,"href":"https:\/\/opus-folyoirat.sk\/index.php?rest_route=\/wp\/v2\/pages\/3888\/revisions"}],"predecessor-version":[{"id":3891,"href":"https:\/\/opus-folyoirat.sk\/index.php?rest_route=\/wp\/v2\/pages\/3888\/revisions\/3891"}],"wp:attachment":[{"href":"https:\/\/opus-folyoirat.sk\/index.php?rest_route=%2Fwp%2Fv2%2Fmedia&parent=3888"}],"curies":[{"name":"wp","href":"https:\/\/api.w.org\/{rel}","templated":true}]}}

<p><strong>Ki a hóból, be a zöld kukoricába</strong></p>


<div class="has-text-align-right wp-block-post-date"><time datetime="2025-11-09T10:27:00+02:00">2025-11-09</time></div>


<p>…mondták régen az öregek, amikor a tél múltával hirtelen, szinte egyik napról a másikra jöttek a meleg napok. Úgy, mint napjainkban. A minap arra jöttem rá, hogy ez a hirtelen időváltozás akkora hatással van egyes emberek józan ítélőképességére, hogy az már nevetséges. Hogy miről van szó? </p>



<p>A parkolóban megállt egy autó, és lassú, fájdalmas mozdulatokkal kilép belőle egy középkorú nő, a sofőr pedig az autóban marad, hogy megvárja az utasát. Vagy fél óra elteltével újra a parkoló mellett haladok el, ráismerek az akkor visszaérkező asszonyságra, aki kinyitja az egyik autó ajtaját, és szintén nehézkes mozdulatokkal belehuppan az ülésbe. Közben beszél, mondja a magáét, bár azt, hogy mit mondott, nem értettem. Meg valahogy nem is érdekelt. Pár másodperc elteltével kivágódik az ajtó, és orrhangon visítja, hogy jaaaj…más autójába ültem be!&nbsp;</p>



<p>Most már értettem, hogy miért dudált az egyik sofőr olyan hosszasan és kitartóan. Azért, hogy figyelmeztesse az eltévelygett utasát, hogy ne hogy má&#8230; Azt, hogy milyen bamba arcot vághatott az a sofőr, aki arra eszmélt, hogy egy számára idegen ember foglalja el az anyósülést, nem láttam, de van elképzelésem. Hogy az ominózus eset csak szórakozottságból esett-e meg, vagy a hirtelen hőguta hatására, nem tudom, de azt igen, hogy akaratlanul is ellenállhatatlan nevetőgörcs tört rám.</p>



<p>Alig mentem ötven métert, és újabb fura dolog történt. Főszereplő egy jól megtermett fiatal nő, anya, aki férjével és a többi porontyával a legkisebb, ki tudja hányadig gyermekét tologatta a babakocsiban. Majd megálltak, az asszony matatott valamit a gyerkőc lábánál, s egy reklámtáskát vett elő. Másodpercek töredéke elég volt arra, hogy a világ legtermészetesebb mozdulatával ledobja magáról a rajta lévő pulóverét, s ott álljon a nyílt utcán melltartóban. A táskából kivett felsőrészt magára öltötte, közben az emberek jöttek-mentek.</p>



<p>Annyit azért még hallottam, hogy megkérdezi párjától: ugye jól nézek ki?&nbsp;</p>



<p>Nagyon…</p>



<p>A harmadik történet nem fakasztott mosolyt az arcomra, ugyanis egy nagymama, vagy legalább is egy nagymama korban lévő hölgy egy kicsi fiúcska kezét fogva, szinte gondolkodás nélkül rálépett az autóktól hemzsegő főútra, és zebra ide, zebra oda, elindult felfedezni azt, hogy milyen érzés az, amikor az ember sarkát szinte legyúrja az autó kereke. Mindezt egy kisgyermekkel.&nbsp;</p>



<p>Noormááális, Margit? &#8211; jutott hirtelen eszembe a Besenyő család egyik tagjának legendás mondata, bár ebben a helyzetben ezen nem kacagtam…</p>

<p>Ki a hóból, be a zöld kukoricába …mondták régen az öregek, amikor a tél múltával hirtelen, szinte egyik napról a másikra jöttek a meleg napok. Úgy, mint napjainkban. A minap arra jöttem rá, hogy ez a hirtelen időváltozás akkora hatással &hellip; <a href="https://opus-folyoirat.sk/?page_id=3888">Egy kattintás ide a folytatáshoz&#8230;. <span class="meta-nav">&rarr;</span></a></p>
