{"id":39,"date":"2018-02-16T20:31:30","date_gmt":"2018-02-16T20:31:30","guid":{"rendered":"http:\/\/opus-folyoirat.sk\/?page_id=39"},"modified":"2026-01-27T12:18:25","modified_gmt":"2026-01-27T10:18:25","slug":"impresszum","status":"publish","type":"page","link":"https:\/\/opus-folyoirat.sk\/?page_id=39","title":{"rendered":"Impresszum"},"content":{"rendered":"\n<p>Az <strong>OPUSonline<\/strong><br>\na Szlov\u00e1kiai Magyar \u00cdr\u00f3k T\u00e1rsas\u00e1ga Opus foly\u00f3irat\u00e1nak weblapja.<\/p>\n\n\n\n<p>Felel\u0151s kiad\u00f3: <strong>Hodossy Gyula<\/strong>, a SZM\u00cdT eln\u00f6ke<\/p>\n\n\n\n<p>Az Opus foly\u00f3irat online tartalm\u00e1\u00e9rt felel\u0151s f\u0151szerkeszt\u0151 <br><strong>Angyal S\u00e1ndor  <\/strong>(angyal.opus@gmail.com)<\/p>\n\n\n\n<p>Szerkeszt\u0151k: <em><strong>Hodossy Gyula \u00e9s Kiss Bal\u00e1zs<\/strong><\/em>.<\/p>\n\n\n\n<p>\u00c1lland\u00f3 szerz\u0151ink:<br><strong><em>Fekete T\u00fcnde<br>Hogya Gy\u00f6rgy<br>Nagy Erika<br>Tam\u00e1si Orosz J\u00e1nos<\/em><br><br><\/strong><\/p>\n\n\n\n<p><\/p>\n\n\n\n<p>Az Opus nyomtatott lapsz\u00e1mai megrendelhet\u0151k a kiad\u00f3 c\u00edm\u00e9n:<br> <em>Szlov\u00e1kiai Magyar \u00cdr\u00f3k T\u00e1rsas\u00e1ga<\/em><br> <em>Galantsk\u00e1 cesta 658\/2F, 92901 Dunajsk\u00e1 Streda<\/em><\/p>\n\n\n\n<p><\/p>\n\n\n\n<p>A kor\u00e1bbi lapsz\u00e1mok pdf-form\u00e1tumban let\u00f6lthet\u0151k weblapunk <a href=\"https:\/\/opus-folyoirat.sk\/?page_id=142\" data-type=\"link\" data-id=\"https:\/\/opus-folyoirat.sk\/?page_id=142\">Arch\u00edvum\u00e1b\u00f3l<\/a>.<\/p>\n\n\n\n<p>A 2025-\u00f6s \u00e9vben a k\u00f6vetkez\u0151 t\u00e1mogat\u00f3kra sz\u00e1m\u00edthattunk. <br>K\u00f6sz\u00f6nj\u00fck a bizalmat!<\/p>\n\n\n\n<figure class=\"wp-block-image size-large is-resized\"><img loading=\"lazy\" decoding=\"async\" width=\"1024\" height=\"501\" src=\"https:\/\/opus-folyoirat.sk\/wp-content\/uploads\/2025\/01\/nka_2024-1024x501.png\" alt=\"\" class=\"wp-image-1687\" style=\"width:347px;height:auto\" srcset=\"https:\/\/opus-folyoirat.sk\/wp-content\/uploads\/2025\/01\/nka_2024-1024x501.png 1024w, https:\/\/opus-folyoirat.sk\/wp-content\/uploads\/2025\/01\/nka_2024-300x147.png 300w, https:\/\/opus-folyoirat.sk\/wp-content\/uploads\/2025\/01\/nka_2024-768x375.png 768w, https:\/\/opus-folyoirat.sk\/wp-content\/uploads\/2025\/01\/nka_2024-1536x751.png 1536w, https:\/\/opus-folyoirat.sk\/wp-content\/uploads\/2025\/01\/nka_2024-2048x1001.png 2048w, https:\/\/opus-folyoirat.sk\/wp-content\/uploads\/2025\/01\/nka_2024-500x244.png 500w\" sizes=\"auto, (max-width: 1024px) 100vw, 1024px\" \/><\/figure>\n\n\n\n<figure class=\"wp-block-image size-full is-resized\"><img loading=\"lazy\" decoding=\"async\" width=\"1606\" height=\"710\" src=\"https:\/\/opus-folyoirat.sk\/wp-content\/uploads\/2026\/01\/KM_textove2_CMYK.jpg\" alt=\"\" class=\"wp-image-4423\" style=\"width:347px\" srcset=\"https:\/\/opus-folyoirat.sk\/wp-content\/uploads\/2026\/01\/KM_textove2_CMYK.jpg 1606w, https:\/\/opus-folyoirat.sk\/wp-content\/uploads\/2026\/01\/KM_textove2_CMYK-300x133.jpg 300w, https:\/\/opus-folyoirat.sk\/wp-content\/uploads\/2026\/01\/KM_textove2_CMYK-1024x453.jpg 1024w, https:\/\/opus-folyoirat.sk\/wp-content\/uploads\/2026\/01\/KM_textove2_CMYK-768x340.jpg 768w, https:\/\/opus-folyoirat.sk\/wp-content\/uploads\/2026\/01\/KM_textove2_CMYK-1536x679.jpg 1536w, https:\/\/opus-folyoirat.sk\/wp-content\/uploads\/2026\/01\/KM_textove2_CMYK-500x221.jpg 500w\" sizes=\"auto, (max-width: 1606px) 100vw, 1606px\" \/><\/figure>\n\n\n\n<p><em>Realizovan\u00e9 s finan\u010dnou podporou Fondu <\/em><br><em>na podporu kult\u00fary n\u00e1rodnostn\u00fdch men\u0161\u00edn<\/em>.<br><br><\/p>\n","protected":false},"excerpt":{"rendered":"<p>Az OPUSonline a Szlov\u00e1kiai Magyar \u00cdr\u00f3k T\u00e1rsas\u00e1ga Opus foly\u00f3irat\u00e1nak weblapja. Felel\u0151s kiad\u00f3: Hodossy Gyula, a SZM\u00cdT eln\u00f6ke Az Opus foly\u00f3irat online tartalm\u00e1\u00e9rt felel\u0151s f\u0151szerkeszt\u0151 Angyal S\u00e1ndor (angyal.opus@gmail.com) Szerkeszt\u0151k: Hodossy Gyula \u00e9s Kiss Bal\u00e1zs. \u00c1lland\u00f3 szerz\u0151ink:Fekete T\u00fcndeHogya Gy\u00f6rgyNagy ErikaTam\u00e1si Orosz J\u00e1nos &hellip; <a href=\"https:\/\/opus-folyoirat.sk\/?page_id=39\">Egy kattint\u00e1s ide a folytat\u00e1shoz&#8230;. <span class=\"meta-nav\">&rarr;<\/span><\/a><\/p>\n","protected":false},"author":4,"featured_media":0,"parent":0,"menu_order":8,"comment_status":"closed","ping_status":"closed","template":"","meta":{"footnotes":""},"class_list":["post-39","page","type-page","status-publish","hentry"],"_links":{"self":[{"href":"https:\/\/opus-folyoirat.sk\/index.php?rest_route=\/wp\/v2\/pages\/39","targetHints":{"allow":["GET"]}}],"collection":[{"href":"https:\/\/opus-folyoirat.sk\/index.php?rest_route=\/wp\/v2\/pages"}],"about":[{"href":"https:\/\/opus-folyoirat.sk\/index.php?rest_route=\/wp\/v2\/types\/page"}],"author":[{"embeddable":true,"href":"https:\/\/opus-folyoirat.sk\/index.php?rest_route=\/wp\/v2\/users\/4"}],"replies":[{"embeddable":true,"href":"https:\/\/opus-folyoirat.sk\/index.php?rest_route=%2Fwp%2Fv2%2Fcomments&post=39"}],"version-history":[{"count":14,"href":"https:\/\/opus-folyoirat.sk\/index.php?rest_route=\/wp\/v2\/pages\/39\/revisions"}],"predecessor-version":[{"id":4426,"href":"https:\/\/opus-folyoirat.sk\/index.php?rest_route=\/wp\/v2\/pages\/39\/revisions\/4426"}],"wp:attachment":[{"href":"https:\/\/opus-folyoirat.sk\/index.php?rest_route=%2Fwp%2Fv2%2Fmedia&parent=39"}],"curies":[{"name":"wp","href":"https:\/\/api.w.org\/{rel}","templated":true}]}}