{"id":3912,"date":"2025-07-02T10:47:00","date_gmt":"2025-07-02T08:47:00","guid":{"rendered":"https:\/\/opus-folyoirat.sk\/?page_id=3912"},"modified":"2026-01-14T20:48:28","modified_gmt":"2026-01-14T18:48:28","slug":"z-nemeth-istvan-4","status":"publish","type":"page","link":"https:\/\/opus-folyoirat.sk\/?page_id=3912","title":{"rendered":"Z. N\u00e9meth Istv\u00e1n:"},"content":{"rendered":"\n<p><strong>Utaz\u00e1s a vers k\u00f6z\u00e9ppontja fel\u00e9<\/strong><\/p>\n\n\n<div class=\"has-text-align-right wp-block-post-date\"><time datetime=\"2025-07-02T10:47:00+02:00\">2025-07-02<\/time><\/div>\n\n\n<div class=\"wp-block-group is-vertical is-layout-flex wp-container-core-group-is-layout-8cf370e7 wp-block-group-is-layout-flex\">\n<p>Lobogj, l\u00e9tidegens\u00e9g<\/p>\n\n\n\n<p>dobold a ritmust<\/p>\n\n\n\n<p>l\u00e1zad\u00f3 kobold<\/p>\n\n\n\n<p>figyeld a kobzos kez\u00e9t<\/p>\n\n\n\n<p>\u00fcr\u00fclj ki, l\u00e9lek<\/p>\n\n\n\n<p>\u00fcltesd a m\u00fazs\u00e1t<\/p>\n\n\n\n<p>\u00fcnnepi lakom\u00e1hoz<\/p>\n\n\n\n<p>dion\u0171z\u00f6tt v\u00e1ndor<\/p>\n\n\n\n<p>\u00e1rva r\u00edmfarag\u00f3<\/p>\n\n\n\n<p>huncutulj f\u00fcrd\u0151zz meg<\/p>\n\n\n\n<p>hi\u00e1nyz\u00f3 l\u00e1nyszemekben<\/p>\n\n\n\n<p>lelki k\u00f6nny\u0171b\u00fav\u00e1r szakk\u00f6r<\/p>\n\n\n\n<p>\u00e9leted kit\u00e9pett lapjait<\/p>\n\n\n\n<p>ak\u00e1rha h\u0151srobban\u00e1s<\/p>\n\n\n\n<p>vesse ki a f\u00f6ld<\/p>\n\n\n\n<p>l\u00e1ngol\u00f3 diavet\u00edt\u0151n<\/p>\n\n\n\n<p>te miegym\u00e1svil\u00e1g<\/p>\n\n\n\n<p>szepl\u0151tlen fogadtat\u00e1s<\/p>\n\n\n\n<p>legyen a jussod<\/p>\n\n\n\n<p>holdarcon monokli<\/p>\n\n\n\n<p>ne keser\u00edtsen<\/p>\n\n\n\n<p>a tenger habteste<\/p>\n\n\n\n<p>mossa le k\u00f6nnyeid<\/p>\n\n\n\n<p>dr\u00e1mulj \u00e9s b\u00e1mulj<\/p>\n\n\n\n<p>sz\u00edvk\u00f6zels\u00e9gben<\/p>\n\n\n\n<p>hangjegyben j\u00e1rva<\/p>\n\n\n\n<p>a nagy kital\u00e1l\u00f3\/kit\u00e1lal\u00f3<\/p>\n\n\n\n<p>titkos gondolatmenet\u00e9t<\/p>\n\n\n\n<p>d\u00fcb\u00f6rg\u0151 versl\u00e1bakkal<\/p>\n\n\n\n<p>h\u00e1g\u00f3kon gerinceken<\/p>\n\n\n\n<p>a b\u0171n kast\u00e9ly\u00e1ban<\/p>\n\n\n\n<p>a szel\u00edds\u00e9g fresk\u00f3k\u00e9pein<\/p>\n\n\n\n<p>angyalok sz\u00e1rnytollaival<\/p>\n\n\n\n<p>festve a fortyog\u00f3 \u00e9gboltra<\/p>\n\n\n\n<p>felmosva szenny\u00e9t<\/p>\n\n\n\n<p>az elk\u00e1rhozott szavaknak<\/p>\n\n\n\n<p>a vers k\u00f6z\u00e9ppontj\u00e1ban<\/p>\n\n\n\n<p>magmagyarul<\/p>\n\n\n\n<p>a k\u00e9sz\u00fcl\u0151 hangrobban\u00e1s<\/p>\n\n\n\n<p>r\u00f3zsasz\u00edn t\u00fcdej\u00e9ben<\/p>\n\n\n\n<p>altass \u00e9berr\u00e9 anyanyelv<\/p>\n\n\n\n<p>r\u00f6gz\u00edts \u00e9gi r\u00f6g\u00f6kh\u00f6z<\/p>\n\n\n\n<p>f\u00fcrdess f\u00e9nyes aranyban<\/p>\n\n\n\n<p>ints meg j\u00f3 atyak\u00e9nt<\/p>\n\n\n\n<p>pergesd ki szem\u00fcnkb\u0151l<\/p>\n\n\n\n<p>a s\u00f3- \u00e9s koromszemcs\u00e9t<\/p>\n\n\n\n<p>vesd be \u00e1ldott f\u0171vel<\/p>\n\n\n\n<p>kacskaring\u00f3s t\u00e9vutainkat<\/p>\n\n\n\n<p>hogy majd a sz\u00f6rny\u0171 napon<\/p>\n\n\n\n<p>legyen er\u0151nk leborulni<\/p>\n\n\n\n<p>r\u00edmeid robaj\u00e1t\u00f3l<\/p>\n\n\n\n<p>feltakar\u00edtva magunk ut\u00e1n<\/p>\n\n\n\n<p>s\u00e1rt v\u00e9rt \u00e9s salakot<\/p>\n\n\n\n<p>tedd v\u00e1llunkra az ujjad<\/p>\n\n\n\n<p>te h\u00e1kett\u0151 esket\u0151<\/p>\n\n\n\n<p>adj \u00f6ssze minket<\/p>\n\n\n\n<p>lehetettvolnas\u00e1gunkkal<\/p>\n\n\n\n<p>kivagyi vigyorunkkal<\/p>\n\n\n\n<p>habarodjon bel\u00e9nk<\/p>\n\n\n\n<p>a k\u00f6nny\u0171l\u00e9pt\u0171 isten<\/p>\n\n\n\n<p>gy\u00e9m\u00e1ntt\u00e1 csiszol\u00f3dva<\/p>\n\n\n\n<p>n\u00e9zz\u00fcnk ki egy szonett ablak\u00e1n<\/p>\n\n\n\n<p>megv\u00e9nhedt gyermekek<\/p>\n\n\n\n<p>l\u00e1bt\u00f6rl\u0151k \u00e9gi port\u00e1lok el\u0151tt<\/p>\n\n\n\n<p>laz\u00e1n levetett rossz szok\u00e1sok<\/p>\n\n\n\n<p>p\u00f6rgess ujjaid k\u00f6r\u00fcl<\/p>\n\n\n\n<p>er\u0151s\u00edtsd halsz\u00e1lka gerinc\u00fcnk<\/p>\n\n\n\n<p>adj a tollunk al\u00e1 verset<\/p>\n\n\n\n<p>eper\u00edzt \u00e9lhet\u0151 \u00f6r\u00f6kl\u00e9tet<\/p>\n\n\n\n<p>dobbanj meg vel\u00fcnk<\/p>\n\n\n\n<p>any\u00e1nk szeretett sz\u00edvek\u00e9nt<\/p>\n<\/div>\n","protected":false},"excerpt":{"rendered":"<p>Utaz\u00e1s a vers k\u00f6z\u00e9ppontja fel\u00e9 Lobogj, l\u00e9tidegens\u00e9g dobold a ritmust l\u00e1zad\u00f3 kobold figyeld a kobzos kez\u00e9t \u00fcr\u00fclj ki, l\u00e9lek \u00fcltesd a m\u00fazs\u00e1t \u00fcnnepi lakom\u00e1hoz dion\u0171z\u00f6tt v\u00e1ndor \u00e1rva r\u00edmfarag\u00f3 huncutulj f\u00fcrd\u0151zz meg hi\u00e1nyz\u00f3 l\u00e1nyszemekben lelki k\u00f6nny\u0171b\u00fav\u00e1r szakk\u00f6r \u00e9leted kit\u00e9pett lapjait ak\u00e1rha &hellip; <a href=\"https:\/\/opus-folyoirat.sk\/?page_id=3912\">Egy kattint\u00e1s ide a folytat\u00e1shoz&#8230;. <span class=\"meta-nav\">&rarr;<\/span><\/a><\/p>\n","protected":false},"author":4,"featured_media":0,"parent":0,"menu_order":0,"comment_status":"closed","ping_status":"closed","template":"","meta":{"footnotes":""},"class_list":["post-3912","page","type-page","status-publish","hentry"],"_links":{"self":[{"href":"https:\/\/opus-folyoirat.sk\/index.php?rest_route=\/wp\/v2\/pages\/3912","targetHints":{"allow":["GET"]}}],"collection":[{"href":"https:\/\/opus-folyoirat.sk\/index.php?rest_route=\/wp\/v2\/pages"}],"about":[{"href":"https:\/\/opus-folyoirat.sk\/index.php?rest_route=\/wp\/v2\/types\/page"}],"author":[{"embeddable":true,"href":"https:\/\/opus-folyoirat.sk\/index.php?rest_route=\/wp\/v2\/users\/4"}],"replies":[{"embeddable":true,"href":"https:\/\/opus-folyoirat.sk\/index.php?rest_route=%2Fwp%2Fv2%2Fcomments&post=3912"}],"version-history":[{"count":1,"href":"https:\/\/opus-folyoirat.sk\/index.php?rest_route=\/wp\/v2\/pages\/3912\/revisions"}],"predecessor-version":[{"id":3913,"href":"https:\/\/opus-folyoirat.sk\/index.php?rest_route=\/wp\/v2\/pages\/3912\/revisions\/3913"}],"wp:attachment":[{"href":"https:\/\/opus-folyoirat.sk\/index.php?rest_route=%2Fwp%2Fv2%2Fmedia&parent=3912"}],"curies":[{"name":"wp","href":"https:\/\/api.w.org\/{rel}","templated":true}]}}

Z. Németh István:

<p><strong>Utazás a vers középpontja felé</strong></p>


<div class="has-text-align-right wp-block-post-date"><time datetime="2025-07-02T10:47:00+02:00">2025-07-02</time></div>


<div class="wp-block-group is-vertical is-layout-flex wp-container-core-group-is-layout-8cf370e7 wp-block-group-is-layout-flex">
<p>Lobogj, létidegenség</p>



<p>dobold a ritmust</p>



<p>lázadó kobold</p>



<p>figyeld a kobzos kezét</p>



<p>ürülj ki, lélek</p>



<p>ültesd a múzsát</p>



<p>ünnepi lakomához</p>



<p>dionűzött vándor</p>



<p>árva rímfaragó</p>



<p>huncutulj fürdőzz meg</p>



<p>hiányzó lányszemekben</p>



<p>lelki könnyűbúvár szakkör</p>



<p>életed kitépett lapjait</p>



<p>akárha hősrobbanás</p>



<p>vesse ki a föld</p>



<p>lángoló diavetítőn</p>



<p>te miegymásvilág</p>



<p>szeplőtlen fogadtatás</p>



<p>legyen a jussod</p>



<p>holdarcon monokli</p>



<p>ne keserítsen</p>



<p>a tenger habteste</p>



<p>mossa le könnyeid</p>



<p>drámulj és bámulj</p>



<p>szívközelségben</p>



<p>hangjegyben járva</p>



<p>a nagy kitaláló/kitálaló</p>



<p>titkos gondolatmenetét</p>



<p>dübörgő verslábakkal</p>



<p>hágókon gerinceken</p>



<p>a bűn kastélyában</p>



<p>a szelídség freskóképein</p>



<p>angyalok szárnytollaival</p>



<p>festve a fortyogó égboltra</p>



<p>felmosva szennyét</p>



<p>az elkárhozott szavaknak</p>



<p>a vers középpontjában</p>



<p>magmagyarul</p>



<p>a készülő hangrobbanás</p>



<p>rózsaszín tüdejében</p>



<p>altass éberré anyanyelv</p>



<p>rögzíts égi rögökhöz</p>



<p>fürdess fényes aranyban</p>



<p>ints meg jó atyaként</p>



<p>pergesd ki szemünkből</p>



<p>a só- és koromszemcsét</p>



<p>vesd be áldott fűvel</p>



<p>kacskaringós tévutainkat</p>



<p>hogy majd a szörnyű napon</p>



<p>legyen erőnk leborulni</p>



<p>rímeid robajától</p>



<p>feltakarítva magunk után</p>



<p>sárt vért és salakot</p>



<p>tedd vállunkra az ujjad</p>



<p>te hákettő eskető</p>



<p>adj össze minket</p>



<p>lehetettvolnaságunkkal</p>



<p>kivagyi vigyorunkkal</p>



<p>habarodjon belénk</p>



<p>a könnyűléptű isten</p>



<p>gyémánttá csiszolódva</p>



<p>nézzünk ki egy szonett ablakán</p>



<p>megvénhedt gyermekek</p>



<p>lábtörlők égi portálok előtt</p>



<p>lazán levetett rossz szokások</p>



<p>pörgess ujjaid körül</p>



<p>erősítsd halszálka gerincünk</p>



<p>adj a tollunk alá verset</p>



<p>eperízt élhető öröklétet</p>



<p>dobbanj meg velünk</p>



<p>anyánk szeretett szíveként</p>
</div>

<p>Utazás a vers középpontja felé Lobogj, létidegenség dobold a ritmust lázadó kobold figyeld a kobzos kezét ürülj ki, lélek ültesd a múzsát ünnepi lakomához dionűzött vándor árva rímfaragó huncutulj fürdőzz meg hiányzó lányszemekben lelki könnyűbúvár szakkör életed kitépett lapjait akárha &hellip; <a href="https://opus-folyoirat.sk/?page_id=3912">Egy kattintás ide a folytatáshoz&#8230;. <span class="meta-nav">&rarr;</span></a></p>
