{"id":3918,"date":"2025-07-28T09:57:00","date_gmt":"2025-07-28T07:57:00","guid":{"rendered":"https:\/\/opus-folyoirat.sk\/?page_id=3918"},"modified":"2026-01-14T20:58:44","modified_gmt":"2026-01-14T18:58:44","slug":"z-nemeth-istvan-6","status":"publish","type":"page","link":"https:\/\/opus-folyoirat.sk\/?page_id=3918","title":{"rendered":"Z. N\u00e9meth Istv\u00e1n"},"content":{"rendered":"\n<p><strong>esti sz\u00e9n<\/strong><\/p>\n\n\n<div class=\"has-text-align-right wp-block-post-date\"><time datetime=\"2025-07-28T09:57:00+02:00\">2025-07-28<\/time><\/div>\n\n\n<p>meg\u00e9gett tollkab\u00e1tj\u00e1t laz\u00e1n<br>h\u00e1t\u00e1ra veti a t\u00e1voz\u00f3 vihar<br>a f\u00e1k cs\u00facs\u00e1ig \u00e9r m\u00e9g a l\u00e1ba<br>tobozok magva hull<\/p>\n\n\n\n<p>l\u00e1thatatlan \u00e9gi fest\u0151k<br>pacsmagolnak naplement\u00e9t<br>zseb\u00fckben ak\u00e1r izz\u00f3 rajzszegek<br>mocorognak a csillagok<\/p>\n\n\n\n<p>t\u00fcrelmes cseppek az \u00e9gi lift el\u0151tt<br>egym\u00e1s h\u00e1t\u00e1t f\u00e9nyes\u00edtik<br>egyre g\u00f6mb\u00f6ly\u0171bb mosolyukkal<\/p>\n\n\n\n<p>a F\u00f6ld f\u00e1zni kezd az \u0171rben<br>a lelkek portest\u00fck siratj\u00e1k:<br>k\u00f6lt\u0151k kisz\u00e1radt tollukat<\/p>\n\n\n\n<p><br><br><strong>El, al, \u00e9l<\/strong><\/p>\n\n\n\n<p>Meggy\u0151z\u0151d\u00e9se, hogy a verset \u00fagy <em>adj\u00e1k<\/em>,<br>s amit adnak, meg kell becs\u00fclni. Ha csak napi<br>egyet, s nem f\u00e9nyes s\u00e9tap\u00e1lc\u00e1t, csak vastag<br>g\u00f6cs\u00f6rt\u00f6t, v\u00e1llat vonni \u00e9s faragni estig.<\/p>\n\n\n\n<p>Reszelni, bekenni f\u00e9nyes\u00edt\u0151 lakkal, tal\u00e1n \u00edgy<br>k\u00fcldenek m\u00e9g, hisz v\u00e9gtelen az \u00e9gi rakt\u00e1r.<br>Ha pedig nem adnak, biztosan okuk van r\u00e1,<br>tal\u00e1n most m\u00e1s fej\u00e9be hullnak a sz\u00f3tagok.<\/p>\n\n\n\n<p>\u00c9s \u0151 is nekem dolgozik. Van id\u0151 kitakar\u00edtani<br>a szob\u00e1t, lep\u00f3kh\u00e1l\u00f3zni a lelket, f\u0151zni<br>egy te\u00e1t. Megter\u00edteni, mintha vend\u00e9get v\u00e1rn\u00e1l.<br>S elal\u00e9lni, hogyha hamarabb j\u00f6n a v\u00e1rtn\u00e1l.<\/p>\n","protected":false},"excerpt":{"rendered":"<p>esti sz\u00e9n meg\u00e9gett tollkab\u00e1tj\u00e1t laz\u00e1nh\u00e1t\u00e1ra veti a t\u00e1voz\u00f3 vihara f\u00e1k cs\u00facs\u00e1ig \u00e9r m\u00e9g a l\u00e1batobozok magva hull l\u00e1thatatlan \u00e9gi fest\u0151kpacsmagolnak naplement\u00e9tzseb\u00fckben ak\u00e1r izz\u00f3 rajzszegekmocorognak a csillagok t\u00fcrelmes cseppek az \u00e9gi lift el\u0151ttegym\u00e1s h\u00e1t\u00e1t f\u00e9nyes\u00edtikegyre g\u00f6mb\u00f6ly\u0171bb mosolyukkal a F\u00f6ld f\u00e1zni kezd &hellip; <a href=\"https:\/\/opus-folyoirat.sk\/?page_id=3918\">Egy kattint\u00e1s ide a folytat\u00e1shoz&#8230;. <span class=\"meta-nav\">&rarr;<\/span><\/a><\/p>\n","protected":false},"author":4,"featured_media":0,"parent":0,"menu_order":0,"comment_status":"closed","ping_status":"closed","template":"","meta":{"footnotes":""},"class_list":["post-3918","page","type-page","status-publish","hentry"],"_links":{"self":[{"href":"https:\/\/opus-folyoirat.sk\/index.php?rest_route=\/wp\/v2\/pages\/3918","targetHints":{"allow":["GET"]}}],"collection":[{"href":"https:\/\/opus-folyoirat.sk\/index.php?rest_route=\/wp\/v2\/pages"}],"about":[{"href":"https:\/\/opus-folyoirat.sk\/index.php?rest_route=\/wp\/v2\/types\/page"}],"author":[{"embeddable":true,"href":"https:\/\/opus-folyoirat.sk\/index.php?rest_route=\/wp\/v2\/users\/4"}],"replies":[{"embeddable":true,"href":"https:\/\/opus-folyoirat.sk\/index.php?rest_route=%2Fwp%2Fv2%2Fcomments&post=3918"}],"version-history":[{"count":1,"href":"https:\/\/opus-folyoirat.sk\/index.php?rest_route=\/wp\/v2\/pages\/3918\/revisions"}],"predecessor-version":[{"id":3919,"href":"https:\/\/opus-folyoirat.sk\/index.php?rest_route=\/wp\/v2\/pages\/3918\/revisions\/3919"}],"wp:attachment":[{"href":"https:\/\/opus-folyoirat.sk\/index.php?rest_route=%2Fwp%2Fv2%2Fmedia&parent=3918"}],"curies":[{"name":"wp","href":"https:\/\/api.w.org\/{rel}","templated":true}]}}