{"id":3933,"date":"2025-07-05T21:13:00","date_gmt":"2025-07-05T19:13:00","guid":{"rendered":"https:\/\/opus-folyoirat.sk\/?page_id=3933"},"modified":"2026-01-14T21:14:08","modified_gmt":"2026-01-14T19:14:08","slug":"a-mult-sotet-alagutja","status":"publish","type":"page","link":"https:\/\/opus-folyoirat.sk\/?page_id=3933","title":{"rendered":"A m\u00falt s\u00f6t\u00e9t alag\u00fatja"},"content":{"rendered":"<div class=\"has-text-align-right wp-block-post-date\"><time datetime=\"2025-07-05T21:13:00+02:00\">2025-07-05<\/time><\/div>\n\n\n<p>\u00c9rtelmis\u00e9giek csoportj\u00e1t kalauzolom kisv\u00e1rosomban. F\u0151iskolai tan\u00e1rok. Lor\u00e1ntffy k\u00faria \u2013 V\u00e1rrom \u2013 H\u0151s\u00f6k tere a sorrend. A volt Katolikus K\u00f6r \u00e9p\u00fclete mellett elhaladva megeml\u00edtem M\u00e9cs L\u00e1szl\u00f3 nev\u00e9t, aki t\u00f6bb \u00e9vig hirdette itt az ig\u00e9t.&nbsp;<\/p>\n\n\n\n<p>\u2014 M\u00e1rai a napl\u00f3j\u00e1ban ripacsnak nevezte \u2014 eml\u00edtem meg an\u00e9lk\u00fcl, hogy b\u00e1rmif\u00e9le reakci\u00f3ra sz\u00e1m\u00edtan\u00e9k. M\u00e1r r\u00e9g megvan err\u0151l a v\u00e9lem\u00e9nyem, nincs sz\u00fcks\u00e9gem n\u00e9zet\u00fctk\u00f6ztet\u00e9sre, komment\u00e1l\u00e1sra. Nincs is semmif\u00e9le reag\u00e1l\u00e1s. Csendben v\u00e1rj\u00e1k, hogy folytassam a v\u00e1ros t\u00f6rt\u00e9nelm\u00e9nek ismertet\u00e9s\u00e9t.&nbsp; \u00cdgy nem mes\u00e9lem el, hogy az eleg\u00e1nsan lel\u00e9p\u0151 kibic M\u00e1rai nyilv\u00e1n \u00e9ppoly elfogult lehetett M\u00e9ccsel szemben, mint Szab\u00f3 L\u0151rinc\u00e9k, akik a papk\u00f6lt\u0151 el\u0151ad\u00e1s\u00e1t v\u00e9gigr\u00f6h\u00f6gt\u00e9k a pesti Zeneakad\u00e9mia nagyterm\u00e9ben, az \u00e1h\u00edtatos hallgat\u00f3k megr\u00f6k\u00f6ny\u00f6d\u00e9s\u00e9re.&nbsp;<\/p>\n\n\n\n<p>Az \u00e9n v\u00e1rosomban olyan t\u00f6rt\u00e9netek keringtek M\u00e9csr\u0151l, mint aki az utols\u00f3t, m\u00e9g kab\u00e1tj\u00e1t is odaadta a szeg\u00e9nyeknek \u00e9s elk\u00e9pzelhetetlennek t\u0171nt, hogy b\u00e1rki is kir\u00f6h\u00f6gje \u0151t szaval\u00e1s k\u00f6zben. Minderr\u0151l teh\u00e1t eml\u00edt\u00e9st sem teszek. Nem vagyok a v\u00e9d\u0151je\u2026<\/p>\n\n\n\n<p>Tov\u00e1bb indulunk a t\u00e9rr\u0151l, v\u00e1r a vacsora. Az ut\u00e1nam ballag\u00f3 t\u00e1rsas\u00e1g sorai k\u00f6z\u00fcl ezt hallom: \u2014 \u2026 \u00e9s akkor Popper azt mondta nekem \u2026&nbsp;<\/p>\n\n\n\n<p>Mintha a m\u00falt s\u00f6t\u00e9t alag\u00fatj\u00e1b\u00f3l Szab\u00f3\u00e9k r\u00f6h\u00f6g\u00e9se visszhangzana a M\u00e9cs L\u00e1szl\u00f3 eml\u00e9kt\u00e1bla k\u00f6rny\u00e9k\u00e9n\u2026<\/p>\n\n\n\n<p><\/p>\n\n\n\n<p class=\"has-text-align-right\"><em>Hogya Gy\u00f6rgy<\/em><\/p>\n","protected":false},"excerpt":{"rendered":"<p>\u00c9rtelmis\u00e9giek csoportj\u00e1t kalauzolom kisv\u00e1rosomban. F\u0151iskolai tan\u00e1rok. Lor\u00e1ntffy k\u00faria \u2013 V\u00e1rrom \u2013 H\u0151s\u00f6k tere a sorrend. A volt Katolikus K\u00f6r \u00e9p\u00fclete mellett elhaladva megeml\u00edtem M\u00e9cs L\u00e1szl\u00f3 nev\u00e9t, aki t\u00f6bb \u00e9vig hirdette itt az ig\u00e9t.&nbsp; \u2014 M\u00e1rai a napl\u00f3j\u00e1ban ripacsnak nevezte \u2014 &hellip; <a href=\"https:\/\/opus-folyoirat.sk\/?page_id=3933\">Egy kattint\u00e1s ide a folytat\u00e1shoz&#8230;. <span class=\"meta-nav\">&rarr;<\/span><\/a><\/p>\n","protected":false},"author":4,"featured_media":0,"parent":0,"menu_order":0,"comment_status":"closed","ping_status":"closed","template":"","meta":{"footnotes":""},"class_list":["post-3933","page","type-page","status-publish","hentry"],"_links":{"self":[{"href":"https:\/\/opus-folyoirat.sk\/index.php?rest_route=\/wp\/v2\/pages\/3933","targetHints":{"allow":["GET"]}}],"collection":[{"href":"https:\/\/opus-folyoirat.sk\/index.php?rest_route=\/wp\/v2\/pages"}],"about":[{"href":"https:\/\/opus-folyoirat.sk\/index.php?rest_route=\/wp\/v2\/types\/page"}],"author":[{"embeddable":true,"href":"https:\/\/opus-folyoirat.sk\/index.php?rest_route=\/wp\/v2\/users\/4"}],"replies":[{"embeddable":true,"href":"https:\/\/opus-folyoirat.sk\/index.php?rest_route=%2Fwp%2Fv2%2Fcomments&post=3933"}],"version-history":[{"count":1,"href":"https:\/\/opus-folyoirat.sk\/index.php?rest_route=\/wp\/v2\/pages\/3933\/revisions"}],"predecessor-version":[{"id":3934,"href":"https:\/\/opus-folyoirat.sk\/index.php?rest_route=\/wp\/v2\/pages\/3933\/revisions\/3934"}],"wp:attachment":[{"href":"https:\/\/opus-folyoirat.sk\/index.php?rest_route=%2Fwp%2Fv2%2Fmedia&parent=3933"}],"curies":[{"name":"wp","href":"https:\/\/api.w.org\/{rel}","templated":true}]}}

A múlt sötét alagútja

<div class="has-text-align-right wp-block-post-date"><time datetime="2025-07-05T21:13:00+02:00">2025-07-05</time></div>


<p>Értelmiségiek csoportját kalauzolom kisvárosomban. Főiskolai tanárok. Lorántffy kúria – Várrom – Hősök tere a sorrend. A volt Katolikus Kör épülete mellett elhaladva megemlítem Mécs László nevét, aki több évig hirdette itt az igét.&nbsp;</p>



<p>— Márai a naplójában ripacsnak nevezte — említem meg anélkül, hogy bármiféle reakcióra számítanék. Már rég megvan erről a véleményem, nincs szükségem nézetütköztetésre, kommentálásra. Nincs is semmiféle reagálás. Csendben várják, hogy folytassam a város történelmének ismertetését.&nbsp; Így nem mesélem el, hogy az elegánsan lelépő kibic Márai nyilván éppoly elfogult lehetett Méccsel szemben, mint Szabó Lőrincék, akik a papköltő előadását végigröhögték a pesti Zeneakadémia nagytermében, az áhítatos hallgatók megrökönyödésére.&nbsp;</p>



<p>Az én városomban olyan történetek keringtek Mécsről, mint aki az utolsót, még kabátját is odaadta a szegényeknek és elképzelhetetlennek tűnt, hogy bárki is kiröhögje őt szavalás közben. Minderről tehát említést sem teszek. Nem vagyok a védője…</p>



<p>Tovább indulunk a térről, vár a vacsora. Az utánam ballagó társaság sorai közül ezt hallom: — … és akkor Popper azt mondta nekem …&nbsp;</p>



<p>Mintha a múlt sötét alagútjából Szabóék röhögése visszhangzana a Mécs László emléktábla környékén…</p>



<p></p>



<p class="has-text-align-right"><em>Hogya György</em></p>

<p>Értelmiségiek csoportját kalauzolom kisvárosomban. Főiskolai tanárok. Lorántffy kúria – Várrom – Hősök tere a sorrend. A volt Katolikus Kör épülete mellett elhaladva megemlítem Mécs László nevét, aki több évig hirdette itt az igét.&nbsp; — Márai a naplójában ripacsnak nevezte — &hellip; <a href="https://opus-folyoirat.sk/?page_id=3933">Egy kattintás ide a folytatáshoz&#8230;. <span class="meta-nav">&rarr;</span></a></p>
