{"id":3953,"date":"2025-11-12T11:34:00","date_gmt":"2025-11-12T09:34:00","guid":{"rendered":"https:\/\/opus-folyoirat.sk\/?page_id=3953"},"modified":"2026-01-14T21:35:33","modified_gmt":"2026-01-14T19:35:33","slug":"t-a-hires-kolto","status":"publish","type":"page","link":"https:\/\/opus-folyoirat.sk\/?page_id=3953","title":{"rendered":"T. a h\u00edres k\u00f6lt\u0151"},"content":{"rendered":"<div class=\"has-text-align-right wp-block-post-date\"><time datetime=\"2025-11-12T11:34:00+02:00\">2025-11-12<\/time><\/div>\n\n\n<p>T. a h\u00edres k\u00f6lt\u0151 mondta neki egy bar\u00e1ti besz\u00e9lget\u00e9s\u00fck alkalm\u00e1val: \u201eA napi penzumnak meg kell lenni.\u201d (Nulla dies sina lines \u2014 mondotta volt Apell\u00e9sz, legal\u00e1bbis Plinius szerint.) \u0150 akkor mormogott valamit az orra alatt, hogy ha te tudn\u00e1d, nekem mennyi dolgom van, mi mindent kell elint\u00e9znem\u2026!&nbsp;<\/p>\n\n\n\n<p>\u00c1lland\u00f3an id\u0151hi\u00e1nnyal k\u00fczd\u00f6tt. Mindig szerette volna, ha nem lenne m\u00e1s dolga \u00e9s csak az \u00edr\u00e1snak szentelhetn\u00e9 az idej\u00e9t. De ez hihetetlennek t\u0171nt. Azt\u00e1n olyan hirtelen j\u00f6tt minden, mintha megrendelte volna: egyik napr\u00f3l a m\u00e1sikra elv\u00e1lt, munkan\u00e9lk\u00fcli lett \u00e9s nem tudta hol lehajtani a fej\u00e9t. Ez is olyan hihetetlennek t\u0171nt. Az \u00e9let dikt\u00e1lta helyzet olyannyira reg\u00e9nyszer\u0171re sikeredett, hogy m\u00e9g az \u00edr\u00f3t is megt\u00e9vesztette\u2026<\/p>\n\n\n\n<p>\u00c9s persze m\u00e9g mindig nem \u00e9rtett semmit.&nbsp;<\/p>\n\n\n\n<p>Ekkor az \u00f6reg k\u00ednai tan\u00e1cs\u00e1ra hallgatott, akit soha nem l\u00e1tott, csak poros \u00edr\u00e1sait ismerte. Az egyikben ez \u00e1llt: Ha k\u00e9t lehet\u0151s\u00e9ged van, \u00e9s az egyik a hal\u00e1l, ne azt v\u00e1laszd!<\/p>\n\n\n\n<p>Ezt \u0151 kompromisszumnak ford\u00edtotta, teh\u00e1t az adott pillanatot, \u00e9let\u00e9nek v\u00e1laszt\u00f3vonal\u00e1t hat\u00e1r\u00e9rt\u00e9kk\u00e9nt kezelte: nem lehet eld\u00f6nteni mennyire val\u00f3s, illetve nem val\u00f3s az \u00e9let dikt\u00e1lta helyzet. Mennyire re\u00e1lis a hal\u00e1l k\u00f6zels\u00e9ge, mennyire csak l\u00e1tszat&#8230;&nbsp;<\/p>\n\n\n\n<p>A kompromisszum kell\u0151 indokl\u00e1ssal megk\u00f6ttetett.<\/p>\n\n\n\n<p>L\u00e1bra \u00e1llt \u00e9s \u00edrhatott.&nbsp;<\/p>\n\n\n\n<p>Senki, egyetlen kiad\u00f3 nem adta ki m\u0171veit.&nbsp;<\/p>\n\n\n\n<p>Ekkor m\u00e1r kezdett oszlani a hom\u00e1ly \u00e9s kezdett tiszt\u00e1bban l\u00e1tni. L\u00e1tta, hogy a k\u00e9p hamis, csak festett hal\u00e1lt, festett gy\u00fcm\u00f6lcs\u00f6t l\u00e1tott&#8230;&nbsp;<\/p>\n\n\n\n<p>\u00dagy d\u00f6nt\u00f6tt, meg\u00edrt m\u0171veit csak akkor teszi fi\u00f3kj\u00e1ba, ha \u0151 maga is meg lesz vel\u00fck el\u00e9gedve.&nbsp;<\/p>\n\n\n\n<p>A fi\u00f3k az\u00f3ta is \u00fcres\u2026 de Apell\u00e9sz m\u00e1r keveri a fest\u00e9ket\u2026<\/p>\n\n\n\n<p><\/p>\n\n\n\n<p class=\"has-text-align-right\"><em>Hogya Gy\u00f6rgy<\/em><\/p>\n","protected":false},"excerpt":{"rendered":"<p>T. a h\u00edres k\u00f6lt\u0151 mondta neki egy bar\u00e1ti besz\u00e9lget\u00e9s\u00fck alkalm\u00e1val: \u201eA napi penzumnak meg kell lenni.\u201d (Nulla dies sina lines \u2014 mondotta volt Apell\u00e9sz, legal\u00e1bbis Plinius szerint.) \u0150 akkor mormogott valamit az orra alatt, hogy ha te tudn\u00e1d, nekem mennyi &hellip; <a href=\"https:\/\/opus-folyoirat.sk\/?page_id=3953\">Egy kattint\u00e1s ide a folytat\u00e1shoz&#8230;. <span class=\"meta-nav\">&rarr;<\/span><\/a><\/p>\n","protected":false},"author":4,"featured_media":0,"parent":0,"menu_order":0,"comment_status":"closed","ping_status":"closed","template":"","meta":{"footnotes":""},"class_list":["post-3953","page","type-page","status-publish","hentry"],"_links":{"self":[{"href":"https:\/\/opus-folyoirat.sk\/index.php?rest_route=\/wp\/v2\/pages\/3953","targetHints":{"allow":["GET"]}}],"collection":[{"href":"https:\/\/opus-folyoirat.sk\/index.php?rest_route=\/wp\/v2\/pages"}],"about":[{"href":"https:\/\/opus-folyoirat.sk\/index.php?rest_route=\/wp\/v2\/types\/page"}],"author":[{"embeddable":true,"href":"https:\/\/opus-folyoirat.sk\/index.php?rest_route=\/wp\/v2\/users\/4"}],"replies":[{"embeddable":true,"href":"https:\/\/opus-folyoirat.sk\/index.php?rest_route=%2Fwp%2Fv2%2Fcomments&post=3953"}],"version-history":[{"count":1,"href":"https:\/\/opus-folyoirat.sk\/index.php?rest_route=\/wp\/v2\/pages\/3953\/revisions"}],"predecessor-version":[{"id":3955,"href":"https:\/\/opus-folyoirat.sk\/index.php?rest_route=\/wp\/v2\/pages\/3953\/revisions\/3955"}],"wp:attachment":[{"href":"https:\/\/opus-folyoirat.sk\/index.php?rest_route=%2Fwp%2Fv2%2Fmedia&parent=3953"}],"curies":[{"name":"wp","href":"https:\/\/api.w.org\/{rel}","templated":true}]}}