{"id":3957,"date":"2025-12-09T09:37:00","date_gmt":"2025-12-09T07:37:00","guid":{"rendered":"https:\/\/opus-folyoirat.sk\/?page_id=3957"},"modified":"2026-01-14T21:38:20","modified_gmt":"2026-01-14T19:38:20","slug":"nem-vallalt-valosagunk","status":"publish","type":"page","link":"https:\/\/opus-folyoirat.sk\/?page_id=3957","title":{"rendered":"Nem v\u00e1llalt val\u00f3s\u00e1gunk"},"content":{"rendered":"<div class=\"has-text-align-right wp-block-post-date\"><time datetime=\"2025-12-09T09:37:00+02:00\">2025-12-09<\/time><\/div>\n\n\n<p>Duchamp \u2014 l\u00e9pcs\u0151n lefel\u00e9 l\u00e9peget\u0151 aktja<\/p>\n\n\n\n<p>Egy ideig ott d\u00edszelgett a sz\u00e1m\u00edt\u00f3g\u00e9pemen, mint h\u00e1tt\u00e9rk\u00e9p. Teh\u00e1t el\u00e9gszer l\u00e1ttam.<\/p>\n\n\n\n<p>Az ember nem is gondoln\u00e1, hogy meztelen n\u0151r\u0151l van sz\u00f3&#8230; ink\u00e1bb egy n\u0151 f\u0171z\u0151be k\u00e9nyszer\u00edtett teste sejlik ki a darabokra t\u00f6rt mozg\u00e1sb\u00f3l.<\/p>\n\n\n\n<p>Ennek az aktnak az \u0151szintes\u00e9ge provok\u00e1l. a visszavonhatatlant sugallja. \u00e9s a t\u00f6red\u00e9kk\u00e9 hasad\u00f3 \u0151szintes\u00e9get, amelyet m\u00e1r \u00e9ppen t\u00f6redezetts\u00e9ge miatt k\u00e9ptelens\u00e9g felismerni. \u00fagy v\u00e1llalja \u00e9s mutatja meg a meztelens\u00e9g\u00e9t, mik\u00e9nt a mai ember a val\u00f3s\u00e1got: felismerhetetlen\u00fcl.<\/p>\n\n\n\n<p>Duchamp lefel\u00e9 halad\u00f3 aktja az ember nem v\u00e1llalt val\u00f3s\u00e1ga.<\/p>\n\n\n\n<p>Mik\u00f6zben n\u00e9zem, magamat is l\u00e1tni v\u00e9lem, amint k\u00edv\u00e1ncsian b\u00e1mulom a k\u00e9p titokzatoss\u00e1 v\u00e1lt \u00fczenet\u00e9t. S k\u00f6zben arra gondolok: Meztelen\u00fcl l\u00e1tni magamat, testi szellemi mivoltomban, az \u00e9n koromban m\u00e1r nem a legrosszabb \u00e9s legsz\u00e9gyenteljesebb, amit magamb\u00f3l mutathatok. az \u00e9n t\u00f6redezetts\u00e9gem is felismerhetetlenn\u00e9 teszi saj\u00e1t b\u0171neimet.<\/p>\n\n\n\n<p>\u201eA m\u0171v\u00e9szet olyan k\u00e9nyszerekb\u0151l mer\u00edti \u00e9let\u00e9t, amelyeket maga r\u00f3 mag\u00e1ra&#8230; a m\u00e1sok k\u00e9nyszer\u00e9t\u0151l meghal\u201d \u2014 mondja Sartre. Igaza van: ha m\u00e1s k\u00e9nyszer\u00e9re kellene meztelen\u00fcl mutatnom a lelkemet, meghaln\u00e9k&#8230;<\/p>\n\n\n\n<p class=\"has-text-align-right\"><em>Hogya Gy\u00f6rgy<\/em><\/p>\n","protected":false},"excerpt":{"rendered":"<p>Duchamp \u2014 l\u00e9pcs\u0151n lefel\u00e9 l\u00e9peget\u0151 aktja Egy ideig ott d\u00edszelgett a sz\u00e1m\u00edt\u00f3g\u00e9pemen, mint h\u00e1tt\u00e9rk\u00e9p. Teh\u00e1t el\u00e9gszer l\u00e1ttam. Az ember nem is gondoln\u00e1, hogy meztelen n\u0151r\u0151l van sz\u00f3&#8230; ink\u00e1bb egy n\u0151 f\u0171z\u0151be k\u00e9nyszer\u00edtett teste sejlik ki a darabokra t\u00f6rt mozg\u00e1sb\u00f3l. Ennek &hellip; <a href=\"https:\/\/opus-folyoirat.sk\/?page_id=3957\">Egy kattint\u00e1s ide a folytat\u00e1shoz&#8230;. <span class=\"meta-nav\">&rarr;<\/span><\/a><\/p>\n","protected":false},"author":4,"featured_media":0,"parent":0,"menu_order":0,"comment_status":"closed","ping_status":"closed","template":"","meta":{"footnotes":""},"class_list":["post-3957","page","type-page","status-publish","hentry"],"_links":{"self":[{"href":"https:\/\/opus-folyoirat.sk\/index.php?rest_route=\/wp\/v2\/pages\/3957","targetHints":{"allow":["GET"]}}],"collection":[{"href":"https:\/\/opus-folyoirat.sk\/index.php?rest_route=\/wp\/v2\/pages"}],"about":[{"href":"https:\/\/opus-folyoirat.sk\/index.php?rest_route=\/wp\/v2\/types\/page"}],"author":[{"embeddable":true,"href":"https:\/\/opus-folyoirat.sk\/index.php?rest_route=\/wp\/v2\/users\/4"}],"replies":[{"embeddable":true,"href":"https:\/\/opus-folyoirat.sk\/index.php?rest_route=%2Fwp%2Fv2%2Fcomments&post=3957"}],"version-history":[{"count":1,"href":"https:\/\/opus-folyoirat.sk\/index.php?rest_route=\/wp\/v2\/pages\/3957\/revisions"}],"predecessor-version":[{"id":3959,"href":"https:\/\/opus-folyoirat.sk\/index.php?rest_route=\/wp\/v2\/pages\/3957\/revisions\/3959"}],"wp:attachment":[{"href":"https:\/\/opus-folyoirat.sk\/index.php?rest_route=%2Fwp%2Fv2%2Fmedia&parent=3957"}],"curies":[{"name":"wp","href":"https:\/\/api.w.org\/{rel}","templated":true}]}}

Nem vállalt valóságunk

<div class="has-text-align-right wp-block-post-date"><time datetime="2025-12-09T09:37:00+02:00">2025-12-09</time></div>


<p>Duchamp — lépcsőn lefelé lépegető aktja</p>



<p>Egy ideig ott díszelgett a számítógépemen, mint háttérkép. Tehát elégszer láttam.</p>



<p>Az ember nem is gondolná, hogy meztelen nőről van szó&#8230; inkább egy nő fűzőbe kényszerített teste sejlik ki a darabokra tört mozgásból.</p>



<p>Ennek az aktnak az őszintesége provokál. a visszavonhatatlant sugallja. és a töredékké hasadó őszinteséget, amelyet már éppen töredezettsége miatt képtelenség felismerni. úgy vállalja és mutatja meg a meztelenségét, miként a mai ember a valóságot: felismerhetetlenül.</p>



<p>Duchamp lefelé haladó aktja az ember nem vállalt valósága.</p>



<p>Miközben nézem, magamat is látni vélem, amint kíváncsian bámulom a kép titokzatossá vált üzenetét. S közben arra gondolok: Meztelenül látni magamat, testi szellemi mivoltomban, az én koromban már nem a legrosszabb és legszégyenteljesebb, amit magamból mutathatok. az én töredezettségem is felismerhetetlenné teszi saját bűneimet.</p>



<p>„A művészet olyan kényszerekből meríti életét, amelyeket maga ró magára&#8230; a mások kényszerétől meghal” — mondja Sartre. Igaza van: ha más kényszerére kellene meztelenül mutatnom a lelkemet, meghalnék&#8230;</p>



<p class="has-text-align-right"><em>Hogya György</em></p>

<p>Duchamp — lépcsőn lefelé lépegető aktja Egy ideig ott díszelgett a számítógépemen, mint háttérkép. Tehát elégszer láttam. Az ember nem is gondolná, hogy meztelen nőről van szó&#8230; inkább egy nő fűzőbe kényszerített teste sejlik ki a darabokra tört mozgásból. Ennek &hellip; <a href="https://opus-folyoirat.sk/?page_id=3957">Egy kattintás ide a folytatáshoz&#8230;. <span class="meta-nav">&rarr;</span></a></p>
